{"id":422,"date":"2021-03-25T11:03:26","date_gmt":"2021-03-25T10:03:26","guid":{"rendered":"https:\/\/wordpress.kulturtanken.app\/vestland\/?page_id=422"},"modified":"2022-12-28T10:32:50","modified_gmt":"2022-12-28T09:32:50","slug":"om-dks","status":"publish","type":"page","link":"https:\/\/www.denkulturelleskolesekken.no\/vestland\/om-dks\/","title":{"rendered":"Om DKS"},"content":{"rendered":"\n<div class=\"wp-block-image\"><figure class=\"alignright size-large is-resized\"><img loading=\"lazy\" decoding=\"async\" src=\"https:\/\/cdn.denkulturelleskolesekken.no\/vestland\/3925aac2-nn_dks_negativ_farget-staende_logo_cmyk_26-3.jpg\" alt=\"\" class=\"wp-image-447\" width=\"89\" height=\"93\"\/><\/figure><\/div>\n\n\n\n<p class=\"has-medium-font-size\"><strong>Den kulturelle skulesekken<\/strong>&nbsp;<strong>er ei nasjonal satsing som skal bidra til at alle skuleelever i Noreg f\u00e5r m\u00f8te profesjonell kunst og kultur av alle slag. <\/strong><\/p>\n\n\n\n<p>Den kulturelle skulesekken er eit samarbeidsprosjekt mellom Kulturdepartementet og Kunnskapsdepartementet. <\/p>\n\n\n\n<div class=\"wp-block-image\"><figure class=\"alignright size-large is-resized\"><img loading=\"lazy\" decoding=\"async\" src=\"https:\/\/cdn.denkulturelleskolesekken.no\/vestland\/0e46ab05-vestland-fylkeskommune_rgb.jpg\" alt=\"\" class=\"wp-image-451\" width=\"349\" height=\"93\"\/><\/figure><\/div>\n\n\n\n<p>I Vestland er det fylkekommunen som administrerer&nbsp;ordninga.<\/p>\n\n\n\n<p><\/p>\n\n\n\n<p><strong>Den kulturelle skulesekken skal: <\/strong><\/p>\n\n\n\n<p>\u2022 v\u00e6re eit gratis tilbud for alle barn og unge i grunnskulen og videreg\u00e5ende skule og skal tilbydast jevnlig<br>\u2022 sikre at barn og unge f\u00e5r eit likeverdig og profesjonelt kunst- og kulturtilbod av h\u00f8y kvalitet, uavhengig av kvar dei bur, slik at dei kan gjere seg kjent med og utvikle forst\u00e5ing for eit variert spekter av kulturuttrykk<br>\u2022 bidra til barn og unge si danning og utdanning, slik dette er formulert i overordna del og l\u00e6replaner i fag<br>\u2022 formidle eit kulturtilbod som blir opplevd som relevant, og som representerer eit kulturelt mangfold av tilbod og ut\u00f8varar<br>\u2022 v\u00e6re eit samarbeid mellom kultursektoren og utdanningssektoren p\u00e5 alle niv\u00e5 for \u00e5 sikre god planlegging, forankring og tilrettelegging<br>\u2022 bidra til \u00e5 styrke norsk spr\u00e5k, dei samiske spr\u00e5ka, dei nasjonale minoritetsspr\u00e5ka og norsk tegnspr\u00e5k som grunnleggande kulturb\u00e6rara<br>\u2022 bidra til \u00e5 formidle kunst- og kulturtilbud til barnehagebarn<\/p>\n\n\n\n<p><\/p>\n\n\n\n<figure class=\"wp-block-pullquote\"><blockquote><p>DKS skal sikre at barn og unge f\u00e5r et likeverdig og profesjonelt kunst- og kulturtilbod av h\u00f8g kvalitet, uavhengig av kvar dei bur, slik at dei kan gjere seg kjent med og utvikle forst\u00e5ing for et variert spekter av kulturuttrykk<\/p><\/blockquote><\/figure>\n\n\n\n<p><strong>Den kulturelle skulesekken skal utformast og uavlateleg vurderast ut fr\u00e5 eit sett med prinsipp for ordninga:<\/strong><\/p>\n\n\n\n<p><strong>Varig ordning:<\/strong>&nbsp;Den kulturelle skulesekken skal vere ei varig ordning for elevar i skulen.<\/p>\n\n\n\n<p><strong>For alle elevar:&nbsp;<\/strong>Den kulturelle skulesekken skal femne om alle elevar i grunnskulen og den vidareg\u00e5ande oppl\u00e6ringa, uavhengig av kva skule dei g\u00e5r p\u00e5 og kva \u00f8konomisk, sosial, etnisk og religi\u00f8s bakgrunn dei har.<\/p>\n\n\n\n<p><strong>Realisere m\u00e5l i l\u00e6replanverket:<\/strong>&nbsp;Innhaldet i kunst- og kulturtilboda i Den kulturelle skulesekken skal medverke til \u00e5 realisere skulen sine m\u00e5l slik dei kjem til uttrykk i den generelle delen i l\u00e6replanverket og i dei ulike l\u00e6replanane.<\/p>\n\n\n\n<p><strong>H\u00f8g kvalitet:&nbsp;<\/strong>Elevane skal m\u00f8te profesjonelle kunst- og kulturtilbod med h\u00f8g kunstnarleg kvalitet.<\/p>\n\n\n\n<p><strong>Kulturelt mangfald:<\/strong>&nbsp;Den kulturelle skulesekken skal omfatte ulike kunst- og kulturuttrykk med r\u00f8ter i eit mangfald av kulturar og fr\u00e5 ulike tidsperiodar.<\/p>\n\n\n\n<p><strong>Breidde:<\/strong>&nbsp;B\u00e5de musikk, scenekunst, visuell kunst, film, litteratur og kulturarv skal vere representerte i Den kulturelle skulesekken. Det skal vere variasjon i formidlingsm\u00e5tane.<\/p>\n\n\n\n<p><strong>Regularitet:<\/strong>&nbsp;Elevane skal sikrast eit regelmessig tilbod p\u00e5 alle klassetrinn.<\/p>\n\n\n\n<p><strong>Samarbeid kultur\u2013skule:<\/strong>&nbsp;Arbeidet med Den kulturelle skulesekken skal skje i eit godt samarbeid mellom kultur- og oppl\u00e6ringssektoren p\u00e5 alle niv\u00e5. Det skal sikrast god forankring og tid til planlegging i skulen.<\/p>\n\n\n\n<p><strong>Rollefordeling kultur\u2013skule:<\/strong>&nbsp;Oppl\u00e6ringssektoren har ansvaret for \u00e5 leggje f\u00f8re- og etterarbeid pedagogisk til rette for elevane, medan kultursektoren har ansvaret for kulturinnhaldet i Den kulturelle skulesekken og for \u00e5 informere om innhaldet i god tid.<\/p>\n\n\n\n<p><strong>Lokal forankring og eigarskap:<\/strong>&nbsp;Den kulturelle skulesekken m\u00e5 forankrast lokalt, i den enkelte skulen, kommunen og fylket. Dette sikrar lokal entusiasme og gjev rom for mange lokale variantar, slik at alle skal kunne kjenne eigarskap til Den kulturelle skulesekken.<\/p>\n\n\n\n<p><\/p>\n\n\n\n<p class=\"has-medium-font-size\"><strong>Sentrale stortingsmeldingar<\/strong><\/p>\n\n\n\n<p>To sentrale storingsmeldingar legg f\u00f8ringar for arbeidet med og i Den kulturelle skulesekken. <\/p>\n\n\n\n<ul class=\"wp-block-list\"><li><strong>Stortingsmelding nr 8. 2007-2008 &#8220;Kulturell skulesekk for framtida&#8221;.<\/strong><\/li><\/ul>\n\n\n\n<p><\/p>\n\n\n\n<div class=\"wp-block-image\"><figure class=\"aligncenter is-resized\"><img loading=\"lazy\" decoding=\"async\" src=\"https:\/\/cdn.denkulturelleskolesekken.no\/vestland\/2020\/08\/b61968b3-st-meld.jpg\" alt=\"Dette bildet mangler alt-tekst; dets filnavn er b61968b3-st-meld.jpg\" width=\"167\" height=\"239\"\/><\/figure><\/div>\n\n\n\n<div class=\"wp-block-file\"><a id=\"wp-block-file--media-1df90117-0dad-4083-92f5-fb031f574ca5\" href=\"https:\/\/cdn.denkulturelleskolesekken.no\/vestland\/7790c361-st_meld_nr_8.pdf\">Stortingsmeldning nr_8 2007-2008 &#8220;Kulturell skulesekk for framtida&#8221; (pdf)<\/a><a href=\"https:\/\/cdn.denkulturelleskolesekken.no\/vestland\/7790c361-st_meld_nr_8.pdf\" class=\"wp-block-file__button\" download aria-describedby=\"wp-block-file--media-1df90117-0dad-4083-92f5-fb031f574ca5\">Last ned<\/a><\/div>\n\n\n\n<p><\/p>\n\n\n\n<ul class=\"wp-block-list\"><li><strong>Stortingsmelding nr 18 (2020-2021) &#8220;Oppleve, skape, dele &#8211; Kunst og kultur for, med og av barn og unge&#8221;.<\/strong><\/li><\/ul>\n\n\n\n<div class=\"wp-block-image\"><figure class=\"aligncenter is-resized\"><img loading=\"lazy\" decoding=\"async\" src=\"https:\/\/cdn.denkulturelleskolesekken.no\/vestland\/fc8b6355-stortingsmelding.jpg\" alt=\"Dette bildet mangler alt-tekst; dets filnavn er fc8b6355-stortingsmelding.jpg\" width=\"151\" height=\"215\"\/><\/figure><\/div>\n\n\n\n<div class=\"wp-block-file\"><a id=\"wp-block-file--media-cc1c74d4-5975-4357-b7a5-7b798961de43\" href=\"https:\/\/cdn.denkulturelleskolesekken.no\/vestland\/b114edb5-stortingsmelding-nr-18.pdf\">Stoertingsmlding nr 18 (2020-2021) &#8220;Oppleve, skape, dele &#8211; Kunst og kultur for, med og av barn og unge&#8221; (pdf)<\/a><a href=\"https:\/\/cdn.denkulturelleskolesekken.no\/vestland\/b114edb5-stortingsmelding-nr-18.pdf\" class=\"wp-block-file__button\" download aria-describedby=\"wp-block-file--media-cc1c74d4-5975-4357-b7a5-7b798961de43\">Last ned<\/a><\/div>\n\n\n\n<p><\/p>\n","protected":false},"excerpt":{"rendered":"<p>Den kulturelle skulesekken&nbsp;er ei nasjonal satsing som skal bidra til at alle skuleelever i Noreg f\u00e5r m\u00f8te profesjonell kunst og kultur av alle slag. Den kulturelle skulesekken er eit samarbeidsprosjekt mellom Kulturdepartementet og Kunnskapsdepartementet. I Vestland er det fylkekommunen som administrerer&nbsp;ordninga. Den kulturelle skulesekken skal: \u2022 v\u00e6re eit gratis tilbud for alle barn og unge [&hellip;]<\/p>\n","protected":false},"author":6,"featured_media":0,"parent":0,"menu_order":0,"comment_status":"closed","ping_status":"closed","template":"","meta":{"footnotes":""},"class_list":["post-422","page","type-page","status-publish","hentry"],"_links":{"self":[{"href":"https:\/\/www.denkulturelleskolesekken.no\/vestland\/wp-json\/wp\/v2\/pages\/422","targetHints":{"allow":["GET"]}}],"collection":[{"href":"https:\/\/www.denkulturelleskolesekken.no\/vestland\/wp-json\/wp\/v2\/pages"}],"about":[{"href":"https:\/\/www.denkulturelleskolesekken.no\/vestland\/wp-json\/wp\/v2\/types\/page"}],"author":[{"embeddable":true,"href":"https:\/\/www.denkulturelleskolesekken.no\/vestland\/wp-json\/wp\/v2\/users\/6"}],"replies":[{"embeddable":true,"href":"https:\/\/www.denkulturelleskolesekken.no\/vestland\/wp-json\/wp\/v2\/comments?post=422"}],"version-history":[{"count":38,"href":"https:\/\/www.denkulturelleskolesekken.no\/vestland\/wp-json\/wp\/v2\/pages\/422\/revisions"}],"predecessor-version":[{"id":1460,"href":"https:\/\/www.denkulturelleskolesekken.no\/vestland\/wp-json\/wp\/v2\/pages\/422\/revisions\/1460"}],"wp:attachment":[{"href":"https:\/\/www.denkulturelleskolesekken.no\/vestland\/wp-json\/wp\/v2\/media?parent=422"}],"curies":[{"name":"wp","href":"https:\/\/api.w.org\/{rel}","templated":true}]}}

<div class="wp-block-image"><figure class="alignright size-large is-resized"><img loading="lazy" decoding="async" src="https://cdn.denkulturelleskolesekken.no/vestland/3925aac2-nn_dks_negativ_farget-staende_logo_cmyk_26-3.jpg" alt="" class="wp-image-447" width="89" height="93"/></figure></div>



<p class="has-medium-font-size"><strong>Den kulturelle skulesekken</strong>&nbsp;<strong>er ei nasjonal satsing som skal bidra til at alle skuleelever i Noreg får møte profesjonell kunst og kultur av alle slag. </strong></p>



<p>Den kulturelle skulesekken er eit samarbeidsprosjekt mellom Kulturdepartementet og Kunnskapsdepartementet. </p>



<div class="wp-block-image"><figure class="alignright size-large is-resized"><img loading="lazy" decoding="async" src="https://cdn.denkulturelleskolesekken.no/vestland/0e46ab05-vestland-fylkeskommune_rgb.jpg" alt="" class="wp-image-451" width="349" height="93"/></figure></div>



<p>I Vestland er det fylkekommunen som administrerer&nbsp;ordninga.</p>



<p></p>



<p><strong>Den kulturelle skulesekken skal: </strong></p>



<p>• være eit gratis tilbud for alle barn og unge i grunnskulen og videregående skule og skal tilbydast jevnlig<br>• sikre at barn og unge får eit likeverdig og profesjonelt kunst- og kulturtilbod av høy kvalitet, uavhengig av kvar dei bur, slik at dei kan gjere seg kjent med og utvikle forståing for eit variert spekter av kulturuttrykk<br>• bidra til barn og unge si danning og utdanning, slik dette er formulert i overordna del og læreplaner i fag<br>• formidle eit kulturtilbod som blir opplevd som relevant, og som representerer eit kulturelt mangfold av tilbod og utøvarar<br>• være eit samarbeid mellom kultursektoren og utdanningssektoren på alle nivå for å sikre god planlegging, forankring og tilrettelegging<br>• bidra til å styrke norsk språk, dei samiske språka, dei nasjonale minoritetsspråka og norsk tegnspråk som grunnleggande kulturbærara<br>• bidra til å formidle kunst- og kulturtilbud til barnehagebarn</p>



<p></p>



<figure class="wp-block-pullquote"><blockquote><p>DKS skal sikre at barn og unge får et likeverdig og profesjonelt kunst- og kulturtilbod av høg kvalitet, uavhengig av kvar dei bur, slik at dei kan gjere seg kjent med og utvikle forståing for et variert spekter av kulturuttrykk</p></blockquote></figure>



<p><strong>Den kulturelle skulesekken skal utformast og uavlateleg vurderast ut frå eit sett med prinsipp for ordninga:</strong></p>



<p><strong>Varig ordning:</strong>&nbsp;Den kulturelle skulesekken skal vere ei varig ordning for elevar i skulen.</p>



<p><strong>For alle elevar:&nbsp;</strong>Den kulturelle skulesekken skal femne om alle elevar i grunnskulen og den vidaregåande opplæringa, uavhengig av kva skule dei går på og kva økonomisk, sosial, etnisk og religiøs bakgrunn dei har.</p>



<p><strong>Realisere mål i læreplanverket:</strong>&nbsp;Innhaldet i kunst- og kulturtilboda i Den kulturelle skulesekken skal medverke til å realisere skulen sine mål slik dei kjem til uttrykk i den generelle delen i læreplanverket og i dei ulike læreplanane.</p>



<p><strong>Høg kvalitet:&nbsp;</strong>Elevane skal møte profesjonelle kunst- og kulturtilbod med høg kunstnarleg kvalitet.</p>



<p><strong>Kulturelt mangfald:</strong>&nbsp;Den kulturelle skulesekken skal omfatte ulike kunst- og kulturuttrykk med røter i eit mangfald av kulturar og frå ulike tidsperiodar.</p>



<p><strong>Breidde:</strong>&nbsp;Både musikk, scenekunst, visuell kunst, film, litteratur og kulturarv skal vere representerte i Den kulturelle skulesekken. Det skal vere variasjon i formidlingsmåtane.</p>



<p><strong>Regularitet:</strong>&nbsp;Elevane skal sikrast eit regelmessig tilbod på alle klassetrinn.</p>



<p><strong>Samarbeid kultur–skule:</strong>&nbsp;Arbeidet med Den kulturelle skulesekken skal skje i eit godt samarbeid mellom kultur- og opplæringssektoren på alle nivå. Det skal sikrast god forankring og tid til planlegging i skulen.</p>



<p><strong>Rollefordeling kultur–skule:</strong>&nbsp;Opplæringssektoren har ansvaret for å leggje føre- og etterarbeid pedagogisk til rette for elevane, medan kultursektoren har ansvaret for kulturinnhaldet i Den kulturelle skulesekken og for å informere om innhaldet i god tid.</p>



<p><strong>Lokal forankring og eigarskap:</strong>&nbsp;Den kulturelle skulesekken må forankrast lokalt, i den enkelte skulen, kommunen og fylket. Dette sikrar lokal entusiasme og gjev rom for mange lokale variantar, slik at alle skal kunne kjenne eigarskap til Den kulturelle skulesekken.</p>



<p></p>



<p class="has-medium-font-size"><strong>Sentrale stortingsmeldingar</strong></p>



<p>To sentrale storingsmeldingar legg føringar for arbeidet med og i Den kulturelle skulesekken. </p>



<ul class="wp-block-list"><li><strong>Stortingsmelding nr 8. 2007-2008 &#8220;Kulturell skulesekk for framtida&#8221;.</strong></li></ul>



<p></p>



<div class="wp-block-image"><figure class="aligncenter is-resized"><img loading="lazy" decoding="async" src="https://cdn.denkulturelleskolesekken.no/vestland/2020/08/b61968b3-st-meld.jpg" alt="Dette bildet mangler alt-tekst; dets filnavn er b61968b3-st-meld.jpg" width="167" height="239"/></figure></div>



<div class="wp-block-file"><a id="wp-block-file--media-1df90117-0dad-4083-92f5-fb031f574ca5" href="https://cdn.denkulturelleskolesekken.no/vestland/7790c361-st_meld_nr_8.pdf">Stortingsmeldning nr_8 2007-2008 &#8220;Kulturell skulesekk for framtida&#8221; (pdf)</a><a href="https://cdn.denkulturelleskolesekken.no/vestland/7790c361-st_meld_nr_8.pdf" class="wp-block-file__button" download aria-describedby="wp-block-file--media-1df90117-0dad-4083-92f5-fb031f574ca5">Last ned</a></div>



<p></p>



<ul class="wp-block-list"><li><strong>Stortingsmelding nr 18 (2020-2021) &#8220;Oppleve, skape, dele &#8211; Kunst og kultur for, med og av barn og unge&#8221;.</strong></li></ul>



<div class="wp-block-image"><figure class="aligncenter is-resized"><img loading="lazy" decoding="async" src="https://cdn.denkulturelleskolesekken.no/vestland/fc8b6355-stortingsmelding.jpg" alt="Dette bildet mangler alt-tekst; dets filnavn er fc8b6355-stortingsmelding.jpg" width="151" height="215"/></figure></div>



<div class="wp-block-file"><a id="wp-block-file--media-cc1c74d4-5975-4357-b7a5-7b798961de43" href="https://cdn.denkulturelleskolesekken.no/vestland/b114edb5-stortingsmelding-nr-18.pdf">Stoertingsmlding nr 18 (2020-2021) &#8220;Oppleve, skape, dele &#8211; Kunst og kultur for, med og av barn og unge&#8221; (pdf)</a><a href="https://cdn.denkulturelleskolesekken.no/vestland/b114edb5-stortingsmelding-nr-18.pdf" class="wp-block-file__button" download aria-describedby="wp-block-file--media-cc1c74d4-5975-4357-b7a5-7b798961de43">Last ned</a></div>



<p></p>

<p>Den kulturelle skulesekken&nbsp;er ei nasjonal satsing som skal bidra til at alle skuleelever i Noreg får møte profesjonell kunst og kultur av alle slag. Den kulturelle skulesekken er eit samarbeidsprosjekt mellom Kulturdepartementet og Kunnskapsdepartementet. I Vestland er det fylkekommunen som administrerer&nbsp;ordninga. Den kulturelle skulesekken skal: • være eit gratis tilbud for alle barn og unge [&hellip;]</p>
