{"id":22,"date":"2019-11-06T13:08:57","date_gmt":"2019-11-06T12:08:57","guid":{"rendered":"https:\/\/vestland.kulturtanken.app\/?page_id=22"},"modified":"2022-07-26T09:31:57","modified_gmt":"2022-07-26T08:31:57","slug":"forside","status":"publish","type":"page","link":"https:\/\/www.denkulturelleskolesekken.no\/vestland\/","title":{"rendered":"Forside"},"content":{"rendered":"<div id=\"pl-gb22-69d35433961c2\"  class=\"panel-layout\" ><div id=\"pg-gb22-69d35433961c2-0\"  class=\"panel-grid panel-no-style\" ><div id=\"pgc-gb22-69d35433961c2-0-0\"  class=\"panel-grid-cell\" >            <section class=\"kt-headline-three-articles\">\n                <article class=\"kt-headline-article-main\" tabIndex=\"0\">\n                    <div class=\"kt-headline-article-image\" style=\"background-image: url(https:\/\/cdn.denkulturelleskolesekken.no\/vestland\/6eefa164-moremodig-lite-banner.jpg); background-position: center center\">\n                        <a href=https:\/\/www.denkulturelleskolesekken.no\/vestland\/utforsk-produksjoner-i-dks\/ ><\/a>\n                    <\/div>\n                                            <div class=\"kt-headline-article-card color-accent\">\n                         <div>\n                                                            <h1><a tabIndex=\"-1\" href=\"https:\/\/www.denkulturelleskolesekken.no\/vestland\/utforsk-produksjoner-i-dks\/\">Utforsk produksjonane v\u00e5re <\/a><\/h1>\n                                                    <\/div>\n                                            <\/div>\n                                    <\/article>\n                <article class=\"kt-headline-article-small\" tabIndex=\"0\">\n                <div class=\"kt-headline-article-image\" style=\"background-image: url(https:\/\/cdn.denkulturelleskolesekken.no\/vestland\/cd0c4693-buss.jpg); background-position: center center\">\n                    <a href=https:\/\/www.denkulturelleskolesekken.no\/vestland\/transportstonad\/ ><\/a>\n                <\/div>\n                                    <div class=\"kt-headline-article-card kulturuttrykk-visuell-kunst\">\n                    <div>\n                        <h2><a tabIndex=\"-1\" href=\"https:\/\/www.denkulturelleskolesekken.no\/vestland\/transportstonad\/\">Transportst\u00f8nad<\/a><\/h2>\n                        <\/div>\n                    <\/div>\n                                    <\/article>\n                <article class=\"kt-headline-article-small\"  tabIndex=\"0\">\n                <div class=\"kt-headline-article-image\" style=\"background-image: url(https:\/\/cdn.denkulturelleskolesekken.no\/vestland\/33d47787-ressursbase-toppbilder-1.jpg); background-position: center center\">\n                    <a href=https:\/\/www.denkulturelleskolesekken.no\/vestland\/borsjyre-om-dks-for-kulturkontakt\/ ><\/a>    \n                <\/div>\n                                        <div class=\"kt-headline-article-card color-primary\">\n                        <div>\n                            <h2><a tabIndex=\"-1\" href=\"https:\/\/www.denkulturelleskolesekken.no\/vestland\/borsjyre-om-dks-for-kulturkontakt\/\">Brosjyre om DKS for kulturkontakt<\/a><\/h2>\n                        <\/div>\n                    <\/div>\n                                    <\/article>\n            <\/section>\n        <\/div><\/div><div id=\"pg-gb22-69d35433961c2-1\"  class=\"panel-grid panel-no-style\" ><div id=\"pgc-gb22-69d35433961c2-1-0\"  class=\"panel-grid-cell panel-grid-cell-empty\" ><\/div><\/div><div id=\"pg-gb22-69d35433961c2-2\"  class=\"panel-grid panel-no-style\" ><div id=\"pgc-gb22-69d35433961c2-2-0\"  class=\"panel-grid-cell\" >\n        <section class=\"kt-sticky-posts\">\n            <div class=\"kt-indent-74\">\n                <div class=\"kt-section-header\">\n                    <h2>Aktuelt<\/h2>\n                    <p><\/p>\n                <\/div>\n                <div class=\"kt-sticky-posts-list\">\n                                            <div tabIndex=\"0\" class=\"kt-post\">\n                            <img decoding=\"async\" src=\"https:\/\/cdn.denkulturelleskolesekken.no\/vestland\/8495465a-uprisen-logo-1-rgb.png\" alt=\"Logoen for Uprisen, teksten er Uprisen \u00e5rets ungdomsbok. Uprisen i store bokstavar i svart, bl\u00e5tt, gult, rosa og oransje.\"\/>\n                            <div class=\"kt-post-bg \">\n                                <h3><a tabIndex=\"-1\" href=\"https:\/\/www.denkulturelleskolesekken.no\/vestland\/2026\/03\/27\/kritikarklassar-til-uprisen-3\/\">Kritikarklassar til Uprisen<\/a><\/h3>\n                                <i class=\"material-icons md-48\">arrow_forward_ios<\/i>\n                            <\/div>\n                        <\/div>\n                                            <div tabIndex=\"0\" class=\"kt-post\">\n                            <img decoding=\"async\" src=\"https:\/\/cdn.denkulturelleskolesekken.no\/vestland\/4b644b11-samarbeid-med-hogskulen-og-kulturtanken_2025_foto_erik-brandsborg_kulturtanken.jpg\" alt=\"F.v. Charlotte Espeland i Vestland fylkeskommune, Charlotte Blanche Myrvold i Kulturtanken, Anita Torsvik, Stine Ravn\u00e5 og Ane Malene S\u00e6verot, alle tre fr\u00e5 H\u00f8gskulen p\u00e5 Vestlandet. Alle ser i kameraet og smiler.\"\/>\n                            <div class=\"kt-post-bg \">\n                                <h3><a tabIndex=\"-1\" href=\"https:\/\/www.denkulturelleskolesekken.no\/vestland\/2025\/10\/27\/samarbeider-med-hogskulen-om-den-kulturelle-skulesekken\/\">Samarbeider med h\u00f8gskulen om Den kulturelle skulesekken<\/a><\/h3>\n                                <i class=\"material-icons md-48\">arrow_forward_ios<\/i>\n                            <\/div>\n                        <\/div>\n                                            <div tabIndex=\"0\" class=\"kt-post\">\n                            <img decoding=\"async\" src=\"https:\/\/cdn.denkulturelleskolesekken.no\/vestland\/b31c55ce-leselyststrategi-dokument-forside-2025.jpg\" alt=\"Bilete av forsida p\u00e5 Leselyststrategien &quot;Sammen om lesing 2024 - 2030&quot;. Framside med tekst og bilete av to barn som ser i ei barnebok.\"\/>\n                            <div class=\"kt-post-bg \">\n                                <h3><a tabIndex=\"-1\" href=\"https:\/\/www.denkulturelleskolesekken.no\/vestland\/2025\/06\/16\/utlysing-litteraturproduksjonar-til-mellomtrinnet-i-samband-med-leselyststrategien\/\">Utlysing \u2013 litteraturproduksjonar til mellomtrinnet i samband med Leselyststrategien &#8211; frist 30.06.25<\/a><\/h3>\n                                <i class=\"material-icons md-48\">arrow_forward_ios<\/i>\n                            <\/div>\n                        <\/div>\n                                            <div tabIndex=\"0\" class=\"kt-post\">\n                            <img decoding=\"async\" src=\"https:\/\/cdn.denkulturelleskolesekken.no\/vestland\/99e0126a-teaterfestivalen-2020_foto-davis-zadig.jpg\" alt=\"Bilde fr\u00e5 produksjonen &quot;We come from far away&quot; p\u00e5 Teaterfestivalen i Fjaler 2020. Foto David Zadig.\"\/>\n                            <div class=\"kt-post-bg \">\n                                <h3><a tabIndex=\"-1\" href=\"https:\/\/www.denkulturelleskolesekken.no\/vestland\/2025\/01\/08\/nytt-verktoy-for-tilbakemeldingar-fra-elevar\/\">Nytt verkt\u00f8y for tilbakemeldingar fr\u00e5 elevar<\/a><\/h3>\n                                <i class=\"material-icons md-48\">arrow_forward_ios<\/i>\n                            <\/div>\n                        <\/div>\n                                            <div tabIndex=\"0\" class=\"kt-post\">\n                            <img decoding=\"async\" src=\"https:\/\/cdn.denkulturelleskolesekken.no\/vestland\/0fa9effe-utvandrar.jpg\" alt=\"Svart-kvitt foto som viser b\u00e5tar i hamna i New York, slepeb\u00e5tar og passasjerskip.\"\/>\n                            <div class=\"kt-post-bg \">\n                                <h3><a tabIndex=\"-1\" href=\"https:\/\/www.denkulturelleskolesekken.no\/vestland\/2024\/10\/22\/stotte-til-nyproduksjon-fra-vestland-fylkeskommune\/\">St\u00f8tte til nyproduksjon fr\u00e5 Vestland fylkeskommune<\/a><\/h3>\n                                <i class=\"material-icons md-48\">arrow_forward_ios<\/i>\n                            <\/div>\n                        <\/div>\n                                            <div tabIndex=\"0\" class=\"kt-post\">\n                            <img decoding=\"async\" src=\"https:\/\/cdn.denkulturelleskolesekken.no\/vestland\/805046bd-dkskommer.jpg\" alt=\"Skjembbilete fr\u00e5 nettsida dkskommer.no. Bilete av eit band som spelar for elevar. Tekst om DKS.\"\/>\n                            <div class=\"kt-post-bg \">\n                                <h3><a tabIndex=\"-1\" href=\"https:\/\/www.denkulturelleskolesekken.no\/vestland\/2024\/10\/16\/laerar-sjekk-ut-dkskommer-no\/\">Kulturkontakt? L\u00e6rar? Sjekk ut dkskommer.no<\/a><\/h3>\n                                <i class=\"material-icons md-48\">arrow_forward_ios<\/i>\n                            <\/div>\n                        <\/div>\n                                    <\/div>\n                    <a class=\"kt-read-more\"\n                        href=\"https:\/\/www.denkulturelleskolesekken.no\/vestland\/category\/aktuelt\/\"\n                    >\n                        Sj\u00e5 fleire saker                    <\/a>\n            <\/div>\n        <\/section>\n        <script type=\"text\/javascript\">\n            \/* Fix object-fit issue on IE, Edge *\/\n            var ieEdgeImageCorrection = function () {\n                var isMobileScreen = jQuery(window).width() <= 768;\n                if (!isMobileScreen) {\n                    jQuery('.kt-sticky-posts-list a .kt-post-image-overlay').remove();\n                } else if (document.documentMode || \/Edge\/.test(window.navigator.userAgent)) {\n                    jQuery('.kt-sticky-posts-list img').each(function () {\n                        var t = jQuery(this),\n                            s = 'url(' + t.attr('src') + ')',\n                            p = t.parent(),\n                            d = jQuery('<div class=\"kt-post-image-overlay\"><\/div>');\n                        p.css('position', 'relative');\n                        p.append(d);\n                        d.css({\n                            'position': 'absolute',\n                            'top': '0',\n                            'left': '0',\n                            'bottom': '48px',\n                            'width': '100%',\n                            'background-size': 'cover',\n                            'background-repeat': 'no-repeat',\n                            'background-position': 'center',\n                            'background-image': s\n                        });\n                        \/\/ t.hide();\n                    });\n                }\n            }\n            window.addEventListener('load', ieEdgeImageCorrection);\n            window.addEventListener('resize', ieEdgeImageCorrection);\n        <\/script>\n        <\/div><\/div><\/div>\n\n\n<p><\/p>\n","protected":false},"excerpt":{"rendered":"","protected":false},"author":2,"featured_media":447,"parent":0,"menu_order":0,"comment_status":"closed","ping_status":"closed","template":"custom-productions.php","meta":{"footnotes":""},"class_list":["post-22","page","type-page","status-publish","has-post-thumbnail","hentry"],"_links":{"self":[{"href":"https:\/\/www.denkulturelleskolesekken.no\/vestland\/wp-json\/wp\/v2\/pages\/22","targetHints":{"allow":["GET"]}}],"collection":[{"href":"https:\/\/www.denkulturelleskolesekken.no\/vestland\/wp-json\/wp\/v2\/pages"}],"about":[{"href":"https:\/\/www.denkulturelleskolesekken.no\/vestland\/wp-json\/wp\/v2\/types\/page"}],"author":[{"embeddable":true,"href":"https:\/\/www.denkulturelleskolesekken.no\/vestland\/wp-json\/wp\/v2\/users\/2"}],"replies":[{"embeddable":true,"href":"https:\/\/www.denkulturelleskolesekken.no\/vestland\/wp-json\/wp\/v2\/comments?post=22"}],"version-history":[{"count":117,"href":"https:\/\/www.denkulturelleskolesekken.no\/vestland\/wp-json\/wp\/v2\/pages\/22\/revisions"}],"predecessor-version":[{"id":1365,"href":"https:\/\/www.denkulturelleskolesekken.no\/vestland\/wp-json\/wp\/v2\/pages\/22\/revisions\/1365"}],"wp:featuredmedia":[{"embeddable":true,"href":"https:\/\/www.denkulturelleskolesekken.no\/vestland\/wp-json\/wp\/v2\/media\/447"}],"wp:attachment":[{"href":"https:\/\/www.denkulturelleskolesekken.no\/vestland\/wp-json\/wp\/v2\/media?parent=22"}],"curies":[{"name":"wp","href":"https:\/\/api.w.org\/{rel}","templated":true}]}}