{"id":846,"date":"2020-04-30T08:14:52","date_gmt":"2020-04-30T08:14:52","guid":{"rendered":"https:\/\/wordpress.kulturtanken.app\/vestfoldogtelemark\/?page_id=846"},"modified":"2024-08-31T11:39:34","modified_gmt":"2024-08-31T11:39:34","slug":"evaluering","status":"publish","type":"page","link":"https:\/\/www.denkulturelleskolesekken.no\/vestfold\/for-unge-arrangorer\/evaluering\/","title":{"rendered":"Evaluering fra elever"},"content":{"rendered":"\n<h1 class=\"has-text-color has-x-large-font-size wp-block-heading\" style=\"color:#90bc7f\"><\/h1>\n\n\n\n<p class=\"has-medium-font-size\">Den kulturelle skolesekken \u00f8nsker \u00e5 h\u00f8re hvordan du som elev opplever \u00e5 delta p\u00e5 v\u00e5re kulturarrangementer. Etter hvert bes\u00f8k til din skole vil det bli sendt ut en brukerunders\u00f8kelse der dere kan fortelle oss hva dere tenkte og f\u00f8lte om opplevelsen. Elevenes stemme er viktig for ut\u00f8verne og oss i Den kulturelle skolesekken. Hvis et program skal videref\u00f8res kan tilbakemeldingene vi f\u00e5r fra elevene v\u00e6re med p\u00e5 \u00e5 utvikle og endre programmets innhold og form. <br><\/p>\n\n\n\n<p class=\"has-medium-font-size\">N\u00e5 kan alle elever gi tilbakemeldinger p\u00e5 DKS-arrangement gjennom \u00e5 ha en samtale med Chatboten Undre. Du kan lese mer om under p\u00e5 kulturtankens hjemmeside i en <a href=\"https:\/\/www.kulturtanken.no\/aktuelt\/2022\/chatbot-samler-inn-elevenes-meninger-om-dks-tilbudet\/\">artikkel om Chatboten Undre.<\/a><\/p>\n","protected":false},"excerpt":{"rendered":"<p>Den kulturelle skolesekken \u00f8nsker \u00e5 h\u00f8re hvordan du som elev opplever \u00e5 delta p\u00e5 v\u00e5re kulturarrangementer. Etter hvert bes\u00f8k til din skole vil det bli sendt ut en brukerunders\u00f8kelse der dere kan fortelle oss hva dere tenkte og f\u00f8lte om opplevelsen. Elevenes stemme er viktig for ut\u00f8verne og oss i Den kulturelle skolesekken. Hvis et [&hellip;]<\/p>\n","protected":false},"author":6,"featured_media":1819,"parent":758,"menu_order":4,"comment_status":"closed","ping_status":"closed","template":"","meta":{"footnotes":""},"class_list":["post-846","page","type-page","status-publish","has-post-thumbnail","hentry"],"_links":{"self":[{"href":"https:\/\/www.denkulturelleskolesekken.no\/vestfold\/wp-json\/wp\/v2\/pages\/846","targetHints":{"allow":["GET"]}}],"collection":[{"href":"https:\/\/www.denkulturelleskolesekken.no\/vestfold\/wp-json\/wp\/v2\/pages"}],"about":[{"href":"https:\/\/www.denkulturelleskolesekken.no\/vestfold\/wp-json\/wp\/v2\/types\/page"}],"author":[{"embeddable":true,"href":"https:\/\/www.denkulturelleskolesekken.no\/vestfold\/wp-json\/wp\/v2\/users\/6"}],"replies":[{"embeddable":true,"href":"https:\/\/www.denkulturelleskolesekken.no\/vestfold\/wp-json\/wp\/v2\/comments?post=846"}],"version-history":[{"count":13,"href":"https:\/\/www.denkulturelleskolesekken.no\/vestfold\/wp-json\/wp\/v2\/pages\/846\/revisions"}],"predecessor-version":[{"id":2703,"href":"https:\/\/www.denkulturelleskolesekken.no\/vestfold\/wp-json\/wp\/v2\/pages\/846\/revisions\/2703"}],"up":[{"embeddable":true,"href":"https:\/\/www.denkulturelleskolesekken.no\/vestfold\/wp-json\/wp\/v2\/pages\/758"}],"wp:featuredmedia":[{"embeddable":true,"href":"https:\/\/www.denkulturelleskolesekken.no\/vestfold\/wp-json\/wp\/v2\/media\/1819"}],"wp:attachment":[{"href":"https:\/\/www.denkulturelleskolesekken.no\/vestfold\/wp-json\/wp\/v2\/media?parent=846"}],"curies":[{"name":"wp","href":"https:\/\/api.w.org\/{rel}","templated":true}]}}