{"id":798,"date":"2020-04-30T06:33:58","date_gmt":"2020-04-30T06:33:58","guid":{"rendered":"https:\/\/wordpress.kulturtanken.app\/vestfoldogtelemark\/?page_id=798"},"modified":"2024-08-07T09:00:51","modified_gmt":"2024-08-07T09:00:51","slug":"programrad-vgs-vestfold","status":"publish","type":"page","link":"https:\/\/www.denkulturelleskolesekken.no\/vestfold\/for-unge-arrangorer\/programrad-vgs-vestfold\/","title":{"rendered":"Programr\u00e5d i videreg\u00e5ende skole"},"content":{"rendered":"\n<h1 class=\"has-text-color has-x-large-font-size wp-block-heading\" style=\"color:#90bc7f\"><\/h1>\n\n\n\n<p class=\"has-medium-font-size\"> Programtilbudet i DKS for de videreg\u00e5ende skolene bestemmes hvert \u00e5r av et tverrfaglig  sammensatt programr\u00e5d. Programr\u00e5det best\u00e5r av fagpersoner med kunstfaglig kompetanse. Disse legger frem programforslag i de ulike  kunstuttrykkene, og sammen med representanter for l\u00e6rere og elever bestemmes det helhetlige programtilbudet i  DKS vgs.  <\/p>\n","protected":false},"excerpt":{"rendered":"<p>Programtilbudet i DKS for de videreg\u00e5ende skolene bestemmes hvert \u00e5r av et tverrfaglig sammensatt programr\u00e5d. Programr\u00e5det best\u00e5r av fagpersoner med kunstfaglig kompetanse. Disse legger frem programforslag i de ulike kunstuttrykkene, og sammen med representanter for l\u00e6rere og elever bestemmes det helhetlige programtilbudet i DKS vgs.<\/p>\n","protected":false},"author":6,"featured_media":1627,"parent":758,"menu_order":2,"comment_status":"closed","ping_status":"closed","template":"","meta":{"footnotes":""},"class_list":["post-798","page","type-page","status-publish","has-post-thumbnail","hentry"],"_links":{"self":[{"href":"https:\/\/www.denkulturelleskolesekken.no\/vestfold\/wp-json\/wp\/v2\/pages\/798","targetHints":{"allow":["GET"]}}],"collection":[{"href":"https:\/\/www.denkulturelleskolesekken.no\/vestfold\/wp-json\/wp\/v2\/pages"}],"about":[{"href":"https:\/\/www.denkulturelleskolesekken.no\/vestfold\/wp-json\/wp\/v2\/types\/page"}],"author":[{"embeddable":true,"href":"https:\/\/www.denkulturelleskolesekken.no\/vestfold\/wp-json\/wp\/v2\/users\/6"}],"replies":[{"embeddable":true,"href":"https:\/\/www.denkulturelleskolesekken.no\/vestfold\/wp-json\/wp\/v2\/comments?post=798"}],"version-history":[{"count":14,"href":"https:\/\/www.denkulturelleskolesekken.no\/vestfold\/wp-json\/wp\/v2\/pages\/798\/revisions"}],"predecessor-version":[{"id":2600,"href":"https:\/\/www.denkulturelleskolesekken.no\/vestfold\/wp-json\/wp\/v2\/pages\/798\/revisions\/2600"}],"up":[{"embeddable":true,"href":"https:\/\/www.denkulturelleskolesekken.no\/vestfold\/wp-json\/wp\/v2\/pages\/758"}],"wp:featuredmedia":[{"embeddable":true,"href":"https:\/\/www.denkulturelleskolesekken.no\/vestfold\/wp-json\/wp\/v2\/media\/1627"}],"wp:attachment":[{"href":"https:\/\/www.denkulturelleskolesekken.no\/vestfold\/wp-json\/wp\/v2\/media?parent=798"}],"curies":[{"name":"wp","href":"https:\/\/api.w.org\/{rel}","templated":true}]}}