{"id":23,"date":"2019-10-31T13:50:15","date_gmt":"2019-10-31T13:50:15","guid":{"rendered":"https:\/\/viken.kulturtanken.app\/?page_id=23"},"modified":"2024-09-06T08:51:04","modified_gmt":"2024-09-06T08:51:04","slug":"om-dks","status":"publish","type":"page","link":"https:\/\/www.denkulturelleskolesekken.no\/vestfold\/om-dks\/","title":{"rendered":"Om Den kulturelle skolesekken"},"content":{"rendered":"\n<h1 class=\"has-black-color has-text-color wp-block-heading\"><\/h1>\n\n\n\n<p class=\"has-medium-font-size\"><strong>Den kulturelle skolesekken (DKS) er en nasjonal ordning som s\u00f8rger for at alle skoleelever i Norge f\u00e5r oppleve profesjonell kunst og kultur hvert \u00e5r.<\/strong><\/p>\n\n\n\n<p class=\"has-medium-font-size\">Kulturtilbudene fra DKS skal v\u00e6re av h\u00f8y kvalitet med profesjonelle ut\u00f8vere. Det er et m\u00e5l at alle elever gjennom skolel\u00f8pet skal m\u00f8te alle de seks kulturuttrykkene: scenekunst, musikk, film, kulturarv, litteratur og visuell kunst. Her kan du lese mer om ordningen <a rel=\"noreferrer noopener\" href=\"https:\/\/www.denkulturelleskolesekken.no\/forside\/om-dks\/\" target=\"_blank\">p\u00e5 hovedsiden til Den kulturelle skolesekken.<\/a><\/p>\n\n\n\n<hr class=\"wp-block-separator has-text-color has-background has-white-background-color has-white-color\"\/>\n\n\n\n<h2 class=\"wp-block-heading\">Verdens beste ordning<\/h2>\n\n\n\n<p class=\"has-medium-font-size\">DKS er sannsynligvis verdens st\u00f8rste og viktigste ordning for kultur til barn og ungdom. Den kulturelle skolesekken startet som et lokalt prosjekt i Sandefjord i 1997, og ble senere til dette unike, nasjonale prosjektet. Hver \u00e5r gir Den kulturelle skolesekken kulturopplevelser av h\u00f8y kvalitet til alle elever. Hver elev har, etter fullf\u00f8rt videreg\u00e5ende skole, opplevd minimum 25 profesjonelle kulturopplevelser! <br><br>Tilbakemeldinger fra elever og l\u00e6rere forteller oss at kulturopplevelsene inspirerer elevene, skaper fellesskap, og bidrar til \u00e5 utvide de unges horisont. Felles kulturopplevelser beriker, utfordrer, og \u00e5pner opp for nye perspektiv, f\u00f8lelser, refleksjoner og m\u00e5ter \u00e5 uttrykke seg p\u00e5. Dette er kvaliteter som er viktige for menneskers utvikling og identitet. Med DKS blir kunsten, med alle dens kvaliteter, tilgjengelig for alle elever, uansett oppvekstsvilk\u00e5r. Alle som vokser opp i Norge f\u00e5r et felles sett med referanser og DKS er s\u00e5ledes en viktig bidragsyter til sosial utjevning.<br><\/p>\n\n\n\n<h2 class=\"wp-block-heading\">DKS Vestfold<\/h2>\n\n\n\n<p class=\"has-medium-font-size\"><\/p>\n\n\n\n<p class=\"has-medium-font-size\">I DKS Vestfold er vi s\u00e6rlig opptatt av medvirkning. Vi jobber tett med kommuner og skoler, og legger til rette for at b\u00e5de kommunekontakter, kulturkontakter, l\u00e6rere og elever f\u00e5r muligheten til \u00e5 delta i planlegging, programmering og gjennomf\u00f8ringen av arrangementer. <br><br>B\u00e5de kommunekontakter, kulturkontakter og kulturverter har muligheten til \u00e5 p\u00e5virke programmet som kommer til sine skoler. Noen av fylkets viktigste arenaer for medvidkning er:<a rel=\"noreferrer noopener\" href=\"https:\/\/wordpress.kulturtanken.app\/vestfoldogtelemark\/for-unge-arrangorer\/kulturverter-vestfold\/\" data-type=\"URL\" data-id=\"https:\/\/wordpress.kulturtanken.app\/vestfoldogtelemark\/for-unge-arrangorer\/kulturverter-vestfold\/\" target=\"_blank\"> kulturvertordningen og unge arrang\u00f8rer,<\/a> og visningsarenaene <a rel=\"noreferrer noopener\" href=\"https:\/\/www.markedet.org\/\" target=\"_blank\">Markedet for Scenekunst<\/a> og <a rel=\"noreferrer noopener\" href=\"http:\/\/www.markedformusikk.no\/\" target=\"_blank\">Marked for Musikk<\/a> &#8211; to \u00e5rlige nasjonale arenaer for visning av aktuelle forestillinger og konserter for barn og ungdom. <br>Ogs\u00e5 m\u00e5 vi nevne at vi sannsynligvis har landets beste kulturverter!<br><br><\/p>\n\n\n\n<p><\/p>\n\n\n\n<hr class=\"wp-block-separator has-text-color has-background has-white-background-color has-white-color is-style-default\"\/>\n\n\n\n<hr class=\"wp-block-separator has-text-color has-background has-white-background-color has-white-color\"\/>\n\n\n\n<div class=\"wp-block-buttons is-content-justification-space-between is-layout-flex wp-container-core-buttons-is-layout-3d213aab wp-block-buttons-is-layout-flex\"><\/div>\n\n\n\n<hr class=\"wp-block-separator has-text-color has-background has-white-background-color has-white-color is-style-default\"\/>\n\n\n\n<hr class=\"wp-block-separator has-text-color has-background has-white-background-color has-white-color is-style-default\"\/>\n\n\n\n<hr class=\"wp-block-separator has-text-color has-background has-white-background-color has-white-color is-style-default\"\/>\n","protected":false},"excerpt":{"rendered":"<p>Den kulturelle skolesekken (DKS) er en nasjonal ordning som s\u00f8rger for at alle skoleelever i Norge f\u00e5r oppleve profesjonell kunst og kultur hvert \u00e5r. Kulturtilbudene fra DKS skal v\u00e6re av h\u00f8y kvalitet med profesjonelle ut\u00f8vere. Det er et m\u00e5l at alle elever gjennom skolel\u00f8pet skal m\u00f8te alle de seks kulturuttrykkene: scenekunst, musikk, film, kulturarv, litteratur [&hellip;]<\/p>\n","protected":false},"author":6,"featured_media":946,"parent":0,"menu_order":0,"comment_status":"closed","ping_status":"closed","template":"","meta":{"footnotes":""},"class_list":["post-23","page","type-page","status-publish","has-post-thumbnail","hentry"],"_links":{"self":[{"href":"https:\/\/www.denkulturelleskolesekken.no\/vestfold\/wp-json\/wp\/v2\/pages\/23","targetHints":{"allow":["GET"]}}],"collection":[{"href":"https:\/\/www.denkulturelleskolesekken.no\/vestfold\/wp-json\/wp\/v2\/pages"}],"about":[{"href":"https:\/\/www.denkulturelleskolesekken.no\/vestfold\/wp-json\/wp\/v2\/types\/page"}],"author":[{"embeddable":true,"href":"https:\/\/www.denkulturelleskolesekken.no\/vestfold\/wp-json\/wp\/v2\/users\/6"}],"replies":[{"embeddable":true,"href":"https:\/\/www.denkulturelleskolesekken.no\/vestfold\/wp-json\/wp\/v2\/comments?post=23"}],"version-history":[{"count":34,"href":"https:\/\/www.denkulturelleskolesekken.no\/vestfold\/wp-json\/wp\/v2\/pages\/23\/revisions"}],"predecessor-version":[{"id":2737,"href":"https:\/\/www.denkulturelleskolesekken.no\/vestfold\/wp-json\/wp\/v2\/pages\/23\/revisions\/2737"}],"wp:featuredmedia":[{"embeddable":true,"href":"https:\/\/www.denkulturelleskolesekken.no\/vestfold\/wp-json\/wp\/v2\/media\/946"}],"wp:attachment":[{"href":"https:\/\/www.denkulturelleskolesekken.no\/vestfold\/wp-json\/wp\/v2\/media?parent=23"}],"curies":[{"name":"wp","href":"https:\/\/api.w.org\/{rel}","templated":true}]}}