{"id":31,"date":"2019-10-31T13:54:44","date_gmt":"2019-10-31T13:54:44","guid":{"rendered":"https:\/\/viken.kulturtanken.app\/?page_id=31"},"modified":"2024-07-27T09:23:51","modified_gmt":"2024-07-27T09:23:51","slug":"er-du-utover","status":"publish","type":"page","link":"https:\/\/www.denkulturelleskolesekken.no\/trondheim\/er-du-utover\/","title":{"rendered":"For ut\u00f8vere"},"content":{"rendered":"\n<p><strong>Innmelding av programforslag<\/strong><br><a href=\"https:\/\/portal.denkulturelleskolesekken.no\/\">Portalen<\/a> \u00e5pner for innmelding av programforslag 1.september, og stenger 1. oktober. Les mer <a href=\"https:\/\/www.denkulturelleskolesekken.no\/trondheim\/innmelding-av-programforslag\/\">her<\/a>.<\/p>\n\n\n\n<p><strong>Vilk\u00e5r og satser<\/strong><br><a href=\"https:\/\/www.denkulturelleskolesekken.no\/trondheim\/vilkar-satser-og-faktura\/\">Les mer p\u00e5 sidene som omhandler vilk\u00e5r og satser.<\/a><\/p>\n\n\n\n<p><\/p>\n","protected":false},"excerpt":{"rendered":"<p>Innmelding av programforslagPortalen \u00e5pner for innmelding av programforslag 1.september, og stenger 1. oktober. Les mer her. Vilk\u00e5r og satserLes mer p\u00e5 sidene som omhandler vilk\u00e5r og satser.<\/p>\n","protected":false},"author":2,"featured_media":873,"parent":0,"menu_order":0,"comment_status":"closed","ping_status":"closed","template":"","meta":{"footnotes":""},"class_list":["post-31","page","type-page","status-publish","has-post-thumbnail","hentry"],"_links":{"self":[{"href":"https:\/\/www.denkulturelleskolesekken.no\/trondheim\/wp-json\/wp\/v2\/pages\/31","targetHints":{"allow":["GET"]}}],"collection":[{"href":"https:\/\/www.denkulturelleskolesekken.no\/trondheim\/wp-json\/wp\/v2\/pages"}],"about":[{"href":"https:\/\/www.denkulturelleskolesekken.no\/trondheim\/wp-json\/wp\/v2\/types\/page"}],"author":[{"embeddable":true,"href":"https:\/\/www.denkulturelleskolesekken.no\/trondheim\/wp-json\/wp\/v2\/users\/2"}],"replies":[{"embeddable":true,"href":"https:\/\/www.denkulturelleskolesekken.no\/trondheim\/wp-json\/wp\/v2\/comments?post=31"}],"version-history":[{"count":36,"href":"https:\/\/www.denkulturelleskolesekken.no\/trondheim\/wp-json\/wp\/v2\/pages\/31\/revisions"}],"predecessor-version":[{"id":1346,"href":"https:\/\/www.denkulturelleskolesekken.no\/trondheim\/wp-json\/wp\/v2\/pages\/31\/revisions\/1346"}],"wp:featuredmedia":[{"embeddable":true,"href":"https:\/\/www.denkulturelleskolesekken.no\/trondheim\/wp-json\/wp\/v2\/media\/873"}],"wp:attachment":[{"href":"https:\/\/www.denkulturelleskolesekken.no\/trondheim\/wp-json\/wp\/v2\/media?parent=31"}],"curies":[{"name":"wp","href":"https:\/\/api.w.org\/{rel}","templated":true}]}}

For utøvere

<p><strong>Innmelding av programforslag</strong><br><a href="https://portal.denkulturelleskolesekken.no/">Portalen</a> åpner for innmelding av programforslag 1.september, og stenger 1. oktober. Les mer <a href="https://www.denkulturelleskolesekken.no/trondheim/innmelding-av-programforslag/">her</a>.</p>



<p><strong>Vilkår og satser</strong><br><a href="https://www.denkulturelleskolesekken.no/trondheim/vilkar-satser-og-faktura/">Les mer på sidene som omhandler vilkår og satser.</a></p>



<p></p>

<p>Innmelding av programforslagPortalen åpner for innmelding av programforslag 1.september, og stenger 1. oktober. Les mer her. Vilkår og satserLes mer på sidene som omhandler vilkår og satser.</p>
