{"id":890,"date":"2022-10-10T10:44:06","date_gmt":"2022-10-10T10:44:06","guid":{"rendered":"https:\/\/wordpress.kulturtanken.app\/tromso\/?page_id=890"},"modified":"2025-02-13T08:46:02","modified_gmt":"2025-02-13T08:46:02","slug":"skolen","status":"publish","type":"page","link":"https:\/\/www.denkulturelleskolesekken.no\/tromso\/skolen\/","title":{"rendered":"Skolen"},"content":{"rendered":"\n<p>Godt samspill mellom DKS og skolene er viktig for \u00e5 f\u00e5 til et godt tilbud til elevene.<\/p>\n\n\n\n<p><strong>Rektor og skoleledelse<\/strong> har det overordnede ansvaret for at DKS prioriteres p\u00e5 skolen, at skolen til enhver tid har en fungerende kulturkontakt og at DKS-tilbud legges inn i skolens planer. <strong>Kulturkontakten <\/strong>er v\u00e5r viktigste kontakt inn mot skolene. Les mer om kulturkontaktens rolle i Troms\u00f8 DKS <a href=\"https:\/\/www.denkulturelleskolesekken.no\/tromso\/er-du-kulturkontakt\/\" data-type=\"URL\" data-id=\"https:\/\/www.denkulturelleskolesekken.no\/tromso\/er-du-kulturkontakt\/\">her<\/a>. Men ikke minst har <strong>l\u00e6rerne <\/strong>en n\u00f8kkelrolle for et vellykket DKS-tilbud. L\u00e6rerens tilstedev\u00e6relse og engasjement er viktig for elevenes opplevelse av selve bes\u00f8ket. I tillegg har l\u00e6reren en viktig rolle i \u00e5 forberede elevene p\u00e5 tilbudene.<\/p>\n\n\n\n<p>Blant de nasjonale m\u00e5lene for DKS er at ordningen skal \u00abbidra til barn og unge si danning og utdanning, slik dette er formulert i overordna del og l\u00e6replanar i fag\u00bb. De fleste av v\u00e5re produksjoner inneholder forslag til for- og etterarbeid, eller koblinger til l\u00e6replanverket. Kunst og kultur gir gode muligheter for elever og l\u00e6rere til \u00e5&nbsp;jobbe&nbsp;med ulike&nbsp;emner og problemstillinger&nbsp;i og&nbsp;p\u00e5 tvers av fag. Kunst- og kulturopplevelsene kan gi elevene nye erfaringer og perspektiver som er en del av deres utvikling.&nbsp;<\/p>\n\n\n\n<p><strong>Les mer om DKS i skolen p\u00e5 den nasjonale nettsiden til Den kulturelle skolesekken <a href=\"https:\/\/www.denkulturelleskolesekken.no\/dks-i-skolen\/\" data-type=\"URL\" data-id=\"https:\/\/www.denkulturelleskolesekken.no\/dks-i-skolen\/\">her.<\/a><\/strong><\/p>\n\n\n\n<div style=\"height:20px\" aria-hidden=\"true\" class=\"wp-block-spacer\"><\/div>\n\n\n\n<h3 class=\"wp-block-heading\">Faste tilbud versus bestillingstilbud <\/h3>\n\n\n\n<p>Hvert \u00e5r tildeles faste tilbud til alle klassetrinn, i tillegg tilbys flere bestillingstilbud som kan bestilles gjennom DKS-portalen.<\/p>\n\n\n\n<p><strong>De faste tilbudene<\/strong> utgj\u00f8r kjernen i DKS-tilbudet. De sikrer at alle elever f\u00e5r minst ett DKS-tilbud hvert \u00e5r, og regnes som <strong>obligatoriske<\/strong>. De faste tilbudene tildeles skolene, og legger seg i skolens kalender (b\u00e5de i kulturkalenderen p\u00e5 \u00abinnsiden\u00bb av portalen, hvor kulturkontakter og eventuelt andre skoleansatte har f\u00e5tt opprettet brukere, men ogs\u00e5 i kalenderen p\u00e5 \u00abutsiden\u00bb av portalen, som dere finner med \u00e5 s\u00f8ke p\u00e5 deres skole <a href=\"https:\/\/www.denkulturelleskolesekken.no\/tromso\/utforsk-produksjoner-i-dks\/\" data-type=\"URL\" data-id=\"https:\/\/www.denkulturelleskolesekken.no\/tromso\/utforsk-produksjoner-i-dks\/\">her<\/a> og trykke p\u00e5 \u00abkalender\u00bb.<\/p>\n\n\n\n<p>I tillegg til de faste tilbudene kan skolene velge mellom flere <strong>bestillingstilbud <\/strong>innen de ulike kunstuttrykkene. N\u00e5r skolen har bestilt et tilbud, og bestillingen er godkjent av DKS-administrasjonen, legger tilbudet seg i skolens kulturkalender\/kalender, sammen med de faste tilbudene.<\/p>\n\n\n\n<p>Kulturkontakter, skoleledelse og l\u00e6rere b\u00f8r fortl\u00f8pende f\u00f8lge med p\u00e5 skolens kalender, som en del av planleggingen. <strong>Les mer om bestilling av tilbud under <a href=\"https:\/\/www.denkulturelleskolesekken.no\/tromso\/er-du-kulturkontakt\/\">siden for kulturkontakter.<\/a> <\/strong><\/p>\n\n\n\n<p><\/p>\n\n\n\n<p><\/p>\n\n\n\n<div style=\"height:20px\" aria-hidden=\"true\" class=\"wp-block-spacer\"><\/div>\n\n\n\n<p><\/p>\n\n\n\n<h3 class=\"wp-block-heading\">Elevtransport &#8211; rutiner og betaling <\/h3>\n\n\n\n<p>Hovedregelen n\u00e5r det gjelder elevtransport:<\/p>\n\n\n\n<ul class=\"wp-block-list\">\n<li>G\u00e5 dersom g\u00e5avstand<\/li>\n\n\n\n<li>Velg rutebuss om mulig<\/li>\n\n\n\n<li>Bestill buss kun dersom det ikke er mulig \u00e5 ta rutebuss<\/li>\n<\/ul>\n\n\n\n<p>All busstransport (b\u00e5de bestilling av buss og rutebusser) avklares med <a href=\"https:\/\/www.denkulturelleskolesekken.no\/tromso\/kontakt-oss\/\" data-type=\"URL\" data-id=\"https:\/\/www.denkulturelleskolesekken.no\/tromso\/kontakt-oss\/\">DKS-administrasjonen<\/a>.<\/p>\n\n\n\n<p><strong>Ved bruk av rutebuss:&nbsp;<\/strong><\/p>\n\n\n\n<ul class=\"wp-block-list\">\n<li>Skolen kj\u00f8per billetter selv, og sender omposteringsbilag&nbsp;til DKS med kopi av kvitteringer (merk med navn p\u00e5 DKS-produksjon, dato og skole)<\/li>\n\n\n\n<li>Kontakt DKS ved behov for veileder\/eksempler til utfylling av omposteringsfil <\/li>\n<\/ul>\n\n\n\n<p><strong>Rutiner ved bestilling av buss: <\/strong><\/p>\n\n\n\n<ul class=\"wp-block-list\">\n<li>Skolen bestiller buss selv<\/li>\n\n\n\n<li>Faktura som kommer til skolen videresendes til DKS (Siv B\u00e5rdsen) i Agresso. Merk faktura med navn p\u00e5 DKS-produksjon, dato og skole<\/li>\n<\/ul>\n\n\n\n<p><strong>Privatskoler:<\/strong><\/p>\n\n\n\n<p>Privatskoler legger ut og sender faktura til DKS, med kopi av&nbsp;kvitteringer. Faktura sendes elektronisk i EHF-format via organisasjonsnummer&nbsp;940 101 808 til:&nbsp;<a href=\"mailto:fakturasenteret@tromso.kommune.no\">fakturasenteret@tromso.kommune.no<\/a>&nbsp;<\/p>\n\n\n\n<p>Fakturaen skal&nbsp;inneholde:&nbsp;firmanavn,&nbsp;organisasjonsnummer, fakturanummer og rekvisisjonsnummer. Kontakt DKS (Siv B\u00e5rdsen) for \u00e5 f\u00e5 en rekvisisjon fra oss f\u00f8r dere sender faktura.<\/p>\n\n\n\n<p><\/p>\n\n\n\n<div style=\"height:20px\" aria-hidden=\"true\" class=\"wp-block-spacer\"><\/div>\n\n\n\n<h3 class=\"wp-block-heading\">Tilbakemelding<\/h3>\n\n\n\n<p>Vi oppfordrer b\u00e5de kulturkontakter, l\u00e6rere og elever \u00e5 komme med tilbakemeldinger og innspill knyttet til v\u00e5re tilbud!<\/p>\n\n\n\n<p>Kulturtanken har utviklet digitale sp\u00f8rreskjema, hvor kulturkontakter, l\u00e6rere og elever (fra 5.-10.trinn) kan gi tilbakemeldinger p\u00e5 et DKS-tilbud og tilretteleggingen rundt tilbudet.<\/p>\n\n\n\n<p>I forkant av et tilbud sendes det ut en automatisk e-post til skolens kulturkontakt med lenker til tilbakemeldingsskjemaer. Kulturkontakten kan videresende dette til aktuelle l\u00e6rere, som igjen kan dele med elever. Lenkene til skjemaene er ogs\u00e5 tilgjengelige i kulturkalenderen i skoleportalen.<\/p>\n","protected":false},"excerpt":{"rendered":"<p>Godt samspill mellom DKS og skolene er viktig for \u00e5 f\u00e5 til et godt tilbud til elevene. Rektor og skoleledelse har det overordnede ansvaret for at DKS prioriteres p\u00e5 skolen, at skolen til enhver tid har en fungerende kulturkontakt og at DKS-tilbud legges inn i skolens planer. Kulturkontakten er v\u00e5r viktigste kontakt inn mot skolene. [&hellip;]<\/p>\n","protected":false},"author":10,"featured_media":0,"parent":0,"menu_order":0,"comment_status":"closed","ping_status":"closed","template":"","meta":{"footnotes":""},"class_list":["post-890","page","type-page","status-publish","hentry"],"_links":{"self":[{"href":"https:\/\/www.denkulturelleskolesekken.no\/tromso\/wp-json\/wp\/v2\/pages\/890","targetHints":{"allow":["GET"]}}],"collection":[{"href":"https:\/\/www.denkulturelleskolesekken.no\/tromso\/wp-json\/wp\/v2\/pages"}],"about":[{"href":"https:\/\/www.denkulturelleskolesekken.no\/tromso\/wp-json\/wp\/v2\/types\/page"}],"author":[{"embeddable":true,"href":"https:\/\/www.denkulturelleskolesekken.no\/tromso\/wp-json\/wp\/v2\/users\/10"}],"replies":[{"embeddable":true,"href":"https:\/\/www.denkulturelleskolesekken.no\/tromso\/wp-json\/wp\/v2\/comments?post=890"}],"version-history":[{"count":30,"href":"https:\/\/www.denkulturelleskolesekken.no\/tromso\/wp-json\/wp\/v2\/pages\/890\/revisions"}],"predecessor-version":[{"id":1158,"href":"https:\/\/www.denkulturelleskolesekken.no\/tromso\/wp-json\/wp\/v2\/pages\/890\/revisions\/1158"}],"wp:attachment":[{"href":"https:\/\/www.denkulturelleskolesekken.no\/tromso\/wp-json\/wp\/v2\/media?parent=890"}],"curies":[{"name":"wp","href":"https:\/\/api.w.org\/{rel}","templated":true}]}}