{"id":25,"date":"2019-10-31T13:51:34","date_gmt":"2019-10-31T13:51:34","guid":{"rendered":"https:\/\/viken.kulturtanken.app\/?page_id=25"},"modified":"2026-04-09T07:44:19","modified_gmt":"2026-04-09T07:44:19","slug":"dks-i-kommunen","status":"publish","type":"page","link":"https:\/\/www.denkulturelleskolesekken.no\/troms\/dks-i-kommunen\/","title":{"rendered":"DKS i kommunen"},"content":{"rendered":"\n<h2 class=\"wp-block-heading has-vivid-red-color has-text-color\">Kommunekontaktens oppgaver<\/h2>\n\n\n<p>Den kulturelle skolesekken (DKS) driftes i et samarbeid mellom fylkeskommunen og kommunene, dette reguleres gjennom samarbeidsavtaler med den enkelte kommune. Kommunen har ansvaret for drift, organisering og utvikling av DKS i egen kommune, jamf\u00f8r stortingsmelding nr. 8 (2007-2008)<a href=\"https:\/\/www.regjeringen.no\/no\/dokumenter\/Stmeld-nr-8-2007-2008-\/id492761\/\" target=\"_blank\" rel=\"noopener\"> <em>Kulturell skulesekk for framtida<\/em><\/a> og stortingsmelding nr. 18 <a href=\"https:\/\/www.regjeringen.no\/no\/dokumenter\/meld.-st.-18-20202021\/id2839455\/\" target=\"_blank\" rel=\"noopener\"><em>Oppleve, skape, dele &#8211; Kunst og kultur for, med og av barn og unge<\/em>,<\/a> samt \u00e5rlig tildelingsbrev fra fylkeskommunen.<\/p>\n<p>N\u00e6rmere beskrivelse av oppgavene finner du under ressurser.<\/p>\n\n\n<h2 class=\"wp-block-heading has-vivid-red-color has-text-color\">Ressurser <\/h2>\n\n\n<ul>\n<li><a href=\"https:\/\/cdn.denkulturelleskolesekken.no\/troms\/65a91dd9-kommunekontaktens_rolle_og_oppgave.pdf\" target=\"_blank\" rel=\"noopener\">Kommunekontaktens rolle og oppgave<\/a><\/li>\n<li><a style=\"font-size: revert; font-family: -apple-system, BlinkMacSystemFont, 'Segoe UI', Roboto, Oxygen-Sans, Ubuntu, Cantarell, 'Helvetica Neue', sans-serif;\" href=\"https:\/\/www.denkulturelleskolesekken.no\/2021\/04\/30\/nytt-brukerforum-for-dks-portalen\/\" target=\"_blank\" rel=\"noopener noreferrer\">Brukerforum DKS-portalen<\/a><\/li>\n<li><a style=\"font-size: revert; font-family: -apple-system, BlinkMacSystemFont, 'Segoe UI', Roboto, Oxygen-Sans, Ubuntu, Cantarell, 'Helvetica Neue', sans-serif;\" href=\"https:\/\/www.denkulturelleskolesekken.no\/dks-portalen\/portal-og-fagsystem-planlegger-i-et-fylke-eller-direktekommune\/generelt\/#brukerdokumentasjon\" target=\"_blank\" rel=\"noopener\">DKS-portalen &#8211; veiledning<\/a><\/li>\n<li><a style=\"font-size: revert; font-family: -apple-system, BlinkMacSystemFont, 'Segoe UI', Roboto, Oxygen-Sans, Ubuntu, Cantarell, 'Helvetica Neue', sans-serif;\" href=\"https:\/\/cdn.denkulturelleskolesekken.no\/troms-og-finnmark\/ebece67d-dks-portalen_som_ba\u030ade_kommune-_og_kulturkontakt.pdf\" target=\"_blank\" rel=\"noopener\">For deg som er b\u00e5de kommunekontakt og kulturkontakt<\/a><\/li>\n<\/ul>\n<p><strong><br \/>REISEBESTILLING \/ ELEVTRANSPORT<\/strong>\u00a0<\/p>\n<p>Kommunen m\u00e5\u00a0<strong>selv bestille elevtransport til fasttilbudet og motta og h\u00e5ndtere fakturaer<\/strong>\u00a0for alle relevante bestillinger.\u00a0<\/p>\n<ul>\n<li>Kommunen sender deretter en\u00a0samlefaktura til fylkeskommunen, \u00a0<\/li>\n<li>Samlefakturaen m\u00e5 inneholde:\u00a0<br \/><strong>&#8211; oversikt over kostnader<\/strong>\u00a0<br \/><strong>&#8211; hvilken produksjon(er) det gjelder for<\/strong><\/li>\n<\/ul>\n\n\n<div style=\"height:11px\" aria-hidden=\"true\" class=\"wp-block-spacer\"><\/div>\n\n\n\n<h2 class=\"wp-block-heading has-vivid-red-color has-text-color\">S\u00f8kbare midler<\/h2>\n\n\n\n<p>Hvert \u00e5r har kommunene mulighet for \u00e5 s\u00f8ke midler til eget DKS-prosjekt. Det gis st\u00f8tte p\u00e5 inntil 75 % av kostnadsrammen for prosjekter. Tilskuddsbel\u00f8pet er begrenset oppad til kr. 50 000. <br>S\u00f8knader p\u00e5 under kr. 10 000 behandles ikke. <br><br>Midlene skal v\u00e6re et virkemiddel for \u00e5 styrke den lokale forankringen i DKS, og realisere lokale prosjekter der kultur og skole samarbeider. Midlene skal stimulere til forpliktende samarbeid mellom skole, kunstnere og samfunn, og er forbeholdt prosjekter som kommer i tillegg til det arbeidet skolene allerede gj\u00f8r. Prosjektene m\u00e5 oppfylle de nasjonale m\u00e5lene for DKS.&nbsp;<\/p>\n\n\n\n<p><strong>S\u00f8knadsfrist 1. juni <\/strong><\/p>\n\n\n\n<p>S\u00f8knadskjema kommer <strong><a href=\"https:\/\/dialog.tromsfylke.no\/dialogue\/TFK-16?from=login\" target=\"_blank\" rel=\"noreferrer noopener\">HER<\/a><\/strong><\/p>\n\n\n<p><strong><a href=\"https:\/\/cdn.denkulturelleskolesekken.no\/troms\/08791b29-kriterier_sokbare_kommunemidler.pdf\" target=\"_blank\" rel=\"noopener\">Kriterier s\u00f8kbare midler<\/a><\/strong><\/p>\n\n\n<div style=\"height:100px\" aria-hidden=\"true\" class=\"wp-block-spacer\"><\/div>\n\n\n\n<p><\/p>\n","protected":false},"excerpt":{"rendered":"<p>Kommunekontaktens oppgaver Den kulturelle skolesekken (DKS) driftes i et samarbeid mellom fylkeskommunen og kommunene, dette reguleres gjennom samarbeidsavtaler med den enkelte kommune. Kommunen har ansvaret for drift, organisering og utvikling av DKS i egen kommune, jamf\u00f8r stortingsmelding nr. 8 (2007-2008) Kulturell skulesekk for framtida og stortingsmelding nr. 18 Oppleve, skape, dele &#8211; Kunst og kultur [&hellip;]<\/p>\n","protected":false},"author":9,"featured_media":0,"parent":0,"menu_order":0,"comment_status":"closed","ping_status":"closed","template":"","meta":{"footnotes":""},"class_list":["post-25","page","type-page","status-publish","hentry"],"_links":{"self":[{"href":"https:\/\/www.denkulturelleskolesekken.no\/troms\/wp-json\/wp\/v2\/pages\/25","targetHints":{"allow":["GET"]}}],"collection":[{"href":"https:\/\/www.denkulturelleskolesekken.no\/troms\/wp-json\/wp\/v2\/pages"}],"about":[{"href":"https:\/\/www.denkulturelleskolesekken.no\/troms\/wp-json\/wp\/v2\/types\/page"}],"author":[{"embeddable":true,"href":"https:\/\/www.denkulturelleskolesekken.no\/troms\/wp-json\/wp\/v2\/users\/9"}],"replies":[{"embeddable":true,"href":"https:\/\/www.denkulturelleskolesekken.no\/troms\/wp-json\/wp\/v2\/comments?post=25"}],"version-history":[{"count":75,"href":"https:\/\/www.denkulturelleskolesekken.no\/troms\/wp-json\/wp\/v2\/pages\/25\/revisions"}],"predecessor-version":[{"id":2346,"href":"https:\/\/www.denkulturelleskolesekken.no\/troms\/wp-json\/wp\/v2\/pages\/25\/revisions\/2346"}],"wp:attachment":[{"href":"https:\/\/www.denkulturelleskolesekken.no\/troms\/wp-json\/wp\/v2\/media?parent=25"}],"curies":[{"name":"wp","href":"https:\/\/api.w.org\/{rel}","templated":true}]}}

<h2 class="wp-block-heading has-vivid-red-color has-text-color">Kommunekontaktens oppgaver</h2>


<p>Den kulturelle skolesekken (DKS) driftes i et samarbeid mellom fylkeskommunen og kommunene, dette reguleres gjennom samarbeidsavtaler med den enkelte kommune. Kommunen har ansvaret for drift, organisering og utvikling av DKS i egen kommune, jamfør stortingsmelding nr. 8 (2007-2008)<a href="https://www.regjeringen.no/no/dokumenter/Stmeld-nr-8-2007-2008-/id492761/" target="_blank" rel="noopener"> <em>Kulturell skulesekk for framtida</em></a> og stortingsmelding nr. 18 <a href="https://www.regjeringen.no/no/dokumenter/meld.-st.-18-20202021/id2839455/" target="_blank" rel="noopener"><em>Oppleve, skape, dele &#8211; Kunst og kultur for, med og av barn og unge</em>,</a> samt årlig tildelingsbrev fra fylkeskommunen.</p>
<p>Nærmere beskrivelse av oppgavene finner du under ressurser.</p>


<h2 class="wp-block-heading has-vivid-red-color has-text-color">Ressurser </h2>


<ul>
<li><a href="https://cdn.denkulturelleskolesekken.no/troms/65a91dd9-kommunekontaktens_rolle_og_oppgave.pdf" target="_blank" rel="noopener">Kommunekontaktens rolle og oppgave</a></li>
<li><a style="font-size: revert; font-family: -apple-system, BlinkMacSystemFont, 'Segoe UI', Roboto, Oxygen-Sans, Ubuntu, Cantarell, 'Helvetica Neue', sans-serif;" href="https://www.denkulturelleskolesekken.no/2021/04/30/nytt-brukerforum-for-dks-portalen/" target="_blank" rel="noopener noreferrer">Brukerforum DKS-portalen</a></li>
<li><a style="font-size: revert; font-family: -apple-system, BlinkMacSystemFont, 'Segoe UI', Roboto, Oxygen-Sans, Ubuntu, Cantarell, 'Helvetica Neue', sans-serif;" href="https://www.denkulturelleskolesekken.no/dks-portalen/portal-og-fagsystem-planlegger-i-et-fylke-eller-direktekommune/generelt/#brukerdokumentasjon" target="_blank" rel="noopener">DKS-portalen &#8211; veiledning</a></li>
<li><a style="font-size: revert; font-family: -apple-system, BlinkMacSystemFont, 'Segoe UI', Roboto, Oxygen-Sans, Ubuntu, Cantarell, 'Helvetica Neue', sans-serif;" href="https://cdn.denkulturelleskolesekken.no/troms-og-finnmark/ebece67d-dks-portalen_som_både_kommune-_og_kulturkontakt.pdf" target="_blank" rel="noopener">For deg som er både kommunekontakt og kulturkontakt</a></li>
</ul>
<p><strong><br />REISEBESTILLING / ELEVTRANSPORT</strong> </p>
<p>Kommunen må <strong>selv bestille elevtransport til fasttilbudet og motta og håndtere fakturaer</strong> for alle relevante bestillinger. </p>
<ul>
<li>Kommunen sender deretter en samlefaktura til fylkeskommunen,  </li>
<li>Samlefakturaen må inneholde: <br /><strong>&#8211; oversikt over kostnader</strong> <br /><strong>&#8211; hvilken produksjon(er) det gjelder for</strong></li>
</ul>


<div style="height:11px" aria-hidden="true" class="wp-block-spacer"></div>



<h2 class="wp-block-heading has-vivid-red-color has-text-color">Søkbare midler</h2>



<p>Hvert år har kommunene mulighet for å søke midler til eget DKS-prosjekt. Det gis støtte på inntil 75 % av kostnadsrammen for prosjekter. Tilskuddsbeløpet er begrenset oppad til kr. 50 000. <br>Søknader på under kr. 10 000 behandles ikke. <br><br>Midlene skal være et virkemiddel for å styrke den lokale forankringen i DKS, og realisere lokale prosjekter der kultur og skole samarbeider. Midlene skal stimulere til forpliktende samarbeid mellom skole, kunstnere og samfunn, og er forbeholdt prosjekter som kommer i tillegg til det arbeidet skolene allerede gjør. Prosjektene må oppfylle de nasjonale målene for DKS.&nbsp;</p>



<p><strong>Søknadsfrist 1. juni </strong></p>



<p>Søknadskjema kommer <strong><a href="https://dialog.tromsfylke.no/dialogue/TFK-16?from=login" target="_blank" rel="noreferrer noopener">HER</a></strong></p>


<p><strong><a href="https://cdn.denkulturelleskolesekken.no/troms/08791b29-kriterier_sokbare_kommunemidler.pdf" target="_blank" rel="noopener">Kriterier søkbare midler</a></strong></p>


<div style="height:100px" aria-hidden="true" class="wp-block-spacer"></div>



<p></p>

<p>Kommunekontaktens oppgaver Den kulturelle skolesekken (DKS) driftes i et samarbeid mellom fylkeskommunen og kommunene, dette reguleres gjennom samarbeidsavtaler med den enkelte kommune. Kommunen har ansvaret for drift, organisering og utvikling av DKS i egen kommune, jamfør stortingsmelding nr. 8 (2007-2008) Kulturell skulesekk for framtida og stortingsmelding nr. 18 Oppleve, skape, dele &#8211; Kunst og kultur [&hellip;]</p>
