{"id":833,"date":"2020-04-30T07:25:22","date_gmt":"2020-04-30T07:25:22","guid":{"rendered":"https:\/\/wordpress.kulturtanken.app\/vestfoldogtelemark\/?page_id=833"},"modified":"2025-01-28T13:36:20","modified_gmt":"2025-01-28T13:36:20","slug":"bussing-av-elever","status":"publish","type":"page","link":"https:\/\/www.denkulturelleskolesekken.no\/telemark\/for-kommuner-grunnskoler\/bussing-av-elever\/","title":{"rendered":"Bussing av elever"},"content":{"rendered":"\n<h3 class=\"wp-block-heading\">Noen av forestillingene blir spilt utenfor skolen, og elevene m\u00e5 kanskje ta buss.<\/h3>\n\n\n\n<p class=\"has-medium-font-size\">Noen ganger blir det lagt opp til at elevene f\u00e5r oppleve Den kulturelle skolesekken andre steder enn p\u00e5 egen skole. Det kan v\u00e6re p\u00e5 en kulturinstitusjon som et kulturhus, eller en annen skole.  <\/p>\n\n\n\n<p class=\"has-medium-font-size\">Dersom skolen har gang- eller sykkelavstand til arenaen, oppfordrer vi til \u00e5 kombinere Den kulturelle skolesekken med fysisk aktivitet.<\/p>\n\n\n\n<h3 class=\"wp-block-heading\">Hvordan bestille buss<\/h3>\n\n\n\n<p class=\"has-medium-font-size\">Den enkelte skole bestiller selv transport n\u00e5r det er behov for det. Det er kulturkontaktens ansvar. <\/p>\n\n\n\n<h2 class=\"wp-block-heading\">Kostnad<\/h2>\n\n\n\n<p class=\"has-medium-font-size\">Kostnaden ved \u00e5 busse elevene n\u00e5r avstanden er mer enn 3 km dekkes av Den kulturelle skolesekken i Telemark. Dette gjelder b\u00e5de offentlige og private skoler. Skolene st\u00e5r fritt til \u00e5 bruke det busselskapet de vil. Her finner du <a href=\"http:\/\/www.farte.no\/om-farte\/kontakt-busselskapene\">informasjon til Vy Buss og deres kontaktpersoner i Telemark<\/a>.<\/p>\n\n\n\n<h3 class=\"wp-block-heading\">Fakturering for buss<\/h3>\n\n\n\n<p class=\"has-medium-font-size\">Faktura sendes fylkeskommunen.<br>Be<strong> transport\u00f8r<\/strong> (busselskap, maxitaxi etc.) om \u00e5 sende faktura til DKS Telemark, <br>Alle fakturaer skal sendes i EHF&nbsp;<strong>3.0<\/strong>-format<br>ELMA 0192:929882989 &#8211; Visma&nbsp;<strong>Maventa<\/strong>&nbsp;aksesspunkt.<\/p>\n\n\n\n<p class=\"has-medium-font-size\">Faktura skal merkes med\u00a0<strong>6222<\/strong>\u00a0i feltet\u00a0<em>deres ref.<\/em>\u00a0<br>Faktura skal ogs\u00e5 merkes med <strong>turn\u00e9ens navn i tekstfeltet<\/strong>.<\/p>\n\n\n\n<h3 class=\"wp-block-heading\">Fakturaadresse<\/h3>\n\n\n\n<p class=\"has-medium-font-size\">Telemark fylkeskommune<br>Sentralt fakturamottak<br>Postboks 2844<br>3702 Skien<\/p>\n\n\n\n<p class=\"has-medium-font-size\">Telemark fylkeskommune f\u00f8lger DIFI-standard for elektronisk faktura. Faktura som bryter retningslinjene v\u00e5re, regnes ikke som mottatt.<\/p>\n\n\n\n<p class=\"has-medium-font-size\">Adressen gjelder uansett hvilken del av fylkeskommunen (kundenummer) som skal ha den elektroniske fakturaen.<\/p>\n\n\n\n<p class=\"has-medium-font-size\">Vi gj\u00f8r oppmerksom p\u00e5 at fakturaer som vedlegg til e-post, f.eks i pdf-format, ikke regnes som elektronisk faktura.<\/p>\n\n\n\n<p class=\"has-medium-font-size\"><a href=\"https:\/\/www.telemarkfylke.no\/no\/meny\/om-oss\/fakturering\/\">Les mer om fakturering til fylkeskommunen her. <\/a><\/p>\n\n\n\n<h2 class=\"wp-block-heading\">OBS!!<\/h2>\n\n\n\n<p class=\"has-black-color has-light-green-cyan-background-color has-text-color has-background has-medium-font-size\">N\u00e5r Den kulturelle skolesekken arrangeres av kommunen, er det kommunen som dekker utgiftene til buss. For \u00e5 finne ut om arrangementet er fra fylket eller kommunen, kan du sjekke om det er kommunen eller fylket som er arrang\u00f8r. Den informasjonen finner du i turn\u00e9planen for skolen din. <br>Du kan ogs\u00e5 sp\u00f8rre kommunekontakten din.  <\/p>\n","protected":false},"excerpt":{"rendered":"<p>Noen av forestillingene blir spilt utenfor skolen, og elevene m\u00e5 kanskje ta buss. Noen ganger blir det lagt opp til at elevene f\u00e5r oppleve Den kulturelle skolesekken andre steder enn p\u00e5 egen skole. Det kan v\u00e6re p\u00e5 en kulturinstitusjon som et kulturhus, eller en annen skole. Dersom skolen har gang- eller sykkelavstand til arenaen, oppfordrer [&hellip;]<\/p>\n","protected":false},"author":11,"featured_media":2848,"parent":752,"menu_order":3,"comment_status":"closed","ping_status":"closed","template":"","meta":{"footnotes":""},"class_list":["post-833","page","type-page","status-publish","has-post-thumbnail","hentry"],"_links":{"self":[{"href":"https:\/\/www.denkulturelleskolesekken.no\/telemark\/wp-json\/wp\/v2\/pages\/833","targetHints":{"allow":["GET"]}}],"collection":[{"href":"https:\/\/www.denkulturelleskolesekken.no\/telemark\/wp-json\/wp\/v2\/pages"}],"about":[{"href":"https:\/\/www.denkulturelleskolesekken.no\/telemark\/wp-json\/wp\/v2\/types\/page"}],"author":[{"embeddable":true,"href":"https:\/\/www.denkulturelleskolesekken.no\/telemark\/wp-json\/wp\/v2\/users\/11"}],"replies":[{"embeddable":true,"href":"https:\/\/www.denkulturelleskolesekken.no\/telemark\/wp-json\/wp\/v2\/comments?post=833"}],"version-history":[{"count":38,"href":"https:\/\/www.denkulturelleskolesekken.no\/telemark\/wp-json\/wp\/v2\/pages\/833\/revisions"}],"predecessor-version":[{"id":3043,"href":"https:\/\/www.denkulturelleskolesekken.no\/telemark\/wp-json\/wp\/v2\/pages\/833\/revisions\/3043"}],"up":[{"embeddable":true,"href":"https:\/\/www.denkulturelleskolesekken.no\/telemark\/wp-json\/wp\/v2\/pages\/752"}],"wp:featuredmedia":[{"embeddable":true,"href":"https:\/\/www.denkulturelleskolesekken.no\/telemark\/wp-json\/wp\/v2\/media\/2848"}],"wp:attachment":[{"href":"https:\/\/www.denkulturelleskolesekken.no\/telemark\/wp-json\/wp\/v2\/media?parent=833"}],"curies":[{"name":"wp","href":"https:\/\/api.w.org\/{rel}","templated":true}]}}