{"id":2365,"date":"2023-06-29T10:21:55","date_gmt":"2023-06-29T10:21:55","guid":{"rendered":"https:\/\/www.denkulturelleskolesekken.no\/vestfoldogtelemark\/?page_id=2365"},"modified":"2024-07-12T11:55:58","modified_gmt":"2024-07-12T11:55:58","slug":"kulturtilbud-til-for-barnehager","status":"publish","type":"page","link":"https:\/\/www.denkulturelleskolesekken.no\/telemark\/kulturtilbud-til-for-barnehager\/","title":{"rendered":"Kulturtilbod for barnehagar"},"content":{"rendered":"\n<figure class=\"wp-block-image size-large is-style-default\"><img loading=\"lazy\" decoding=\"async\" width=\"1024\" height=\"683\" src=\"https:\/\/cdn.denkulturelleskolesekken.no\/telemark\/9eb332d4-smile_mfm-2021_erik-brandsborg-5-1024x683.jpg\" alt=\"\" class=\"wp-image-2629\"\/><figcaption><sup><sub>Barnehagar kan ogs\u00e5 f\u00e5 bes\u00f8k av Den kulturelle skulesekken. Foto: Erik Brandsborg, Kulturtanken.<\/sub><\/sup><\/figcaption><\/figure>\n\n\n\n<h3 class=\"wp-block-heading\"><strong>For barnehage\u00e5ret 2024\/25 er det planlagt fem ulike kulturtilbod til barnehagane i Telemark.\u00a0<\/strong><\/h3>\n\n\n\n<p class=\"has-medium-font-size\">Tilboda kjem til barnehagar i desse kommunane:<\/p>\n\n\n\n<p class=\"has-medium-font-size\"><strong>Ekornes i 100:<\/strong> Krager\u00f8, Drangedal, Kviteseid, Midt-Telemark, Notodden<\/p>\n\n\n\n<p class=\"has-medium-font-size\"><strong>Bibliotek-Karens bibliotek: <\/strong>Rjukan og Notodden<\/p>\n\n\n\n<p class=\"has-medium-font-size\"><strong>Plopp:<\/strong> Nome og Porsgrunn.<\/p>\n\n\n\n<p class=\"has-medium-font-size\"><b>Spor i ord og joik: <\/b>Vinje, Seljord, Hjartdal, Kviteseid, Nissedal, Fyresdal, Drangedal, Tokke, Siljan<\/p>\n\n\n\n<p class=\"has-medium-font-size\"><strong>Trufilotten:<\/strong> Skien og Bamble<\/p>\n\n\n\n<p class=\"has-medium-font-size\">Kulturtilbodet for barnehagar vert finansiert med fylkeskommunens eigne midlar, i p\u00e5vente av ei nasjonal ordning.&nbsp;<\/p>\n\n\n\n<p class=\"has-medium-font-size\">Har du innspel eller sp\u00f8rsm\u00e5l om ordninga, eller ynskjer du tilbod til din barnehage? <br>Ta kontakt med R\u00f8nnaug Flatin <a href=\"mailto:ronnaug.flatin@telemarkfylke.no\">ronnaug.flatin@telemarkfylke.no<\/a><\/p>\n","protected":false},"excerpt":{"rendered":"<p>For barnehage\u00e5ret 2024\/25 er det planlagt fem ulike kulturtilbod til barnehagane i Telemark.\u00a0 Tilboda kjem til barnehagar i desse kommunane: Ekornes i 100: Krager\u00f8, Drangedal, Kviteseid, Midt-Telemark, Notodden Bibliotek-Karens bibliotek: Rjukan og Notodden Plopp: Nome og Porsgrunn. Spor i ord og joik: Vinje, Seljord, Hjartdal, Kviteseid, Nissedal, Fyresdal, Drangedal, Tokke, Siljan Trufilotten: Skien og Bamble [&hellip;]<\/p>\n","protected":false},"author":21,"featured_media":0,"parent":0,"menu_order":0,"comment_status":"closed","ping_status":"closed","template":"","meta":{"footnotes":""},"class_list":["post-2365","page","type-page","status-publish","hentry"],"_links":{"self":[{"href":"https:\/\/www.denkulturelleskolesekken.no\/telemark\/wp-json\/wp\/v2\/pages\/2365","targetHints":{"allow":["GET"]}}],"collection":[{"href":"https:\/\/www.denkulturelleskolesekken.no\/telemark\/wp-json\/wp\/v2\/pages"}],"about":[{"href":"https:\/\/www.denkulturelleskolesekken.no\/telemark\/wp-json\/wp\/v2\/types\/page"}],"author":[{"embeddable":true,"href":"https:\/\/www.denkulturelleskolesekken.no\/telemark\/wp-json\/wp\/v2\/users\/21"}],"replies":[{"embeddable":true,"href":"https:\/\/www.denkulturelleskolesekken.no\/telemark\/wp-json\/wp\/v2\/comments?post=2365"}],"version-history":[{"count":18,"href":"https:\/\/www.denkulturelleskolesekken.no\/telemark\/wp-json\/wp\/v2\/pages\/2365\/revisions"}],"predecessor-version":[{"id":2842,"href":"https:\/\/www.denkulturelleskolesekken.no\/telemark\/wp-json\/wp\/v2\/pages\/2365\/revisions\/2842"}],"wp:attachment":[{"href":"https:\/\/www.denkulturelleskolesekken.no\/telemark\/wp-json\/wp\/v2\/media?parent=2365"}],"curies":[{"name":"wp","href":"https:\/\/api.w.org\/{rel}","templated":true}]}}