{"id":31,"date":"2019-10-31T13:54:44","date_gmt":"2019-10-31T13:54:44","guid":{"rendered":"https:\/\/viken.kulturtanken.app\/?page_id=31"},"modified":"2025-08-07T08:25:15","modified_gmt":"2025-08-07T08:25:15","slug":"er-du-utover","status":"publish","type":"page","link":"https:\/\/www.denkulturelleskolesekken.no\/stavanger\/er-du-utover\/","title":{"rendered":"For ut\u00f8vere"},"content":{"rendered":"\n<p>\u00d8nsker du \u00e5 bidra til \u00e5 gi barn og unge en spesiell skoledag? Profesjonelle ut\u00f8vere, produsenter og formidlere av kunst og kultur kan melde inn forslag til Den kulturelle skolesekken.<\/p>\n\n\n\n<p><strong>Den kulturelle skolesekken i Stavanger legger f\u00f8lgende prinsipper til grunn for utvelgelsen av programmet:<\/strong><\/p>\n\n\n\n<ul class=\"wp-block-list\">\n<li>Forslagene vurderes ut fra kunstnerisk kvalitet, formidling, relevans og \u00f8konomi.<\/li>\n\n\n\n<li>Alle uttrykk skal v\u00e6re representert i programmet.<\/li>\n\n\n\n<li>Alle trinn skal ha et variert tilbud.<\/li>\n\n\n\n<li>Stavanger kommune \u00f8nsker i stor grad \u00e5 bruke lokale ut\u00f8vere\/institusjoner, men disse velges ikke foran andre forslag som vurderes som bedre.<\/li>\n\n\n\n<li>Det skal v\u00e6re en god kj\u00f8nnsbalanse blant ut\u00f8verne.<\/li>\n\n\n\n<li>Ut\u00f8verne skal representere mangfoldet i dagens samfunn; flerkulturelt mangfold, kj\u00f8nns- og seksualitetsmangfold, funksjonsmangfold og interseksjonalitet.<\/li>\n\n\n\n<li>Produksjoner som tas inn i programmet m\u00e5 kunne gj\u00f8re formidlinger for minimum \u00e9n klasse om gangen (inntil 30 elever) og kunne gj\u00f8re 2-3 formidlinger pr. dag.<\/li>\n\n\n\n<li>Vi ser i hovedsak etter produksjoner som kan turnere p\u00e5 skolene, bare unntaksvis tar vi inn st\u00f8rre produksjoner som m\u00e5 spilles p\u00e5 faste scener med skolebes\u00f8k.<br><\/li>\n<\/ul>\n\n\n\n<p>DKS Stavanger har en p\u00e5meldingsordning hvor de enkelte skolene melder sine interesser for hvilke produksjoner fra DKS programmet de \u00f8nsker seg. Med dette som utgangspunkt vil Stavanger kommune i f\u00f8rste omgang kunne tilby turneer p\u00e5 5 dager. Ved stor interesse kan imidlertid turneen utvides til flere dager.<\/p>\n\n\n\n<p>DKS Stavanger programmerer kun for grunnskolene i Stavanger kommune (1. \u2013 10. trinn). Produksjoner som har videreg\u00e5ende elever som eneste m\u00e5lgruppe vil ikke bli vurdert. <br>Det er pr. i dag ingen ordning for barnehagene i kommunen.<\/p>\n\n\n\n<p><\/p>\n\n\n\n<p><strong>Innmelding av forslag<\/strong><\/p>\n\n\n\n<p><a href=\"https:\/\/portal.denkulturelleskolesekken.no\/\">Innmeldingsportalen<\/a> for ut\u00f8vere og kulturinstitusjoner i hele landet driftes av Kulturtanken. I portalen velger man hvilke fylker og\/eller kommuner forslaget skal sendes til. Portalen \u00e5pner 1.september for innsendelse av forslag til p\u00e5f\u00f8lgende skole\u00e5r. <strong><u>Innmeldingsfrist er 1. oktober kl. 23.59<\/u><\/strong>. <br>Forslag som har s\u00f8kt tidligere og blitt antatt, m\u00e5 s\u00f8ke igjen \/ reaktivere forslaget.<\/p>\n\n\n\n<p>Kulturtanken har utviklet ressurser som kan v\u00e6re nyttige i forbindelse med utarbeidelsen av programforslag.<\/p>\n\n\n\n<ul class=\"wp-block-list\">\n<li><a href=\"https:\/\/www.denkulturelleskolesekken.no\/ofte-stilte-sporsmal\/\">Ofte stilte sp\u00f8rsm\u00e5l<\/a><\/li>\n\n\n\n<li><a href=\"https:\/\/www.denkulturelleskolesekken.no\/forside\/om-dks\/utover\/\">Tips og informasjon til ut\u00f8vere<\/a><\/li>\n<\/ul>\n\n\n\n<p><strong>Prosessen<\/strong><\/p>\n\n\n\n<p>Den kulturelle skolesekken i Stavanger mottar hvert \u00e5r et h\u00f8yt antall innmeldte programforslag som medf\u00f8rer at det m\u00e5 gj\u00f8res strenge prioriteringer i utarbeidelsen av programmet. Forslag med mangelfull dokumentasjon gir lite grunnlag for vurdering og vil normalt bli nedprioritert.<\/p>\n\n\n\n<p><strong>Dokumentasjon som m\u00e5 v\u00e6re med:<\/strong><\/p>\n\n\n\n<ul class=\"wp-block-list\">\n<li>CV for alle involverte<\/li>\n\n\n\n<li>Antall ut\u00f8vere, inkludert eventuelle teknikere \u00a0<\/li>\n\n\n\n<li>Budsjett, alle kostnader i forbindelse med produksjonen m\u00e5 beskrives<\/li>\n\n\n\n<li>Bilder av ut\u00f8ver(e) fra fremf\u00f8ring eller av produksjonen<\/li>\n\n\n\n<li>Informasjon om tekniske behov og informasjon om \u00f8konomi og pris m\u00e5 fylles ut for at forslaget skal bli vurdert<\/li>\n\n\n\n<li>Forslag innenfor scenekunst og musikk m\u00e5 legge ved video. Gjerne b\u00e5de utdrag og produksjonen i sin helhet. \u00a0Manglende opptak vil kunne resultere i utilstrekkelig vurderingsgrunnlag<\/li>\n\n\n\n<li>Forslag innenfor film m\u00e5 inneholde p\u00e5synslenke med eventuelt passord.<\/li>\n\n\n\n<li>Ved innmelding av programforslag skal all opphavsrett registreres under punktet \u201copphavsrett og vederlagsplikt\u201d. Dette gjelder uavhengig av om rettighetshaver er ut\u00f8ver eller ikke.<\/li>\n<\/ul>\n\n\n\n<p>Innmeldte forslag b\u00f8r gi oss et klart og tydelig bilde av hvordan produksjonen utspiller seg, hvordan det ser\/h\u00f8res ut, hva verkstedet inneholder osv.<\/p>\n\n\n\n<p>Legg gjerne ved vedlegg som bidrar til \u00e5 fremheve produksjonens kvaliteter. Hvordan presenteres ut\u00f8verne og det kunstneriske? Hvilken erfaring har produksjonen\/de medvirkende med m\u00e5lgruppen? Spesielle behov n\u00e5r det gjelder arena m\u00e5 tydeliggj\u00f8res. &nbsp;<\/p>\n\n\n\n<h3 class=\"wp-block-heading\"><strong>Fremdrift<\/strong><\/h3>\n\n\n\n<ul class=\"wp-block-list\">\n<li><strong>1. september:<\/strong> S\u00f8knadsportalen \u00e5pnes<\/li>\n\n\n\n<li><strong>1. oktober:<\/strong> Innmeldingsfrist<\/li>\n\n\n\n<li><strong>Oktober\u2013januar:<\/strong> Forslagsbehandling<\/li>\n\n\n\n<li><strong>Desember\u2013februar:<\/strong> Programinnstilling og avgj\u00f8relse<\/li>\n\n\n\n<li><strong>Februar-mars:<\/strong> Svar til forslagsstillere<\/li>\n<\/ul>\n\n\n\n<p><strong>Behandling<\/strong><br>Programforslag vurderes av Den kulturelle skolesekken Stavanger i samr\u00e5d med eksterne og interne fagpersoner med h\u00f8y kompetanse p\u00e5 de relevante kulturuttrykkene.<\/p>\n\n\n\n<p><strong>Vedtak<\/strong><br>DKS Stavanger har en styringsgruppe som best\u00e5r av, skolesjef, kultursjef, rektor p\u00e5 kulturskolen og fagleder for DKS. Programmet legges frem og vedtas av styringsgruppen.&nbsp;<\/p>\n\n\n\n<p><strong>Svar til ut\u00f8ver<\/strong><br>Alle f\u00e5r svar i DKS-portalen i form av et generelt avslag eller tilslag.&nbsp; Ved tilslag tar DKS Stavanger kontakt med ut\u00f8ver for \u00e5 opprette dialog om bl.a. omfang og kontrakt.<\/p>\n\n\n\n<p><strong>Klage<\/strong><br>Dersom forslagstiller mener det har blitt gjort en feil ved behandlingen av s\u00f8knaden har man anledning til \u00e5 klage, jf. forvaltningsloven \u00a7 28. <br>Klagefristen er 3 uker fra underretting om vedtaket er mottatt, jf. forvaltningsloven \u00a7 29.<\/p>\n\n\n\n<p><\/p>\n\n\n\n<p><\/p>\n\n\n\n<p><\/p>\n\n\n\n<p><\/p>\n\n\n\n<div class=\"wp-block-buttons is-layout-flex wp-block-buttons-is-layout-flex\"><\/div>\n","protected":false},"excerpt":{"rendered":"<p>\u00d8nsker du \u00e5 bidra til \u00e5 gi barn og unge en spesiell skoledag? Profesjonelle ut\u00f8vere, produsenter og formidlere av kunst og kultur kan melde inn forslag til Den kulturelle skolesekken. Den kulturelle skolesekken i Stavanger legger f\u00f8lgende prinsipper til grunn for utvelgelsen av programmet: DKS Stavanger har en p\u00e5meldingsordning hvor de enkelte skolene melder sine [&hellip;]<\/p>\n","protected":false},"author":4,"featured_media":983,"parent":0,"menu_order":0,"comment_status":"closed","ping_status":"closed","template":"","meta":{"footnotes":""},"class_list":["post-31","page","type-page","status-publish","has-post-thumbnail","hentry"],"_links":{"self":[{"href":"https:\/\/www.denkulturelleskolesekken.no\/stavanger\/wp-json\/wp\/v2\/pages\/31","targetHints":{"allow":["GET"]}}],"collection":[{"href":"https:\/\/www.denkulturelleskolesekken.no\/stavanger\/wp-json\/wp\/v2\/pages"}],"about":[{"href":"https:\/\/www.denkulturelleskolesekken.no\/stavanger\/wp-json\/wp\/v2\/types\/page"}],"author":[{"embeddable":true,"href":"https:\/\/www.denkulturelleskolesekken.no\/stavanger\/wp-json\/wp\/v2\/users\/4"}],"replies":[{"embeddable":true,"href":"https:\/\/www.denkulturelleskolesekken.no\/stavanger\/wp-json\/wp\/v2\/comments?post=31"}],"version-history":[{"count":42,"href":"https:\/\/www.denkulturelleskolesekken.no\/stavanger\/wp-json\/wp\/v2\/pages\/31\/revisions"}],"predecessor-version":[{"id":1326,"href":"https:\/\/www.denkulturelleskolesekken.no\/stavanger\/wp-json\/wp\/v2\/pages\/31\/revisions\/1326"}],"wp:featuredmedia":[{"embeddable":true,"href":"https:\/\/www.denkulturelleskolesekken.no\/stavanger\/wp-json\/wp\/v2\/media\/983"}],"wp:attachment":[{"href":"https:\/\/www.denkulturelleskolesekken.no\/stavanger\/wp-json\/wp\/v2\/media?parent=31"}],"curies":[{"name":"wp","href":"https:\/\/api.w.org\/{rel}","templated":true}]}}