{"id":979,"date":"2022-06-21T18:53:59","date_gmt":"2022-06-21T18:53:59","guid":{"rendered":"https:\/\/wordpress.kulturtanken.app\/oslo\/?page_id=979"},"modified":"2024-09-10T11:17:51","modified_gmt":"2024-09-10T11:17:51","slug":"kulturtanken-mandatet-og-organisering","status":"publish","type":"page","link":"https:\/\/www.denkulturelleskolesekken.no\/oslo\/kulturtanken-mandatet-og-organisering\/","title":{"rendered":"Kulturtanken, mandatet og organisering"},"content":{"rendered":"\n<p>Barn og unge fortjener et kulturtilbud av ypperste kvalitet! DKS og kulturtanken skal legge til rette for barn og unges skaperglede, engasjement og utforskertrang, akkurat slik Stortingsmelding 18 sl\u00e5r fast. <\/p>\n\n\n\n<h4 class=\"wp-block-heading\">Kulturtanken <\/h4>\n\n\n\n<p>Kulturtanken er en statlig fagetat for kunst og kultur til barn og unge, som ivaretar det nasjonale ansvaret for Den kulturelle skolesekken (DKS). Kulturtanken forvalter statlige midler til ordningen og fungerer som et ressurssenter og nasjonalt bindeledd. Kulturtanken skal v\u00e6re en katalysator for videre utvikling av DKS og legge til rette for erfaringsdeling og medvirkning.&nbsp;<\/p>\n\n\n<div id=\"pl-gb979-69f5cfc4dc704\"  class=\"panel-layout\" ><div id=\"pg-gb979-69f5cfc4dc704-0\"  class=\"panel-grid panel-no-style\" ><div id=\"pgc-gb979-69f5cfc4dc704-0-0\"  class=\"panel-grid-cell\" ><div id=\"panel-gb979-69f5cfc4dc704-0-0-0\" class=\"so-panel widget widget_sow-accordion panel-first-child panel-last-child\" data-index=\"0\" ><div\n\t\t\t\n\t\t\tclass=\"so-widget-sow-accordion so-widget-sow-accordion-default-08b75b638542-979\"\n\t\t\t\n\t\t><div>\n\t<div class=\"sow-accordion\">\n\t\t\t<div class=\"sow-accordion-panel\n\t\t\t\t\"\n\t\t\tdata-anchor-id=\"mandatet\">\n\t\t\t\t<div class=\"sow-accordion-panel-header-container\" role=\"heading\" aria-level=\"2\">\n\t\t\t\t\t<div class=\"sow-accordion-panel-header\" tabindex=\"0\" role=\"button\" id=\"accordion-label-mandatet\" aria-controls=\"accordion-content-mandatet\" aria-expanded=\"false\">\n\t\t\t\t\t\t<div class=\"sow-accordion-title sow-accordion-title-icon-left\">\n\t\t\t\t\t\t\t\t\t\t\t\t\t\tMandatet\t\t\t\t\t\t\t\t\t\t\t\t\t<\/div>\n\t\t\t\t\t\t<div class=\"sow-accordion-open-close-button\">\n\t\t\t\t\t\t\t<div class=\"sow-accordion-open-button\">\n\t\t\t\t\t\t\t\t<span class=\"sow-icon-ionicons\" data-sow-icon=\"&#xf218;\"\n\t\t \n\t\taria-hidden=\"true\"><\/span>\t\t\t\t\t\t\t<\/div>\n\t\t\t\t\t\t\t<div class=\"sow-accordion-close-button\">\n\t\t\t\t\t\t\t\t<span class=\"sow-icon-ionicons\" data-sow-icon=\"&#xf209;\"\n\t\t \n\t\taria-hidden=\"true\"><\/span>\t\t\t\t\t\t\t<\/div>\n\t\t\t\t\t\t<\/div>\n\t\t\t\t\t<\/div>\n\t\t\t\t<\/div>\n\n\t\t\t<div\n\t\t\t\tclass=\"sow-accordion-panel-content\"\n\t\t\t\trole=\"region\"\n\t\t\t\taria-labelledby=\"accordion-label-mandatet\"\n\t\t\t\tid=\"accordion-content-mandatet\"\n\t\t\t\tstyle=\"display: none;\"\t\t\t>\n\t\t\t\t<div class=\"sow-accordion-panel-border\">\n\t\t\t\t\t<p><\/p>\n<p><strong>Den kulturelle skolesekken er en nasjonal ordning som skal formidle kunst og kultur av h\u00f8y kvalitet til barn og unge. Den kulturelle skolesekken skal: <\/strong><\/p>\n<p> <\/p>\n<ul>\n<li>V\u00e6re et gratis tilbud for alle barn og unge i grunnskolen og videreg\u00e5ende skole og skal tilbys jevnlig<\/li>\n<li>Sikre at barn og unge f\u00e5r et likeveldig kunst &#8211; og kulturtilbud av h\u00f8y kvalitet, uavhengig av av hvor de bor, slik at de kan gj\u00f8re seg kjent med og utvikle forst\u00e5else for et variert spekter av kulturuttrykk<\/li>\n<li>Bidra til at barn og unge sin danning og utdanning, slik dette er formulert i overordnet del og l\u00e6replaner i fag<\/li>\n<li>Formidle et kulturtilbud som oppleves som relevant og som representerer et kulturelt mangfold av tilbud og ut\u00f8vere<\/li>\n<li>V\u00e6re et samarbeid mellom kultursektoren og utdanningssektoren p\u00e5 alle niv\u00e5 for \u00e5 sikre god planlegging, forankring og tilrettelegging<\/li>\n<li>Bidra til \u00e5 styrke norsk spr\u00e5k, de samiske spr\u00e5kene, de nasjonale minoritetsspr\u00e5kene og norsk tegnspr\u00e5k som grunnleggende kulturb\u00e6rer<\/li>\n<\/ul>\n<p>Det er videre et til m\u00e5l som lyder \u2013\u00a0<em>bidra til \u00e5 formidle kunst- og kulturtilbod til barnehagebarn<\/em>. Dette siste m\u00e5let ivaretas i Oslo kommune av Kulturetaten.\u00a0<a href=\"https:\/\/www.oslo.kommune.no\/tilskudd-legater-og-stipend\/tilskudd-til-kunst-og-kultur-i-barnehager\/#gref\" target=\"_blank\" rel=\"noreferrer noopener\">Se her for mer informasjon fra Kulturetaten om kunst og kultur til barnehagene.<\/a><\/p>\n<p> <\/p>\n<p>Fra meld. St. 18 (2020 &#8211; 2021) <a href=\"https:\/\/www.regjeringen.no\/no\/dokumenter\/meld.-st.-18-20202021\/id2839455\/\" data-type=\"URL\" data-id=\"https:\/\/www.regjeringen.no\/no\/dokumenter\/meld.-st.-18-20202021\/id2839455\/\">Oppleve, skape, dele &#8211; kunst og kultur for, med og av barn og unge<\/a><\/p>\n<p><\/p>\n\t\t\t\t<\/div>\n\t\t\t<\/div>\n\t\t<\/div>\n\t\t<\/div>\n<\/div>\n<\/div><\/div><\/div><\/div><\/div>\n\n\n<p><\/p>\n\n\n\n<h2 class=\"wp-block-heading\">Organisering i Oslo <\/h2>\n\n\n\n<p>I Oslo er ansvaret for Den kulturelle skolesekken (DKS Oslo) lagt til byr\u00e5den for oppvekst og kunnskap. DKS Oslo har en styringsgruppe som gir r\u00e5d og best\u00e5r av representanter fra Kulturetaten, Byr\u00e5dsavdelingen for oppvekst og kunnskap, Byr\u00e5dsavdelingen for kultur, idrett og frivillighet, samt Utdanningsetaten. Utdanningsetaten i Oslo (UDE) har den praktiske ansvaret.<\/p>\n\n\n\n<p>Faggruppen for DKS Oslo er en del av avdelingen for pedagogisk kompetanseutvikling (PKU). Denne gruppen henter inn kunst- og kulturproduksjoner til programmet, organiserer alt som har med det praktiske \u00e5 gj\u00f8re, og sikrer kvaliteten i DKS-tilbudene for skolene.<\/p>\n\n\n\n<p>Skolelederen p\u00e5 hver skole har ansvaret for \u00e5 s\u00f8rge for at alle elever f\u00e5r delta i DKS. Skolelederen velger \u00e9n eller flere kulturkontakter som organiserer DKS-aktiviteter og informerer skolen. Kulturkontaktene er hovedbindeleddet mellom DKS Oslo og skolen. Hver l\u00e6rer har ogs\u00e5 ansvar for \u00e5 tilrettelegge slik at elevene f\u00e5r best mulig opplevelse av kulturproduksjonene.<\/p>\n\n\n\n<div style=\"height:100px\" aria-hidden=\"true\" class=\"wp-block-spacer\"><\/div>\n\n\n\n<p><\/p>\n\n\n\n<p><\/p>\n","protected":false},"excerpt":{"rendered":"<p>Barn og unge fortjener et kulturtilbud av ypperste kvalitet! DKS og kulturtanken skal legge til rette for barn og unges skaperglede, engasjement og utforskertrang, akkurat slik Stortingsmelding 18 sl\u00e5r fast. Kulturtanken Kulturtanken er en statlig fagetat for kunst og kultur til barn og unge, som ivaretar det nasjonale ansvaret for Den kulturelle skolesekken (DKS). Kulturtanken [&hellip;]<\/p>\n","protected":false},"author":13,"featured_media":1950,"parent":0,"menu_order":0,"comment_status":"closed","ping_status":"closed","template":"","meta":{"footnotes":""},"class_list":["post-979","page","type-page","status-publish","has-post-thumbnail","hentry"],"_links":{"self":[{"href":"https:\/\/www.denkulturelleskolesekken.no\/oslo\/wp-json\/wp\/v2\/pages\/979","targetHints":{"allow":["GET"]}}],"collection":[{"href":"https:\/\/www.denkulturelleskolesekken.no\/oslo\/wp-json\/wp\/v2\/pages"}],"about":[{"href":"https:\/\/www.denkulturelleskolesekken.no\/oslo\/wp-json\/wp\/v2\/types\/page"}],"author":[{"embeddable":true,"href":"https:\/\/www.denkulturelleskolesekken.no\/oslo\/wp-json\/wp\/v2\/users\/13"}],"replies":[{"embeddable":true,"href":"https:\/\/www.denkulturelleskolesekken.no\/oslo\/wp-json\/wp\/v2\/comments?post=979"}],"version-history":[{"count":36,"href":"https:\/\/www.denkulturelleskolesekken.no\/oslo\/wp-json\/wp\/v2\/pages\/979\/revisions"}],"predecessor-version":[{"id":2744,"href":"https:\/\/www.denkulturelleskolesekken.no\/oslo\/wp-json\/wp\/v2\/pages\/979\/revisions\/2744"}],"wp:featuredmedia":[{"embeddable":true,"href":"https:\/\/www.denkulturelleskolesekken.no\/oslo\/wp-json\/wp\/v2\/media\/1950"}],"wp:attachment":[{"href":"https:\/\/www.denkulturelleskolesekken.no\/oslo\/wp-json\/wp\/v2\/media?parent=979"}],"curies":[{"name":"wp","href":"https:\/\/api.w.org\/{rel}","templated":true}]}}

<p>Barn og unge fortjener et kulturtilbud av ypperste kvalitet! DKS og kulturtanken skal legge til rette for barn og unges skaperglede, engasjement og utforskertrang, akkurat slik Stortingsmelding 18 slår fast. </p>



<h4 class="wp-block-heading">Kulturtanken </h4>



<p>Kulturtanken er en statlig fagetat for kunst og kultur til barn og unge, som ivaretar det nasjonale ansvaret for Den kulturelle skolesekken (DKS). Kulturtanken forvalter statlige midler til ordningen og fungerer som et ressurssenter og nasjonalt bindeledd. Kulturtanken skal være en katalysator for videre utvikling av DKS og legge til rette for erfaringsdeling og medvirkning.&nbsp;</p>


<div id="pl-gb979-69f5cfc4dc704"  class="panel-layout" ><div id="pg-gb979-69f5cfc4dc704-0"  class="panel-grid panel-no-style" ><div id="pgc-gb979-69f5cfc4dc704-0-0"  class="panel-grid-cell" ><div id="panel-gb979-69f5cfc4dc704-0-0-0" class="so-panel widget widget_sow-accordion panel-first-child panel-last-child" data-index="0" ><div
			
			class="so-widget-sow-accordion so-widget-sow-accordion-default-08b75b638542-979"
			
		><div>
	<div class="sow-accordion">
			<div class="sow-accordion-panel
				"
			data-anchor-id="mandatet">
				<div class="sow-accordion-panel-header-container" role="heading" aria-level="2">
					<div class="sow-accordion-panel-header" tabindex="0" role="button" id="accordion-label-mandatet" aria-controls="accordion-content-mandatet" aria-expanded="false">
						<div class="sow-accordion-title sow-accordion-title-icon-left">
														Mandatet													</div>
						<div class="sow-accordion-open-close-button">
							<div class="sow-accordion-open-button">
								<span class="sow-icon-ionicons" data-sow-icon="&#xf218;"
		 
		aria-hidden="true"></span>							</div>
							<div class="sow-accordion-close-button">
								<span class="sow-icon-ionicons" data-sow-icon="&#xf209;"
		 
		aria-hidden="true"></span>							</div>
						</div>
					</div>
				</div>

			<div
				class="sow-accordion-panel-content"
				role="region"
				aria-labelledby="accordion-label-mandatet"
				id="accordion-content-mandatet"
				style="display: none;"			>
				<div class="sow-accordion-panel-border">
					<p></p>
<p><strong>Den kulturelle skolesekken er en nasjonal ordning som skal formidle kunst og kultur av høy kvalitet til barn og unge. Den kulturelle skolesekken skal: </strong></p>
<p> </p>
<ul>
<li>Være et gratis tilbud for alle barn og unge i grunnskolen og videregående skole og skal tilbys jevnlig</li>
<li>Sikre at barn og unge får et likeveldig kunst &#8211; og kulturtilbud av høy kvalitet, uavhengig av av hvor de bor, slik at de kan gjøre seg kjent med og utvikle forståelse for et variert spekter av kulturuttrykk</li>
<li>Bidra til at barn og unge sin danning og utdanning, slik dette er formulert i overordnet del og læreplaner i fag</li>
<li>Formidle et kulturtilbud som oppleves som relevant og som representerer et kulturelt mangfold av tilbud og utøvere</li>
<li>Være et samarbeid mellom kultursektoren og utdanningssektoren på alle nivå for å sikre god planlegging, forankring og tilrettelegging</li>
<li>Bidra til å styrke norsk språk, de samiske språkene, de nasjonale minoritetsspråkene og norsk tegnspråk som grunnleggende kulturbærer</li>
</ul>
<p>Det er videre et til mål som lyder – <em>bidra til å formidle kunst- og kulturtilbod til barnehagebarn</em>. Dette siste målet ivaretas i Oslo kommune av Kulturetaten. <a href="https://www.oslo.kommune.no/tilskudd-legater-og-stipend/tilskudd-til-kunst-og-kultur-i-barnehager/#gref" target="_blank" rel="noreferrer noopener">Se her for mer informasjon fra Kulturetaten om kunst og kultur til barnehagene.</a></p>
<p> </p>
<p>Fra meld. St. 18 (2020 &#8211; 2021) <a href="https://www.regjeringen.no/no/dokumenter/meld.-st.-18-20202021/id2839455/" data-type="URL" data-id="https://www.regjeringen.no/no/dokumenter/meld.-st.-18-20202021/id2839455/">Oppleve, skape, dele &#8211; kunst og kultur for, med og av barn og unge</a></p>
<p></p>
				</div>
			</div>
		</div>
		</div>
</div>
</div></div></div></div></div>


<p></p>



<h2 class="wp-block-heading">Organisering i Oslo </h2>



<p>I Oslo er ansvaret for Den kulturelle skolesekken (DKS Oslo) lagt til byråden for oppvekst og kunnskap. DKS Oslo har en styringsgruppe som gir råd og består av representanter fra Kulturetaten, Byrådsavdelingen for oppvekst og kunnskap, Byrådsavdelingen for kultur, idrett og frivillighet, samt Utdanningsetaten. Utdanningsetaten i Oslo (UDE) har den praktiske ansvaret.</p>



<p>Faggruppen for DKS Oslo er en del av avdelingen for pedagogisk kompetanseutvikling (PKU). Denne gruppen henter inn kunst- og kulturproduksjoner til programmet, organiserer alt som har med det praktiske å gjøre, og sikrer kvaliteten i DKS-tilbudene for skolene.</p>



<p>Skolelederen på hver skole har ansvaret for å sørge for at alle elever får delta i DKS. Skolelederen velger én eller flere kulturkontakter som organiserer DKS-aktiviteter og informerer skolen. Kulturkontaktene er hovedbindeleddet mellom DKS Oslo og skolen. Hver lærer har også ansvar for å tilrettelegge slik at elevene får best mulig opplevelse av kulturproduksjonene.</p>



<div style="height:100px" aria-hidden="true" class="wp-block-spacer"></div>



<p></p>



<p></p>

<p>Barn og unge fortjener et kulturtilbud av ypperste kvalitet! DKS og kulturtanken skal legge til rette for barn og unges skaperglede, engasjement og utforskertrang, akkurat slik Stortingsmelding 18 slår fast. Kulturtanken Kulturtanken er en statlig fagetat for kunst og kultur til barn og unge, som ivaretar det nasjonale ansvaret for Den kulturelle skolesekken (DKS). Kulturtanken [&hellip;]</p>
