{"id":1304,"date":"2022-07-04T13:33:36","date_gmt":"2022-07-04T13:33:36","guid":{"rendered":"https:\/\/www.denkulturelleskolesekken.no\/oslo\/?page_id=1304"},"modified":"2025-09-12T11:03:37","modified_gmt":"2025-09-12T11:03:37","slug":"videregaende-skole-valgfri-meny","status":"publish","type":"page","link":"https:\/\/www.denkulturelleskolesekken.no\/oslo\/videregaende-skole-valgfri-meny\/","title":{"rendered":"Program for VGS"},"content":{"rendered":"\n<p>Programmet for VGS er i sin helhet valgfritt. P\u00e5melding kan gj\u00f8res hele skole\u00e5ret s\u00e5 lenge det er ledig tilbud. Merk at f\u00f8rst til m\u00f8lla- prinsippet gjelder, og at tildeling blir gjort med en gang. <\/p>\n\n\n\n<p>Menyen til de videreg\u00e5ende skolen er bredt sammensatt, og inneholder produksjoner innen alle kulturuttrykkene. Hver skole og skoleleder har et selvstendig ansvar for \u00e5 tilrettelegge for at elevene f\u00e5r delta.<\/p>\n\n\n\n<p><strong>Tildeling<\/strong><\/p>\n\n\n\n<ul class=\"wp-block-list\">\n<li>For p\u00e5melding, g\u00e5 til\u00a0<a href=\"https:\/\/portal.denkulturelleskolesekken.no\/\" target=\"_blank\" rel=\"noreferrer noopener\">portalen<\/a>. <\/li>\n<\/ul>\n\n\n\n<ul class=\"wp-block-list\">\n<li>For \u00e5 lese om produksjonene og se skolens kulturkalender, g\u00e5 til\u00a0<a href=\"https:\/\/www.denkulturelleskolesekken.no\/oslo\/utforsk-produksjoner-i-dks\/\" target=\"_blank\" rel=\"noreferrer noopener\">programutforskeren<\/a>.<\/li>\n<\/ul>\n\n\n\n<p><\/p>\n\n\n\n<p><strong>DKS i skolens oppdrag<\/strong><\/p>\n\n\n\n<ul class=\"wp-block-list\">\n<li>Produksjonene kan knyttes opp mot LK20. Les mer p\u00e5 <a href=\"https:\/\/www.udir.no\/laring-og-trivsel\/lareplanverket\/stotte\/den-kulturelle-skolesekken\/\" target=\"_blank\" rel=\"noreferrer noopener\">Udir sine sider <\/a><\/li>\n<\/ul>\n\n\n\n<ul class=\"wp-block-list\">\n<li>Kulturm\u00f8tene er viktig i seg selv, og st\u00e5r p\u00e5 timeplanen i et dannelsesperspektiv, forankret i oppl\u00e6ringslovens verdigrunnlag.<\/li>\n<\/ul>\n\n\n\n<ul class=\"wp-block-list\">\n<li>Kulturm\u00f8tene kan v\u00e6re en ressurs i realiseringen av skolens m\u00e5l, b\u00e5de i og p\u00e5 tvers av fag.<\/li>\n<\/ul>\n\n\n\n<div style=\"height:231px\" aria-hidden=\"true\" class=\"wp-block-spacer\"><\/div>\n","protected":false},"excerpt":{"rendered":"<p>Programmet for VGS er i sin helhet valgfritt. P\u00e5melding kan gj\u00f8res hele skole\u00e5ret s\u00e5 lenge det er ledig tilbud. Merk at f\u00f8rst til m\u00f8lla- prinsippet gjelder, og at tildeling blir gjort med en gang. Menyen til de videreg\u00e5ende skolen er bredt sammensatt, og inneholder produksjoner innen alle kulturuttrykkene. Hver skole og skoleleder har et selvstendig [&hellip;]<\/p>\n","protected":false},"author":13,"featured_media":2272,"parent":0,"menu_order":0,"comment_status":"closed","ping_status":"closed","template":"","meta":{"footnotes":""},"class_list":["post-1304","page","type-page","status-publish","has-post-thumbnail","hentry"],"_links":{"self":[{"href":"https:\/\/www.denkulturelleskolesekken.no\/oslo\/wp-json\/wp\/v2\/pages\/1304","targetHints":{"allow":["GET"]}}],"collection":[{"href":"https:\/\/www.denkulturelleskolesekken.no\/oslo\/wp-json\/wp\/v2\/pages"}],"about":[{"href":"https:\/\/www.denkulturelleskolesekken.no\/oslo\/wp-json\/wp\/v2\/types\/page"}],"author":[{"embeddable":true,"href":"https:\/\/www.denkulturelleskolesekken.no\/oslo\/wp-json\/wp\/v2\/users\/13"}],"replies":[{"embeddable":true,"href":"https:\/\/www.denkulturelleskolesekken.no\/oslo\/wp-json\/wp\/v2\/comments?post=1304"}],"version-history":[{"count":17,"href":"https:\/\/www.denkulturelleskolesekken.no\/oslo\/wp-json\/wp\/v2\/pages\/1304\/revisions"}],"predecessor-version":[{"id":3277,"href":"https:\/\/www.denkulturelleskolesekken.no\/oslo\/wp-json\/wp\/v2\/pages\/1304\/revisions\/3277"}],"wp:featuredmedia":[{"embeddable":true,"href":"https:\/\/www.denkulturelleskolesekken.no\/oslo\/wp-json\/wp\/v2\/media\/2272"}],"wp:attachment":[{"href":"https:\/\/www.denkulturelleskolesekken.no\/oslo\/wp-json\/wp\/v2\/media?parent=1304"}],"curies":[{"name":"wp","href":"https:\/\/api.w.org\/{rel}","templated":true}]}}

<p>Programmet for VGS er i sin helhet valgfritt. Påmelding kan gjøres hele skoleåret så lenge det er ledig tilbud. Merk at først til mølla- prinsippet gjelder, og at tildeling blir gjort med en gang. </p>



<p>Menyen til de videregående skolen er bredt sammensatt, og inneholder produksjoner innen alle kulturuttrykkene. Hver skole og skoleleder har et selvstendig ansvar for å tilrettelegge for at elevene får delta.</p>



<p><strong>Tildeling</strong></p>



<ul class="wp-block-list">
<li>For påmelding, gå til <a href="https://portal.denkulturelleskolesekken.no/" target="_blank" rel="noreferrer noopener">portalen</a>. </li>
</ul>



<ul class="wp-block-list">
<li>For å lese om produksjonene og se skolens kulturkalender, gå til <a href="https://www.denkulturelleskolesekken.no/oslo/utforsk-produksjoner-i-dks/" target="_blank" rel="noreferrer noopener">programutforskeren</a>.</li>
</ul>



<p></p>



<p><strong>DKS i skolens oppdrag</strong></p>



<ul class="wp-block-list">
<li>Produksjonene kan knyttes opp mot LK20. Les mer på <a href="https://www.udir.no/laring-og-trivsel/lareplanverket/stotte/den-kulturelle-skolesekken/" target="_blank" rel="noreferrer noopener">Udir sine sider </a></li>
</ul>



<ul class="wp-block-list">
<li>Kulturmøtene er viktig i seg selv, og står på timeplanen i et dannelsesperspektiv, forankret i opplæringslovens verdigrunnlag.</li>
</ul>



<ul class="wp-block-list">
<li>Kulturmøtene kan være en ressurs i realiseringen av skolens mål, både i og på tvers av fag.</li>
</ul>



<div style="height:231px" aria-hidden="true" class="wp-block-spacer"></div>

<p>Programmet for VGS er i sin helhet valgfritt. Påmelding kan gjøres hele skoleåret så lenge det er ledig tilbud. Merk at først til mølla- prinsippet gjelder, og at tildeling blir gjort med en gang. Menyen til de videregående skolen er bredt sammensatt, og inneholder produksjoner innen alle kulturuttrykkene. Hver skole og skoleleder har et selvstendig [&hellip;]</p>
