{"id":1243,"date":"2022-06-24T10:53:56","date_gmt":"2022-06-24T10:53:56","guid":{"rendered":"https:\/\/wordpress.kulturtanken.app\/oslo\/?page_id=1243"},"modified":"2024-06-20T09:52:40","modified_gmt":"2024-06-20T09:52:40","slug":"verksteder-og-tilrettelagte-produksjoner","status":"publish","type":"page","link":"https:\/\/www.denkulturelleskolesekken.no\/oslo\/verksteder-og-tilrettelagte-produksjoner\/","title":{"rendered":"Verksteder og tilrettelagte produksjoner"},"content":{"rendered":"\n<p>Det vil variere fra \u00e5r til hvor mange verksteder og tilrettelagte produksjoner vi kan tilby skolene, og til hvilke m\u00e5lgrupper.<\/p>\n\n\n\n<h2 class=\"wp-block-heading\">Verksteder<\/h2>\n\n\n\n<p>Verkstedsmenyen er sammensatt av produksjoner innen forskjellige kulturuttrykk, med varighet fra \u00e9n eller flere dager. Det forutsettes at skolen er kjent med omfang og eventuelle tekniske behov, f\u00f8r interesse meldes. <\/p>\n\n\n\n<p>I en gitt periode p\u00e5 v\u00e5ren (som regel april) kan skolene melde interesse for verksteder for kommende skole\u00e5r. I l\u00f8pet av juni publiserer vi skolenes kulturkalender. Da vil skolene ogs\u00e5 f\u00e5 svar p\u00e5 om de har f\u00e5tt \u00f8nsket verksted. <\/p>\n\n\n\n<h2 class=\"wp-block-heading\">Tilrettelagte produksjoner<\/h2>\n\n\n\n<p>Tilrettelagte produksjoner tildeles av DKS Oslo etter at spesialskoler og spesialavdelinger har f\u00e5tt mulighet til \u00e5 melde interesse via en Forms, som sendes med en e-post fra oss. Dette skjer i l\u00f8pet av v\u00e5ren. <\/p>\n\n\n\n<p>Kontakt oss om skolen din har spesialavdeling som \u00f8nsker \u00e5 delta p\u00e5 tilrettelagte produksjoner. <\/p>\n\n\n\n<div style=\"height:100px\" aria-hidden=\"true\" class=\"wp-block-spacer\"><\/div>\n","protected":false},"excerpt":{"rendered":"<p>Det vil variere fra \u00e5r til hvor mange verksteder og tilrettelagte produksjoner vi kan tilby skolene, og til hvilke m\u00e5lgrupper. Verksteder Verkstedsmenyen er sammensatt av produksjoner innen forskjellige kulturuttrykk, med varighet fra \u00e9n eller flere dager. Det forutsettes at skolen er kjent med omfang og eventuelle tekniske behov, f\u00f8r interesse meldes. I en gitt periode [&hellip;]<\/p>\n","protected":false},"author":13,"featured_media":2278,"parent":0,"menu_order":0,"comment_status":"closed","ping_status":"closed","template":"","meta":{"footnotes":""},"class_list":["post-1243","page","type-page","status-publish","has-post-thumbnail","hentry"],"_links":{"self":[{"href":"https:\/\/www.denkulturelleskolesekken.no\/oslo\/wp-json\/wp\/v2\/pages\/1243","targetHints":{"allow":["GET"]}}],"collection":[{"href":"https:\/\/www.denkulturelleskolesekken.no\/oslo\/wp-json\/wp\/v2\/pages"}],"about":[{"href":"https:\/\/www.denkulturelleskolesekken.no\/oslo\/wp-json\/wp\/v2\/types\/page"}],"author":[{"embeddable":true,"href":"https:\/\/www.denkulturelleskolesekken.no\/oslo\/wp-json\/wp\/v2\/users\/13"}],"replies":[{"embeddable":true,"href":"https:\/\/www.denkulturelleskolesekken.no\/oslo\/wp-json\/wp\/v2\/comments?post=1243"}],"version-history":[{"count":16,"href":"https:\/\/www.denkulturelleskolesekken.no\/oslo\/wp-json\/wp\/v2\/pages\/1243\/revisions"}],"predecessor-version":[{"id":2280,"href":"https:\/\/www.denkulturelleskolesekken.no\/oslo\/wp-json\/wp\/v2\/pages\/1243\/revisions\/2280"}],"wp:featuredmedia":[{"embeddable":true,"href":"https:\/\/www.denkulturelleskolesekken.no\/oslo\/wp-json\/wp\/v2\/media\/2278"}],"wp:attachment":[{"href":"https:\/\/www.denkulturelleskolesekken.no\/oslo\/wp-json\/wp\/v2\/media?parent=1243"}],"curies":[{"name":"wp","href":"https:\/\/api.w.org\/{rel}","templated":true}]}}

<p>Det vil variere fra år til hvor mange verksteder og tilrettelagte produksjoner vi kan tilby skolene, og til hvilke målgrupper.</p>



<h2 class="wp-block-heading">Verksteder</h2>



<p>Verkstedsmenyen er sammensatt av produksjoner innen forskjellige kulturuttrykk, med varighet fra én eller flere dager. Det forutsettes at skolen er kjent med omfang og eventuelle tekniske behov, før interesse meldes. </p>



<p>I en gitt periode på våren (som regel april) kan skolene melde interesse for verksteder for kommende skoleår. I løpet av juni publiserer vi skolenes kulturkalender. Da vil skolene også få svar på om de har fått ønsket verksted. </p>



<h2 class="wp-block-heading">Tilrettelagte produksjoner</h2>



<p>Tilrettelagte produksjoner tildeles av DKS Oslo etter at spesialskoler og spesialavdelinger har fått mulighet til å melde interesse via en Forms, som sendes med en e-post fra oss. Dette skjer i løpet av våren. </p>



<p>Kontakt oss om skolen din har spesialavdeling som ønsker å delta på tilrettelagte produksjoner. </p>



<div style="height:100px" aria-hidden="true" class="wp-block-spacer"></div>

<p>Det vil variere fra år til hvor mange verksteder og tilrettelagte produksjoner vi kan tilby skolene, og til hvilke målgrupper. Verksteder Verkstedsmenyen er sammensatt av produksjoner innen forskjellige kulturuttrykk, med varighet fra én eller flere dager. Det forutsettes at skolen er kjent med omfang og eventuelle tekniske behov, før interesse meldes. I en gitt periode [&hellip;]</p>
