{"id":893,"date":"2020-03-23T09:11:48","date_gmt":"2020-03-23T09:11:48","guid":{"rendered":"https:\/\/wordpress.kulturtanken.app\/nordland\/?page_id=893"},"modified":"2023-08-17T12:12:42","modified_gmt":"2023-08-17T12:12:42","slug":"om-dks-nordland","status":"publish","type":"page","link":"https:\/\/www.denkulturelleskolesekken.no\/nordland\/om-dks-nordland\/","title":{"rendered":"Om DKS Nordland"},"content":{"rendered":"<div id=\"pl-gb893-69e500d97739c\"  class=\"panel-layout\" ><div id=\"pg-gb893-69e500d97739c-0\"  class=\"panel-grid panel-no-style\" ><div id=\"pgc-gb893-69e500d97739c-0-0\"  class=\"panel-grid-cell panel-grid-cell-empty panel-grid-cell-mobile-last\" ><\/div><div id=\"pgc-gb893-69e500d97739c-0-1\"  class=\"panel-grid-cell panel-grid-cell-empty\" ><\/div><\/div><div id=\"pg-gb893-69e500d97739c-1\"  class=\"panel-grid panel-no-style\" ><div id=\"pgc-gb893-69e500d97739c-1-0\"  class=\"panel-grid-cell\" ><div id=\"panel-gb893-69e500d97739c-1-0-0\" class=\"so-panel widget widget_sow-editor panel-first-child panel-last-child\" data-index=\"0\" ><div\n\t\t\t\n\t\t\tclass=\"so-widget-sow-editor so-widget-sow-editor-base\"\n\t\t\t\n\t\t>\n<div class=\"siteorigin-widget-tinymce textwidget\">\n\t<h3>&#8212;<\/h3>\n<h4><strong>Den kulturelle skolesekken (DKS) er ei nasjonal ordning som s\u00f8rger for at alle skoleelever i Norge f\u00e5r oppleve profesjonell kunst og kultur hvert \u00e5r. Ordningen er unik i verdenssammenheng.<\/strong><\/h4>\n<p>Elevene og skolen skal gjennom ordningen f\u00e5 mulighet til \u00e5 oppleve, gj\u00f8re seg kjent med og utvikle forst\u00e5else for profesjonell kunst og kulturuttrykk av alle slag. Vi skal ha et variert og relevant program innenfor fem ulike kunstuttrykk: scenekunst, film, musikk, litteratur og visuell kunst.<\/p>\n<p>DKS Nordland administreres av faggruppe for kulturproduksjon i seksjon for samfunnsutvikling i Nordland fylkeskommune.<\/p>\n<h3><strong>Kort om Nordland<\/strong><\/h3>\n<p>Nordland er et langstrakt fylke med 41 kommuner. Av disse er det mange \u00f8ykommuner.<\/p>\n<p>Den fergefrie avstanden fra s\u00f8r til nord er ca. 850 km (Bindal\u2013And\u00f8y).<\/p>\n<p>Vi har 220 grunnskoler med til sammen 28 000 elever og 16 videreg\u00e5ende skoler med til sammen 9 000 elever.<\/p>\n<p>Grunnskolene i Nordland f\u00e5r DKS-produksjoner innenfor alle kunstuttrykkene (visuell kunst, litteratur, film, scenekunst og musikk). De videreg\u00e5ende skolene har avtale om et fast program som sikrer innslag av kulturarv (vg1) og litteratur (vg2), i tillegg til arrangementer med de andre uttrykkene.<\/p>\n<p>&nbsp;<\/p>\n<h3>Kort om Kulturtanken<\/h3>\n<p>Kulturtanken er en statlig fagetat som ivaretar det nasjonale ansvaret for DKS. Kulturtanken er underlagt Kultur- og likestillingsdepartementet, som i arbeidet med DKS samarbeider med Kunnskapsdepartementet.<\/p>\n<p>Etaten forvalter de statlige midlene til DKS-ordningen, og skal bidra til \u00e5 styrke og utvikle ordninga i samarbeid med fylkeskommuner og kommuner.<\/p>\n<p>De bidrar ogs\u00e5 i arbeidet med barne- og ungdomskultur, og har som m\u00e5l \u00e5 bedre mulighetene for barn og unges deltakelse i kulturlivet. <a href=\"https:\/\/www.kulturtanken.no\/\">Les mer om Kulturtanken p\u00e5 nettsidene deres.<\/a><\/p>\n<\/div>\n<\/div><\/div><\/div><\/div><\/div>\n\n\n<p><\/p>\n","protected":false},"excerpt":{"rendered":"<p>&#8212; Den kulturelle skolesekken (DKS) er ei nasjonal ordning som s\u00f8rger for at alle skoleelever i Norge f\u00e5r oppleve profesjonell kunst og kultur hvert \u00e5r. Ordningen er unik i verdenssammenheng. Elevene og skolen skal gjennom ordningen f\u00e5 mulighet til \u00e5 oppleve, gj\u00f8re seg kjent med og utvikle forst\u00e5else for profesjonell kunst og kulturuttrykk av alle [&hellip;]<\/p>\n","protected":false},"author":9,"featured_media":1993,"parent":0,"menu_order":1,"comment_status":"closed","ping_status":"closed","template":"","meta":{"footnotes":""},"class_list":["post-893","page","type-page","status-publish","has-post-thumbnail","hentry"],"_links":{"self":[{"href":"https:\/\/www.denkulturelleskolesekken.no\/nordland\/wp-json\/wp\/v2\/pages\/893","targetHints":{"allow":["GET"]}}],"collection":[{"href":"https:\/\/www.denkulturelleskolesekken.no\/nordland\/wp-json\/wp\/v2\/pages"}],"about":[{"href":"https:\/\/www.denkulturelleskolesekken.no\/nordland\/wp-json\/wp\/v2\/types\/page"}],"author":[{"embeddable":true,"href":"https:\/\/www.denkulturelleskolesekken.no\/nordland\/wp-json\/wp\/v2\/users\/9"}],"replies":[{"embeddable":true,"href":"https:\/\/www.denkulturelleskolesekken.no\/nordland\/wp-json\/wp\/v2\/comments?post=893"}],"version-history":[{"count":16,"href":"https:\/\/www.denkulturelleskolesekken.no\/nordland\/wp-json\/wp\/v2\/pages\/893\/revisions"}],"predecessor-version":[{"id":1982,"href":"https:\/\/www.denkulturelleskolesekken.no\/nordland\/wp-json\/wp\/v2\/pages\/893\/revisions\/1982"}],"wp:featuredmedia":[{"embeddable":true,"href":"https:\/\/www.denkulturelleskolesekken.no\/nordland\/wp-json\/wp\/v2\/media\/1993"}],"wp:attachment":[{"href":"https:\/\/www.denkulturelleskolesekken.no\/nordland\/wp-json\/wp\/v2\/media?parent=893"}],"curies":[{"name":"wp","href":"https:\/\/api.w.org\/{rel}","templated":true}]}}