{"id":25,"date":"2019-10-31T13:51:34","date_gmt":"2019-10-31T13:51:34","guid":{"rendered":"https:\/\/viken.kulturtanken.app\/?page_id=25"},"modified":"2024-10-22T08:28:47","modified_gmt":"2024-10-22T08:28:47","slug":"for-kulturkontakter","status":"publish","type":"page","link":"https:\/\/www.denkulturelleskolesekken.no\/nordland\/for-kulturkontakter\/","title":{"rendered":"Informasjon og verkt\u00f8y til kulturkontakter"},"content":{"rendered":"<p>Som kulturkontakt er du det viktigste bindeleddet mellom skolen, Den kulturelle skolesekken (DKS) og ut\u00f8verne. Takk for at du har tatt p\u00e5 deg dette oppdraget!<\/p>\n<p><strong>DKS Nordland har f\u00e5tt en helt ny veileder for kulturkontakter. <a href=\"https:\/\/cdn.denkulturelleskolesekken.no\/nordland\/8f0ff728-verktoyark-veileder-for-kulturkontakter-i-dks-nordland-bokmal.pdf\" target=\"_blank\" rel=\"noreferrer noopener\" data-type=\"URL\" data-id=\"https:\/\/cdn.denkulturelleskolesekken.no\/oslo\/7362bf30-kulturkontakt-veileder.pdf\">Last ned veilederen her.<\/a><\/strong><\/p>\n<p>Kulturtanken har ogs\u00e5 laget <a href=\"https:\/\/www.kulturtanken.no\/veileder-for-kulturkontakten\/\">ei fyldig og god samleside med masse nyttig informasjon<\/a>. I artikkelen <a href=\"https:\/\/www.kulturtanken.no\/aktuelt\/2020\/kulturkontakt-en-essensiell-rolle\/\">Kulturkontakt \u2013 en essensiell rolle<\/a> kan du f.eks. lese seks intervjuer med kulturkontakter fra hele landet, som forteller om gleder og utfordringer knyttet til rollen.<\/p>\n<p>De nye nettsidene dkskommer.no inneholder ogs\u00e5 mange gode tips til l\u00e6rere og kulturkontakter. Bla deg gjerne gjennom her: <a href=\"https:\/\/dkskommer.no\/\">dkskommer.no<\/a>.<\/p>\n<h3>Kulturkontaktens oppgaver<\/h3>\n<ul>\n<li>Holde seg orientert om tilbudet<\/li>\n<li>Videreformidle og sikre informasjon til l\u00e6rere om aktuelle produksjoner<\/li>\n<li>Sikre at ut\u00f8verne blir tatt godt imot n\u00e5r de kommer til skolen<\/li>\n<li>Sikre at ut\u00f8verne blir presentert for elevene n\u00e5r det er et \u00f8nske (p\u00e5 st\u00f8rre forestillinger fra scene), og at de blir presentert for klassel\u00e6rerne n\u00e5r tilbudet er klasseromsbes\u00f8k. Bidra til \u00e5 sende inn evalueringsskjema etter bes\u00f8k\/forestilling.<\/li>\n<li>V\u00e6re skolen sitt taler\u00f8r og delta i dialogen som skal hjelpe oss \u00e5 utvikle DKS Nordland<\/li>\n<li>F\u00f8lge opp kulturverter og andre som f\u00e5r delegert ansvar ved bes\u00f8k p\u00e5 skolen<\/li>\n<li>Oppdatere skolens informasjon, elevtall og ukeplaner i DKS-portalen<\/li>\n<\/ul>\n<h3>\u00c5rshjul for kulturkontakter<\/h3>\n<p>Vi har laget et forslag til \u00e5rshjul for kulturkontakter, som kan tilpasses den enkelte skole. <a href=\"https:\/\/cdn.denkulturelleskolesekken.no\/nordland\/7a29c270-kulturkontaktens-arshjul.pdf\">Last ned \u00e5rshjulet her<\/a>.<\/p>\n\n\n<p><\/p>\n","protected":false},"excerpt":{"rendered":"<p>Som kulturkontakt er du det viktigste bindeleddet mellom skolen, Den kulturelle skolesekken (DKS) og ut\u00f8verne. Takk for at du har tatt p\u00e5 deg dette oppdraget! DKS Nordland har f\u00e5tt en helt ny veileder for kulturkontakter. Last ned veilederen her. Kulturtanken har ogs\u00e5 laget ei fyldig og god samleside med masse nyttig informasjon. I artikkelen Kulturkontakt [&hellip;]<\/p>\n","protected":false},"author":2,"featured_media":1964,"parent":0,"menu_order":0,"comment_status":"closed","ping_status":"closed","template":"","meta":{"footnotes":""},"class_list":["post-25","page","type-page","status-publish","has-post-thumbnail","hentry"],"_links":{"self":[{"href":"https:\/\/www.denkulturelleskolesekken.no\/nordland\/wp-json\/wp\/v2\/pages\/25","targetHints":{"allow":["GET"]}}],"collection":[{"href":"https:\/\/www.denkulturelleskolesekken.no\/nordland\/wp-json\/wp\/v2\/pages"}],"about":[{"href":"https:\/\/www.denkulturelleskolesekken.no\/nordland\/wp-json\/wp\/v2\/types\/page"}],"author":[{"embeddable":true,"href":"https:\/\/www.denkulturelleskolesekken.no\/nordland\/wp-json\/wp\/v2\/users\/2"}],"replies":[{"embeddable":true,"href":"https:\/\/www.denkulturelleskolesekken.no\/nordland\/wp-json\/wp\/v2\/comments?post=25"}],"version-history":[{"count":44,"href":"https:\/\/www.denkulturelleskolesekken.no\/nordland\/wp-json\/wp\/v2\/pages\/25\/revisions"}],"predecessor-version":[{"id":2127,"href":"https:\/\/www.denkulturelleskolesekken.no\/nordland\/wp-json\/wp\/v2\/pages\/25\/revisions\/2127"}],"wp:featuredmedia":[{"embeddable":true,"href":"https:\/\/www.denkulturelleskolesekken.no\/nordland\/wp-json\/wp\/v2\/media\/1964"}],"wp:attachment":[{"href":"https:\/\/www.denkulturelleskolesekken.no\/nordland\/wp-json\/wp\/v2\/media?parent=25"}],"curies":[{"name":"wp","href":"https:\/\/api.w.org\/{rel}","templated":true}]}}

Informasjon og verktøy til kulturkontakter

<p>Som kulturkontakt er du det viktigste bindeleddet mellom skolen, Den kulturelle skolesekken (DKS) og utøverne. Takk for at du har tatt på deg dette oppdraget!</p>
<p><strong>DKS Nordland har fått en helt ny veileder for kulturkontakter. <a href="https://cdn.denkulturelleskolesekken.no/nordland/8f0ff728-verktoyark-veileder-for-kulturkontakter-i-dks-nordland-bokmal.pdf" target="_blank" rel="noreferrer noopener" data-type="URL" data-id="https://cdn.denkulturelleskolesekken.no/oslo/7362bf30-kulturkontakt-veileder.pdf">Last ned veilederen her.</a></strong></p>
<p>Kulturtanken har også laget <a href="https://www.kulturtanken.no/veileder-for-kulturkontakten/">ei fyldig og god samleside med masse nyttig informasjon</a>. I artikkelen <a href="https://www.kulturtanken.no/aktuelt/2020/kulturkontakt-en-essensiell-rolle/">Kulturkontakt – en essensiell rolle</a> kan du f.eks. lese seks intervjuer med kulturkontakter fra hele landet, som forteller om gleder og utfordringer knyttet til rollen.</p>
<p>De nye nettsidene dkskommer.no inneholder også mange gode tips til lærere og kulturkontakter. Bla deg gjerne gjennom her: <a href="https://dkskommer.no/">dkskommer.no</a>.</p>
<h3>Kulturkontaktens oppgaver</h3>
<ul>
<li>Holde seg orientert om tilbudet</li>
<li>Videreformidle og sikre informasjon til lærere om aktuelle produksjoner</li>
<li>Sikre at utøverne blir tatt godt imot når de kommer til skolen</li>
<li>Sikre at utøverne blir presentert for elevene når det er et ønske (på større forestillinger fra scene), og at de blir presentert for klasselærerne når tilbudet er klasseromsbesøk. Bidra til å sende inn evalueringsskjema etter besøk/forestilling.</li>
<li>Være skolen sitt talerør og delta i dialogen som skal hjelpe oss å utvikle DKS Nordland</li>
<li>Følge opp kulturverter og andre som får delegert ansvar ved besøk på skolen</li>
<li>Oppdatere skolens informasjon, elevtall og ukeplaner i DKS-portalen</li>
</ul>
<h3>Årshjul for kulturkontakter</h3>
<p>Vi har laget et forslag til årshjul for kulturkontakter, som kan tilpasses den enkelte skole. <a href="https://cdn.denkulturelleskolesekken.no/nordland/7a29c270-kulturkontaktens-arshjul.pdf">Last ned årshjulet her</a>.</p>


<p></p>

<p>Som kulturkontakt er du det viktigste bindeleddet mellom skolen, Den kulturelle skolesekken (DKS) og utøverne. Takk for at du har tatt på deg dette oppdraget! DKS Nordland har fått en helt ny veileder for kulturkontakter. Last ned veilederen her. Kulturtanken har også laget ei fyldig og god samleside med masse nyttig informasjon. I artikkelen Kulturkontakt [&hellip;]</p>
