{"id":757,"date":"2020-03-20T10:00:08","date_gmt":"2020-03-20T10:00:08","guid":{"rendered":"https:\/\/wordpress.kulturtanken.app\/more-og-romsdal\/?page_id=757"},"modified":"2024-07-05T12:54:49","modified_gmt":"2024-07-05T12:54:49","slug":"er-du-kommunekontakt","status":"publish","type":"page","link":"https:\/\/www.denkulturelleskolesekken.no\/more-og-romsdal\/er-du-kommunekontakt\/","title":{"rendered":"Kommunekontakten"},"content":{"rendered":"\n<h1 class=\"wp-block-heading\"><\/h1>\n\n\n\n<p>Kvar kommune i M\u00f8re og Romsdal skal ha ein kommunekontakt&nbsp;for grunnskolane. Kommunekontakten er DKS M\u00f8re og Romsdal sin n\u00e6rmaste samarbeidspartner og har det overordna ansvaret for utvikling og samordning av arbeidet med DKS lokalt i sin kommune. <\/p>\n\n\n\n<p>Arbeidet med den kulturelle skolesekken skal vere forankra i kommunen.\nDen kulturelle skolesekken er eit samarbeid mellom kultur og skole og det er\nviktig at kommunekontakten tar ansvar for \u00e5 etablere gode nettverk, m\u00f8teplassar\nog rutinar. <\/p>\n\n\n\n<p>Kommunekontakten er ansvarleg for \u00e5 administrere, utvikle og kvalitetssikre\nDKS-programmet i eigen kommune. Kommunekontakten har ansvar for det kommunale\nkulturforumet som saman vedtek planer for det lokale DKS-arbeidet. <\/p>\n\n\n\n<p>Kommunekontakten m\u00e5 gjere seg kjent med nasjonale og regionale m\u00e5l og f\u00f8ringar for ordninga og b\u00f8r ha kulturkompetanse. <\/p>\n\n\n\n<figure class=\"wp-block-embed is-type-video is-provider-vimeo wp-block-embed-vimeo wp-embed-aspect-16-9 wp-has-aspect-ratio\"><div class=\"wp-block-embed__wrapper\">\n<iframe loading=\"lazy\" title=\"Den kulturelle skolesekken\" src=\"https:\/\/player.vimeo.com\/video\/817582209?dnt=1&amp;app_id=122963\" width=\"500\" height=\"281\" frameborder=\"0\" allow=\"autoplay; fullscreen; picture-in-picture; clipboard-write\"><\/iframe>\n<\/div><figcaption>Bruk gjerne denne filmen for \u00e5 vise kva DKS er til l\u00e6rarar, elevar og foreldre<\/figcaption><\/figure>\n\n\n\n<h4 class=\"wp-block-heading\">Kommunekontakten sine arbeidsoppg\u00e5ver:<\/h4>\n\n\n\n<p>Sikre at DKS er forankra i politisk og administrativ leiing i kommunen.<\/p>\n\n\n\n<p>Planlegge og gjennomf\u00f8re Den kulturelle skulesekken lokalt. <\/p>\n\n\n\n<p>Sende inn \u00e5rleg lokal plan fr\u00e5 kommunen til DKS M\u00f8re og Romsdal.<\/p>\n\n\n\n<p>\u00c5rleg rapportering.<\/p>\n\n\n\n<p>Ha ansvar for det lokale kulturforumet. <\/p>\n\n\n\n<p>Koordinering av DKS-tilboda i kommunen, t.d. ansvar for leige av kulturhus\/kino.<\/p>\n\n\n\n<p>Informere DKS M\u00f8re og Romsdal om kommande strukturendringar i skoleverket.<\/p>\n\n\n\n<p>Oppf\u00f8lging av kulturkontaktane, t.d. samordne bestilling av verkstader.<\/p>\n\n\n\n<p>Samarbeide med DKS M\u00f8re og Romsdal og delta p\u00e5 nettverksm\u00f8ter.<\/p>\n\n\n\n<h4 class=\"wp-block-heading\">Slik ser du DKS-tilbod i din kommune<\/h4>\n\n\n\n<ol class=\"wp-block-list\"><li>Velg \u00abHendelser\u00bb i venstremenyen.<\/li><li>Velg \u00abvis \/ skjul kolonner\u00bb, kryss av for DKS-enheter og kommuner.<\/li><li>Velg overordnet enhet under \u00abDKS-enheter\u00bb (som leverer tilbud).<\/li><li>Velg din kommune under \u00abSkoler\/kommuner\u00bb (mottaker av tilbud).<\/li><li>Bruk filtre og tilpass visning etter eget \u00f8nske. Eksporter eventuelt til Excel for videre redigering.<\/li><\/ol>\n\n\n\n<p> <a href=\"https:\/\/www.denkulturelleskolesekken.no\/dks-portalen\/portal-og-fagsystem-brukerdokumentasjon\/\">Veiledning med video (velg hendelsesflaten).<\/a><\/p>\n\n\n\n<p><\/p>\n","protected":false},"excerpt":{"rendered":"<p>Kvar kommune i M\u00f8re og Romsdal skal ha ein kommunekontakt&nbsp;for grunnskolane. Kommunekontakten er DKS M\u00f8re og Romsdal sin n\u00e6rmaste samarbeidspartner og har det overordna ansvaret for utvikling og samordning av arbeidet med DKS lokalt i sin kommune. Arbeidet med den kulturelle skolesekken skal vere forankra i kommunen. Den kulturelle skolesekken er eit samarbeid mellom kultur [&hellip;]<\/p>\n","protected":false},"author":5,"featured_media":1204,"parent":0,"menu_order":0,"comment_status":"closed","ping_status":"closed","template":"","meta":{"footnotes":""},"class_list":["post-757","page","type-page","status-publish","has-post-thumbnail","hentry"],"_links":{"self":[{"href":"https:\/\/www.denkulturelleskolesekken.no\/more-og-romsdal\/wp-json\/wp\/v2\/pages\/757","targetHints":{"allow":["GET"]}}],"collection":[{"href":"https:\/\/www.denkulturelleskolesekken.no\/more-og-romsdal\/wp-json\/wp\/v2\/pages"}],"about":[{"href":"https:\/\/www.denkulturelleskolesekken.no\/more-og-romsdal\/wp-json\/wp\/v2\/types\/page"}],"author":[{"embeddable":true,"href":"https:\/\/www.denkulturelleskolesekken.no\/more-og-romsdal\/wp-json\/wp\/v2\/users\/5"}],"replies":[{"embeddable":true,"href":"https:\/\/www.denkulturelleskolesekken.no\/more-og-romsdal\/wp-json\/wp\/v2\/comments?post=757"}],"version-history":[{"count":10,"href":"https:\/\/www.denkulturelleskolesekken.no\/more-og-romsdal\/wp-json\/wp\/v2\/pages\/757\/revisions"}],"predecessor-version":[{"id":1266,"href":"https:\/\/www.denkulturelleskolesekken.no\/more-og-romsdal\/wp-json\/wp\/v2\/pages\/757\/revisions\/1266"}],"wp:featuredmedia":[{"embeddable":true,"href":"https:\/\/www.denkulturelleskolesekken.no\/more-og-romsdal\/wp-json\/wp\/v2\/media\/1204"}],"wp:attachment":[{"href":"https:\/\/www.denkulturelleskolesekken.no\/more-og-romsdal\/wp-json\/wp\/v2\/media?parent=757"}],"curies":[{"name":"wp","href":"https:\/\/api.w.org\/{rel}","templated":true}]}}