{"id":713,"date":"2020-04-16T08:47:09","date_gmt":"2020-04-16T08:47:09","guid":{"rendered":"https:\/\/wordpress.kulturtanken.app\/lorenskog\/?page_id=713"},"modified":"2025-02-21T14:38:48","modified_gmt":"2025-02-21T14:38:48","slug":"er-du-kulturvert","status":"publish","type":"page","link":"https:\/\/www.denkulturelleskolesekken.no\/lorenskog\/er-du-kulturvert\/","title":{"rendered":"Er du kulturvert?"},"content":{"rendered":"\n<p>Gratulerer med oppgaven som kulturvert p\u00e5 din skole!<\/p>\n\n\n\n<h2 class=\"wp-block-heading\">Hva vil det si \u00e5 v\u00e6re&nbsp;kulturvert&nbsp;i L\u00f8renskog?<\/h2>\n\n\n\n<p>Kulturverter er utvalgte elever p\u00e5 skolene som tar imot bes\u00f8ket fra Den kulturelle skolesekken og s\u00f8rger for at ut\u00f8verne finner frem og har det bra. DKS L\u00f8renskog mottar ofte meldinger fra ut\u00f8vere der de skryter av kulturvertene p\u00e5 skolene. Det er veldig bra, og vi h\u00e5per kulturvertene forst\u00e5r hvor viktige de er for at en ut\u00f8ver p\u00e5 tur i L\u00f8renskog f\u00e5r en god opplevelse.<\/p>\n\n\n\n<p>Skolene velger en gruppe elever som skal v\u00e6re kulturverter gjennom skole\u00e5ret. Elevene ledes av kulturkontakten, og deltar p\u00e5 kurs i regi av DKS L\u00f8renskog i august\/september.  <\/p>\n\n\n\n<p>Det er utarbeidet et arrang\u00f8rhefte for kulturvertene, med sjekklister og n\u00f8dvendig informasjon i forbindelse med arrang\u00f8roppgaven. P\u00e5 kurset vil ogs\u00e5 kulturvertene f\u00e5 praktiske \u00f8velser for hvordan de best mulig kan ivareta sine oppgaver som godt vertskap fra sin skole og gode medhjelpere\/tilretteleggere.   <\/p>\n\n\n\n<p>Som kulturvert vil du f\u00e5 en smakebit p\u00e5 arrang\u00f8rfaget som du vil ha god nytte av i mange sammenhenger senere i livet, enten du vil lage en fotballturnering, en fest, eller rett og slett lage en egen festival.  <\/p>\n\n\n\n<p>Vi har laget en liten film for kulturvertene:<\/p>\n\n\n<div id=\"pl-gb713-69f39a1e516c3\"  class=\"panel-layout wp-block-siteorigin-panels-layout-block\" ><div id=\"pg-gb713-69f39a1e516c3-0\"  class=\"panel-grid panel-no-style\" ><div id=\"pgc-gb713-69f39a1e516c3-0-0\"  class=\"panel-grid-cell\" ><div id=\"panel-gb713-69f39a1e516c3-0-0-0\" class=\"so-panel widget widget_media_video panel-first-child panel-last-child\" data-index=\"0\" ><div style=\"width:100%;\" class=\"wp-video\"><!--[if lt IE 9]><script>document.createElement('video');<\/script><![endif]-->\n<video class=\"wp-video-shortcode\" id=\"video-713-1\" preload=\"metadata\" controls=\"controls\"><source type=\"video\/vimeo\" src=\"https:\/\/vimeo.com\/515210305\/4f7a5fb7cd?loop=0&#038;_=1\" \/><a href=\"https:\/\/vimeo.com\/515210305\/4f7a5fb7cd?loop=0\">https:\/\/vimeo.com\/515210305\/4f7a5fb7cd?loop=0<\/a><\/video><\/div><\/div><\/div><\/div><\/div>\n\n\n<p><\/p>\n\n\n\n<h2 class=\"wp-block-heading\">Sjekkliste for kulturverter<\/h2>\n\n\n\n<p>Det m\u00e5 som regel alltid gjennomf\u00f8res planleggingsm\u00f8ter sammen med kulturkontakten i forkant av bes\u00f8ket og oppgavene fordeles mellom kulturvertene.<\/p>\n\n\n\n<h3 class=\"wp-block-heading\">Forestillingsdagen<\/h3>\n\n\n\n<ul class=\"wp-block-list\">\n<li>Ut\u00f8vere tas imot til avtalt tidspunkt.<\/li>\n\n\n\n<li>Finn ut i forkant om noen kulturverter trenger \u00e5 komme litt tidligere til skolene for \u00e5 rigge klart. Noen produksjoner trenger lengre tid til opprigg, og skal ut\u00f8verne rekke flere forestillinger samme dag, m\u00e5 noen starte tidligere.<\/li>\n\n\n\n<li>S\u00f8rge for b\u00e6re-\/riggehjelp.<\/li>\n\n\n\n<li>Vann\/kaffe eller te til ut\u00f8ver\/tekniker.<\/li>\n\n\n\n<li>Sl\u00e5 av skoleklokka under forestilling om mulig. <\/li>\n\n\n\n<li>Innslipp og plassering av publikum n\u00e5r scenen og ut\u00f8verne er klare.<\/li>\n\n\n\n<li>Introdusere ut\u00f8vere dersom ut\u00f8ver \u00f8nsker det og det er planlagt at kulturvertene skal v\u00e6re til stede under forestillingen. Om kulturvertene skal v\u00e6re til stede under en produksjon for et annet klassetrinn enn de selv tilh\u00f8rer m\u00e5 kulturvertene blande seg med publikum. <\/li>\n\n\n\n<li>Takke for forestilling dersom kulturvertene har v\u00e6rt til stede.  <\/li>\n<\/ul>\n\n\n\n<h3 class=\"wp-block-heading\">Etter forestilling<\/h3>\n\n\n\n<ul class=\"wp-block-list\">\n<li>B\u00e6rehjelp og hjelpe til med nedrigging.<\/li>\n\n\n\n<li>Rydde forestillingslokalet.<\/li>\n\n\n\n<li>Tilby ut\u00f8vere kaffe\/rundstykke, eller sl\u00e5 av en prat f\u00f8r de drar videre.<\/li>\n<\/ul>\n\n\n\n<h2 class=\"wp-block-heading\">Ressurser<\/h2>\n\n\n\n<div class=\"wp-block-file\"><a id=\"wp-block-file--media-8a0f841f-c819-4d3d-847b-00609a8d3bc9\" href=\"https:\/\/cdn.denkulturelleskolesekken.no\/lorenskog\/2020\/05\/78ecd5d9-skjema-for-kulturverter.docx\">Skjema for kulturverter<\/a><a href=\"https:\/\/cdn.denkulturelleskolesekken.no\/lorenskog\/2020\/05\/78ecd5d9-skjema-for-kulturverter.docx\" class=\"wp-block-file__button wp-element-button\" download aria-describedby=\"wp-block-file--media-8a0f841f-c819-4d3d-847b-00609a8d3bc9\">Download<\/a><\/div>\n\n\n\n<div class=\"wp-block-file\"><a id=\"wp-block-file--media-3cb23ac7-73f0-4547-889e-1c16eb8669a1\" href=\"https:\/\/cdn.denkulturelleskolesekken.no\/lorenskog\/2020\/06\/423ad9a0-kulturverthefte.pdf\">Arrang\u00f8rhefte for kulturverter<\/a><a href=\"https:\/\/cdn.denkulturelleskolesekken.no\/lorenskog\/2020\/06\/423ad9a0-kulturverthefte.pdf\" class=\"wp-block-file__button wp-element-button\" download aria-describedby=\"wp-block-file--media-3cb23ac7-73f0-4547-889e-1c16eb8669a1\">Download<\/a><\/div>\n\n\n\n<div style=\"height:60px\" aria-hidden=\"true\" class=\"wp-block-spacer\"><\/div>\n","protected":false},"excerpt":{"rendered":"<p>Gratulerer med oppgaven som kulturvert p\u00e5 din skole! Hva vil det si \u00e5 v\u00e6re&nbsp;kulturvert&nbsp;i L\u00f8renskog? Kulturverter er utvalgte elever p\u00e5 skolene som tar imot bes\u00f8ket fra Den kulturelle skolesekken og s\u00f8rger for at ut\u00f8verne finner frem og har det bra. DKS L\u00f8renskog mottar ofte meldinger fra ut\u00f8vere der de skryter av kulturvertene p\u00e5 skolene. Det [&hellip;]<\/p>\n","protected":false},"author":7,"featured_media":1173,"parent":0,"menu_order":0,"comment_status":"closed","ping_status":"closed","template":"","meta":{"footnotes":""},"class_list":["post-713","page","type-page","status-publish","has-post-thumbnail","hentry"],"_links":{"self":[{"href":"https:\/\/www.denkulturelleskolesekken.no\/lorenskog\/wp-json\/wp\/v2\/pages\/713","targetHints":{"allow":["GET"]}}],"collection":[{"href":"https:\/\/www.denkulturelleskolesekken.no\/lorenskog\/wp-json\/wp\/v2\/pages"}],"about":[{"href":"https:\/\/www.denkulturelleskolesekken.no\/lorenskog\/wp-json\/wp\/v2\/types\/page"}],"author":[{"embeddable":true,"href":"https:\/\/www.denkulturelleskolesekken.no\/lorenskog\/wp-json\/wp\/v2\/users\/7"}],"replies":[{"embeddable":true,"href":"https:\/\/www.denkulturelleskolesekken.no\/lorenskog\/wp-json\/wp\/v2\/comments?post=713"}],"version-history":[{"count":24,"href":"https:\/\/www.denkulturelleskolesekken.no\/lorenskog\/wp-json\/wp\/v2\/pages\/713\/revisions"}],"predecessor-version":[{"id":2137,"href":"https:\/\/www.denkulturelleskolesekken.no\/lorenskog\/wp-json\/wp\/v2\/pages\/713\/revisions\/2137"}],"wp:featuredmedia":[{"embeddable":true,"href":"https:\/\/www.denkulturelleskolesekken.no\/lorenskog\/wp-json\/wp\/v2\/media\/1173"}],"wp:attachment":[{"href":"https:\/\/www.denkulturelleskolesekken.no\/lorenskog\/wp-json\/wp\/v2\/media?parent=713"}],"curies":[{"name":"wp","href":"https:\/\/api.w.org\/{rel}","templated":true}]}}

<p>Gratulerer med oppgaven som kulturvert på din skole!</p>



<h2 class="wp-block-heading">Hva vil det si å være&nbsp;kulturvert&nbsp;i Lørenskog?</h2>



<p>Kulturverter er utvalgte elever på skolene som tar imot besøket fra Den kulturelle skolesekken og sørger for at utøverne finner frem og har det bra. DKS Lørenskog mottar ofte meldinger fra utøvere der de skryter av kulturvertene på skolene. Det er veldig bra, og vi håper kulturvertene forstår hvor viktige de er for at en utøver på tur i Lørenskog får en god opplevelse.</p>



<p>Skolene velger en gruppe elever som skal være kulturverter gjennom skoleåret. Elevene ledes av kulturkontakten, og deltar på kurs i regi av DKS Lørenskog i august/september.  </p>



<p>Det er utarbeidet et arrangørhefte for kulturvertene, med sjekklister og nødvendig informasjon i forbindelse med arrangøroppgaven. På kurset vil også kulturvertene få praktiske øvelser for hvordan de best mulig kan ivareta sine oppgaver som godt vertskap fra sin skole og gode medhjelpere/tilretteleggere.   </p>



<p>Som kulturvert vil du få en smakebit på arrangørfaget som du vil ha god nytte av i mange sammenhenger senere i livet, enten du vil lage en fotballturnering, en fest, eller rett og slett lage en egen festival.  </p>



<p>Vi har laget en liten film for kulturvertene:</p>


<div id="pl-gb713-69f39a1e516c3"  class="panel-layout wp-block-siteorigin-panels-layout-block" ><div id="pg-gb713-69f39a1e516c3-0"  class="panel-grid panel-no-style" ><div id="pgc-gb713-69f39a1e516c3-0-0"  class="panel-grid-cell" ><div id="panel-gb713-69f39a1e516c3-0-0-0" class="so-panel widget widget_media_video panel-first-child panel-last-child" data-index="0" ><div style="width:100%;" class="wp-video"><!--[if lt IE 9]><script>document.createElement('video');</script><![endif]-->
<video class="wp-video-shortcode" id="video-713-1" preload="metadata" controls="controls"><source type="video/vimeo" src="https://vimeo.com/515210305/4f7a5fb7cd?loop=0&#038;_=1" /><a href="https://vimeo.com/515210305/4f7a5fb7cd?loop=0">https://vimeo.com/515210305/4f7a5fb7cd?loop=0</a></video></div></div></div></div></div>


<p></p>



<h2 class="wp-block-heading">Sjekkliste for kulturverter</h2>



<p>Det må som regel alltid gjennomføres planleggingsmøter sammen med kulturkontakten i forkant av besøket og oppgavene fordeles mellom kulturvertene.</p>



<h3 class="wp-block-heading">Forestillingsdagen</h3>



<ul class="wp-block-list">
<li>Utøvere tas imot til avtalt tidspunkt.</li>



<li>Finn ut i forkant om noen kulturverter trenger å komme litt tidligere til skolene for å rigge klart. Noen produksjoner trenger lengre tid til opprigg, og skal utøverne rekke flere forestillinger samme dag, må noen starte tidligere.</li>



<li>Sørge for bære-/riggehjelp.</li>



<li>Vann/kaffe eller te til utøver/tekniker.</li>



<li>Slå av skoleklokka under forestilling om mulig. </li>



<li>Innslipp og plassering av publikum når scenen og utøverne er klare.</li>



<li>Introdusere utøvere dersom utøver ønsker det og det er planlagt at kulturvertene skal være til stede under forestillingen. Om kulturvertene skal være til stede under en produksjon for et annet klassetrinn enn de selv tilhører må kulturvertene blande seg med publikum. </li>



<li>Takke for forestilling dersom kulturvertene har vært til stede.  </li>
</ul>



<h3 class="wp-block-heading">Etter forestilling</h3>



<ul class="wp-block-list">
<li>Bærehjelp og hjelpe til med nedrigging.</li>



<li>Rydde forestillingslokalet.</li>



<li>Tilby utøvere kaffe/rundstykke, eller slå av en prat før de drar videre.</li>
</ul>



<h2 class="wp-block-heading">Ressurser</h2>



<div class="wp-block-file"><a id="wp-block-file--media-8a0f841f-c819-4d3d-847b-00609a8d3bc9" href="https://cdn.denkulturelleskolesekken.no/lorenskog/2020/05/78ecd5d9-skjema-for-kulturverter.docx">Skjema for kulturverter</a><a href="https://cdn.denkulturelleskolesekken.no/lorenskog/2020/05/78ecd5d9-skjema-for-kulturverter.docx" class="wp-block-file__button wp-element-button" download aria-describedby="wp-block-file--media-8a0f841f-c819-4d3d-847b-00609a8d3bc9">Download</a></div>



<div class="wp-block-file"><a id="wp-block-file--media-3cb23ac7-73f0-4547-889e-1c16eb8669a1" href="https://cdn.denkulturelleskolesekken.no/lorenskog/2020/06/423ad9a0-kulturverthefte.pdf">Arrangørhefte for kulturverter</a><a href="https://cdn.denkulturelleskolesekken.no/lorenskog/2020/06/423ad9a0-kulturverthefte.pdf" class="wp-block-file__button wp-element-button" download aria-describedby="wp-block-file--media-3cb23ac7-73f0-4547-889e-1c16eb8669a1">Download</a></div>



<div style="height:60px" aria-hidden="true" class="wp-block-spacer"></div>

<p>Gratulerer med oppgaven som kulturvert på din skole! Hva vil det si å være&nbsp;kulturvert&nbsp;i Lørenskog? Kulturverter er utvalgte elever på skolene som tar imot besøket fra Den kulturelle skolesekken og sørger for at utøverne finner frem og har det bra. DKS Lørenskog mottar ofte meldinger fra utøvere der de skryter av kulturvertene på skolene. Det [&hellip;]</p>
