{"id":31,"date":"2019-10-31T13:54:44","date_gmt":"2019-10-31T13:54:44","guid":{"rendered":"https:\/\/viken.kulturtanken.app\/?page_id=31"},"modified":"2025-07-10T07:45:24","modified_gmt":"2025-07-10T07:45:24","slug":"er-du-utover","status":"publish","type":"page","link":"https:\/\/www.denkulturelleskolesekken.no\/lorenskog\/er-du-utover\/","title":{"rendered":"Er du ut\u00f8ver?"},"content":{"rendered":"\n<p>Hvert \u00e5r m\u00f8ter alle elever i Norge profesjonelle kunstnere og ut\u00f8vere gjennom Den kulturelle skolesekken (DKS). DKS er en av de st\u00f8rste arbeidsplassene for kunstnere i Norge.<\/p>\n\n\n\n<h2 class=\"wp-block-heading\">\u00d8nsker du \u00e5 turnere i L\u00f8renskog?<\/h2>\n\n\n\n<p>Har du en spennende produksjon som kan egne seg i v\u00e5r skolesekk? <\/p>\n\n\n\n<p>Her finner du informasjon om frister, kriterier og hvordan du s\u00f8ker:<\/p>\n\n\n<div id=\"pl-gb31-69f398cbb0337\"  class=\"panel-layout\" ><div id=\"pg-gb31-69f398cbb0337-0\"  class=\"panel-grid panel-no-style\" ><div id=\"pgc-gb31-69f398cbb0337-0-0\"  class=\"panel-grid-cell\" ><div id=\"panel-gb31-69f398cbb0337-0-0-0\" class=\"so-panel widget widget_sow-button panel-first-child panel-last-child\" data-index=\"0\" ><div\n\t\t\t\n\t\t\tclass=\"so-widget-sow-button so-widget-sow-button-flat-677261a0a931-31\"\n\t\t\t\n\t\t><div class=\"ow-button-base ow-button-align-left\"\n>\n\t\t\t<a\n\t\t\t\t\thref=\"https:\/\/www.denkulturelleskolesekken.no\/lorenskog\/vil-du-turnere-i-lorenskog\/\"\n\t\t\t\t\tclass=\"sowb-button ow-icon-placement-left ow-button-hover\" \t>\n\t\t<span>\n\t\t\t\n\t\t\tInnsending av s\u00f8knad\t\t<\/span>\n\t\t\t<\/a>\n\t<\/div>\n<\/div><\/div><\/div><\/div><\/div>\n\n\n<h2 class=\"wp-block-heading\">Skal du p\u00e5 turn\u00e9 i L\u00f8renskog?<\/h2>\n\n\n\n<p>Har du blitt tatt inn i programmet og skal turnere hos oss? <\/p>\n\n\n\n<p>Her finner du informasjon om om ting som m\u00e5 forberedes og som er viktig \u00e5 huske p\u00e5 f\u00f8r du reiser ut p\u00e5 turn\u00e9:<\/p>\n\n\n<div id=\"pl-gb31-69f398cbe9f0a\"  class=\"panel-layout\" ><div id=\"pg-gb31-69f398cbe9f0a-0\"  class=\"panel-grid panel-no-style\" ><div id=\"pgc-gb31-69f398cbe9f0a-0-0\"  class=\"panel-grid-cell\" ><div id=\"panel-gb31-69f398cbe9f0a-0-0-0\" class=\"so-panel widget widget_sow-button panel-first-child panel-last-child\" data-index=\"0\" ><div\n\t\t\t\n\t\t\tclass=\"so-widget-sow-button so-widget-sow-button-flat-2cdff9244315-31\"\n\t\t\t\n\t\t><div class=\"ow-button-base ow-button-align-left\"\n>\n\t\t\t<a\n\t\t\t\t\thref=\"https:\/\/www.denkulturelleskolesekken.no\/lorenskog\/skal-du-ut-pa-turne\/\"\n\t\t\t\t\tclass=\"sowb-button ow-icon-placement-left ow-button-hover\" \t>\n\t\t<span>\n\t\t\t\n\t\t\tSkal du p\u00e5 turn\u00e9?\t\t<\/span>\n\t\t\t<\/a>\n\t<\/div>\n<\/div><\/div><\/div><\/div><\/div>\n\n\n<div style=\"height:50px\" aria-hidden=\"true\" class=\"wp-block-spacer\"><\/div>\n\n\n\n<p><\/p>\n","protected":false},"excerpt":{"rendered":"<p>Hvert \u00e5r m\u00f8ter alle elever i Norge profesjonelle kunstnere og ut\u00f8vere gjennom Den kulturelle skolesekken (DKS). DKS er en av de st\u00f8rste arbeidsplassene for kunstnere i Norge. \u00d8nsker du \u00e5 turnere i L\u00f8renskog? Har du en spennende produksjon som kan egne seg i v\u00e5r skolesekk? Her finner du informasjon om frister, kriterier og hvordan du [&hellip;]<\/p>\n","protected":false},"author":2,"featured_media":2128,"parent":0,"menu_order":0,"comment_status":"closed","ping_status":"closed","template":"","meta":{"footnotes":""},"class_list":["post-31","page","type-page","status-publish","has-post-thumbnail","hentry"],"_links":{"self":[{"href":"https:\/\/www.denkulturelleskolesekken.no\/lorenskog\/wp-json\/wp\/v2\/pages\/31","targetHints":{"allow":["GET"]}}],"collection":[{"href":"https:\/\/www.denkulturelleskolesekken.no\/lorenskog\/wp-json\/wp\/v2\/pages"}],"about":[{"href":"https:\/\/www.denkulturelleskolesekken.no\/lorenskog\/wp-json\/wp\/v2\/types\/page"}],"author":[{"embeddable":true,"href":"https:\/\/www.denkulturelleskolesekken.no\/lorenskog\/wp-json\/wp\/v2\/users\/2"}],"replies":[{"embeddable":true,"href":"https:\/\/www.denkulturelleskolesekken.no\/lorenskog\/wp-json\/wp\/v2\/comments?post=31"}],"version-history":[{"count":81,"href":"https:\/\/www.denkulturelleskolesekken.no\/lorenskog\/wp-json\/wp\/v2\/pages\/31\/revisions"}],"predecessor-version":[{"id":2323,"href":"https:\/\/www.denkulturelleskolesekken.no\/lorenskog\/wp-json\/wp\/v2\/pages\/31\/revisions\/2323"}],"wp:featuredmedia":[{"embeddable":true,"href":"https:\/\/www.denkulturelleskolesekken.no\/lorenskog\/wp-json\/wp\/v2\/media\/2128"}],"wp:attachment":[{"href":"https:\/\/www.denkulturelleskolesekken.no\/lorenskog\/wp-json\/wp\/v2\/media?parent=31"}],"curies":[{"name":"wp","href":"https:\/\/api.w.org\/{rel}","templated":true}]}}