{"id":25,"date":"2019-10-31T13:51:34","date_gmt":"2019-10-31T13:51:34","guid":{"rendered":"https:\/\/viken.kulturtanken.app\/?page_id=25"},"modified":"2022-10-14T10:02:15","modified_gmt":"2022-10-14T08:02:15","slug":"er-du-kulturkontakt","status":"publish","type":"page","link":"https:\/\/www.denkulturelleskolesekken.no\/karmoy\/er-du-kulturkontakt\/","title":{"rendered":"Er du kulturkontakt?"},"content":{"rendered":"\n<figure class=\"wp-block-image size-large\"><img loading=\"lazy\" decoding=\"async\" width=\"768\" height=\"1024\" src=\"https:\/\/cdn.denkulturelleskolesekken.no\/karmoy\/c4c31e3f-img_4029-e1665733843173-768x1024.jpg\" alt=\"\" class=\"wp-image-1243\"\/><figcaption>Foto: Astrid Havn Tran\u00f8y \/ DKS Karm\u00f8y<\/figcaption><\/figure>\n\n\n\n<p><\/p>\n\n\n\n<p>Kulturkontakten er bindeleddet mellom Den kulturelle skolesekken i Karm\u00f8y og skolen, og skal bidra til \u00e5 tilrettelegge for gode og inspirerende m\u00f8ter mellom elever og ut\u00f8vere p\u00e5 sin skole.<\/p>\n\n\n\n<p>Kvaliteten i m\u00f8tet mellom ut\u00f8vere og elever er avhengig av at informasjon om produksjonen leses av de l\u00e6rere som skal v\u00e6re med elevene. Noen produksjoner krever konkret forarbeid, mens det for andre bes\u00f8k ikke er n\u00f8dvendig med spesielle forberedelser.<\/p>\n\n\n\n<p><\/p>\n\n\n\n<h4 class=\"wp-block-heading\">Huskeliste for kulturkontakter<\/h4>\n\n\n\n<p>Alle skoler skal ha egen kulturkontakt, som er bindeleddet mellom DKS Karm\u00f8y og skolen.<\/p>\n\n\n\n<p>Kulturkontaktene danner et nettverk med tre m\u00f8ter \u00e5rlig.<\/p>\n\n\n\n<p>Administrasjonen p\u00e5 skolene har hovedansvaret for \u00e5 ta imot DKS-tilbud p\u00e5\u00a0skolene\u00a0og integrere dem i skolens planer. Kulturkontakten b\u00f8r sammen\u00a0med\u00a0rektor\u00a0avklare de oppgavene en skal ha. <\/p>\n\n\n\n<p>Ved bestillingstilbud skal kulturkontakten sende felles bestilling fra skolen via DKS-Portalen.<\/p>\n\n\n\n<p>Disse oppgavene er vanlige for kulturkontakter:<\/p>\n\n\n\n<p>&#8211; Holde seg oppdatert p\u00e5 DKS Karm\u00f8y sine turnesider i DKS-Portalen, og oppdatere informasjon om skolen i skoleportalen<br>&#8211; Ha ansvar for informasjon til skolens personale og til de enkelte klassel\u00e6rere<br>&#8211; Gi tilbakemeldinger om hvordan tilbudene fungerer p\u00e5 skolene og for elevene. Dette kan skje via telefon eller p\u00e5 epost, i tillegg til tilbakemeldingsskjema som blir tilsendt for hver produksjon<br>&#8211; Delta i dialogen som skal hjelpe DKS Karm\u00f8y til \u00e5 utvikle nye og bedre tilbud<br>&#8211; F\u00f8lge opp elevarrang\u00f8rer p\u00e5 egen skole<\/p>\n\n\n\n<p>Kontakt med buss-selskapet, ring direkte, kontakt\u00a0DKS Karm\u00f8y etterp\u00e5.<br>Kontaktperson: Vidar Olsen, 91667788, tur@tide.no\u00a0\u00a0 Tide buss: tlf. 52 70 35 30\/ 91779730 (Bergen)<\/p>\n","protected":false},"excerpt":{"rendered":"<p>Kulturkontakten er bindeleddet mellom Den kulturelle skolesekken i Karm\u00f8y og skolen, og skal bidra til \u00e5 tilrettelegge for gode og inspirerende m\u00f8ter mellom elever og ut\u00f8vere p\u00e5 sin skole. Kvaliteten i m\u00f8tet mellom ut\u00f8vere og elever er avhengig av at informasjon om produksjonen leses av de l\u00e6rere som skal v\u00e6re med elevene. Noen produksjoner krever [&hellip;]<\/p>\n","protected":false},"author":2,"featured_media":0,"parent":0,"menu_order":0,"comment_status":"closed","ping_status":"closed","template":"","meta":{"footnotes":""},"class_list":["post-25","page","type-page","status-publish","hentry"],"_links":{"self":[{"href":"https:\/\/www.denkulturelleskolesekken.no\/karmoy\/wp-json\/wp\/v2\/pages\/25","targetHints":{"allow":["GET"]}}],"collection":[{"href":"https:\/\/www.denkulturelleskolesekken.no\/karmoy\/wp-json\/wp\/v2\/pages"}],"about":[{"href":"https:\/\/www.denkulturelleskolesekken.no\/karmoy\/wp-json\/wp\/v2\/types\/page"}],"author":[{"embeddable":true,"href":"https:\/\/www.denkulturelleskolesekken.no\/karmoy\/wp-json\/wp\/v2\/users\/2"}],"replies":[{"embeddable":true,"href":"https:\/\/www.denkulturelleskolesekken.no\/karmoy\/wp-json\/wp\/v2\/comments?post=25"}],"version-history":[{"count":18,"href":"https:\/\/www.denkulturelleskolesekken.no\/karmoy\/wp-json\/wp\/v2\/pages\/25\/revisions"}],"predecessor-version":[{"id":1248,"href":"https:\/\/www.denkulturelleskolesekken.no\/karmoy\/wp-json\/wp\/v2\/pages\/25\/revisions\/1248"}],"wp:attachment":[{"href":"https:\/\/www.denkulturelleskolesekken.no\/karmoy\/wp-json\/wp\/v2\/media?parent=25"}],"curies":[{"name":"wp","href":"https:\/\/api.w.org\/{rel}","templated":true}]}}