{"id":3510,"date":"2025-09-09T11:48:42","date_gmt":"2025-09-09T11:48:42","guid":{"rendered":"https:\/\/www.denkulturelleskolesekken.no\/innlandet\/?page_id=3510"},"modified":"2026-01-19T11:05:28","modified_gmt":"2026-01-19T11:05:28","slug":"pa-turne-med-dks-innlandet-steg-for-steg","status":"publish","type":"page","link":"https:\/\/www.denkulturelleskolesekken.no\/innlandet\/pa-turne-med-dks-innlandet-steg-for-steg\/","title":{"rendered":"Turn\u00e9h\u00e5ndbok"},"content":{"rendered":"\n<p>Her finner du relevant informasjon til n\u00e5r du skal p\u00e5 turne. Vi anbefaler ogs\u00e5 at du bruker appen DKS ut\u00f8ver som kan lastes ned i App store eller Google play.<\/p>\n\n\n<div id=\"pl-gb3510-69f2c8147803d\"  class=\"panel-layout\" ><div id=\"pg-gb3510-69f2c8147803d-0\"  class=\"panel-grid panel-no-style\" ><div id=\"pgc-gb3510-69f2c8147803d-0-0\"  class=\"panel-grid-cell\" ><div id=\"panel-gb3510-69f2c8147803d-0-0-0\" class=\"so-panel widget widget_sow-accordion panel-first-child panel-last-child\" data-index=\"0\" ><div\n\t\t\t\n\t\t\tclass=\"so-widget-sow-accordion so-widget-sow-accordion-default-d9295f5bfa93-3510\"\n\t\t\t\n\t\t><div>\n\t<div class=\"sow-accordion\">\n\t\t\t<div class=\"sow-accordion-panel\n\t\t\t\t\"\n\t\t\tdata-anchor-id=\"for-under-og-etter-slik-forbereder-du-deg-til-turne\">\n\t\t\t\t<div class=\"sow-accordion-panel-header-container\" role=\"heading\" aria-level=\"2\">\n\t\t\t\t\t<div class=\"sow-accordion-panel-header\" tabindex=\"0\" role=\"button\" id=\"accordion-label-f%c3%b8r-under-og-etter-%e2%80%93-slik-forbereder-du-deg-til-turn%c3%a9\" aria-controls=\"accordion-content-f%c3%b8r-under-og-etter-%e2%80%93-slik-forbereder-du-deg-til-turn%c3%a9\" aria-expanded=\"false\">\n\t\t\t\t\t\t<div class=\"sow-accordion-title sow-accordion-title-icon-left\">\n\t\t\t\t\t\t\t\t\t\t\t\t\t\tF\u00f8r, under og etter \u2013 slik forbereder du deg til turn\u00e9\t\t\t\t\t\t\t\t\t\t\t\t\t<\/div>\n\t\t\t\t\t\t<div class=\"sow-accordion-open-close-button\">\n\t\t\t\t\t\t\t<div class=\"sow-accordion-open-button\">\n\t\t\t\t\t\t\t\t<span class=\"sow-icon-ionicons\" data-sow-icon=\"&#xf218;\"\n\t\t \n\t\taria-hidden=\"true\"><\/span>\t\t\t\t\t\t\t<\/div>\n\t\t\t\t\t\t\t<div class=\"sow-accordion-close-button\">\n\t\t\t\t\t\t\t\t<span class=\"sow-icon-ionicons\" data-sow-icon=\"&#xf209;\"\n\t\t \n\t\taria-hidden=\"true\"><\/span>\t\t\t\t\t\t\t<\/div>\n\t\t\t\t\t\t<\/div>\n\t\t\t\t\t<\/div>\n\t\t\t\t<\/div>\n\n\t\t\t<div\n\t\t\t\tclass=\"sow-accordion-panel-content\"\n\t\t\t\trole=\"region\"\n\t\t\t\taria-labelledby=\"accordion-label-f%c3%b8r-under-og-etter-%e2%80%93-slik-forbereder-du-deg-til-turn%c3%a9\"\n\t\t\t\tid=\"accordion-content-f%c3%b8r-under-og-etter-%e2%80%93-slik-forbereder-du-deg-til-turn%c3%a9\"\n\t\t\t\tstyle=\"display: none;\"\t\t\t>\n\t\t\t\t<div class=\"sow-accordion-panel-border\">\n\t\t\t\t\t<h3 data-start=\"225\" data-end=\"271\">F\u00f8r bes\u00f8ket \u2013 opprett kontakt med skolen<\/h3>\n<ul data-start=\"272\" data-end=\"823\">\n<li data-start=\"272\" data-end=\"346\">\n<p data-start=\"274\" data-end=\"346\">Ta kontakt med l\u00e6rer eller kulturkontakt ca.\u00a0<strong data-start=\"319\" data-end=\"343\">14 dager f\u00f8r bes\u00f8ket<\/strong>.<\/p>\n<\/li>\n<li data-start=\"347\" data-end=\"439\">\n<p data-start=\"349\" data-end=\"439\">Oppfordre dem til \u00e5 lese om produksjonen og forberede elevene p\u00e5 hva de skal f\u00e5 oppleve.<\/p>\n<\/li>\n<li data-start=\"440\" data-end=\"544\">\n<p data-start=\"442\" data-end=\"478\">Avklar praktiske detaljer, f.eks.:<\/p>\n<ul data-start=\"481\" data-end=\"544\">\n<li data-start=\"481\" data-end=\"502\">\n<p data-start=\"483\" data-end=\"502\">Parkeringsforhold<\/p>\n<\/li>\n<li data-start=\"505\" data-end=\"544\">\n<p data-start=\"507\" data-end=\"544\">Hvem som m\u00f8ter deg\/dere ved ankomst<\/p>\n<\/li>\n<li data-start=\"505\" data-end=\"544\">\u00d8nsker for rigg i klasserom eller sal<\/li>\n<\/ul>\n<\/li>\n<li data-start=\"545\" data-end=\"612\">\n<p data-start=\"547\" data-end=\"612\">Husk at telefonkontakt med l\u00e6rere ofte er enklest etter kl. 14.<\/p>\n<\/li>\n<li data-start=\"613\" data-end=\"732\">\n<p data-start=\"615\" data-end=\"732\">Dersom det er mulig \u00e5 v\u00e6re fleksibel med klokkeslett, avtal tilpasninger til skolens ringetider direkte med skolen.<\/p>\n<\/li>\n<li data-start=\"733\" data-end=\"823\">\n<p data-start=\"735\" data-end=\"823\"><strong data-start=\"735\" data-end=\"755\">Meld fra til DKS<\/strong>\u00a0om eventuelle endringer, slik at kulturkalenderen blir oppdatert.<\/p>\n<\/li>\n<\/ul>\n<hr data-start=\"825\" data-end=\"828\" \/>\n<h3 data-start=\"830\" data-end=\"868\">P\u00e5 dagen \u2013 avklar l\u00e6rerens rolle<\/h3>\n<p data-start=\"869\" data-end=\"946\">Skolene deltar p\u00e5 mange ulike typer DKS-produksjoner, og behovene varierer:<\/p>\n<ul data-start=\"947\" data-end=\"1178\">\n<li data-start=\"947\" data-end=\"1023\">\n<p data-start=\"949\" data-end=\"1023\">Noen ut\u00f8vere \u00f8nsker at l\u00e6reren h\u00e5ndterer disiplin og bryter inn ved uro.<\/p>\n<\/li>\n<li data-start=\"1024\" data-end=\"1091\">\n<p data-start=\"1026\" data-end=\"1091\">Andre \u00f8nsker \u00e5 ha full regi selv, uten innblanding fra l\u00e6reren.<\/p>\n<\/li>\n<li data-start=\"1092\" data-end=\"1178\">\n<p data-start=\"1094\" data-end=\"1178\">Noen produksjoner krever ro, mens andre legger opp til aktiv dialog og deltakelse.<\/p>\n<\/li>\n<\/ul>\n<p data-start=\"1180\" data-end=\"1274\">Avklar tydelig med l\u00e6reren hvilken rolle hen skal ha <strong data-start=\"1240\" data-end=\"1271\">f\u00f8r gjennomf\u00f8ringen starter<\/strong>.<\/p>\n<hr data-start=\"1276\" data-end=\"1279\" \/>\n<h3 data-start=\"1281\" data-end=\"1313\">Etter bes\u00f8ket \u2013 utbetaling<\/h3>\n<ul data-start=\"1314\" data-end=\"1580\">\n<li data-start=\"1314\" data-end=\"1378\">\n<p data-start=\"1316\" data-end=\"1378\">Faktura sendes senest\u00a0<strong data-start=\"1338\" data-end=\"1375\">to uker etter siste gjennomf\u00f8ring<\/strong>.<\/p>\n<\/li>\n<li data-start=\"1422\" data-end=\"1580\">\n<p data-start=\"1424\" data-end=\"1580\">Les mer om l\u00f8nn og faktura her; <a href=\"https:\/\/www.denkulturelleskolesekken.no\/innlandet\/vilkar-satser-lonn-og-faktura\/\">https:\/\/www.denkulturelleskolesekken.no\/innlandet\/vilkar-satser-lonn-og-faktura\/<\/a><\/p>\n<\/li>\n<\/ul>\n<hr data-start=\"1582\" data-end=\"1585\" \/>\n<h3 data-start=\"1587\" data-end=\"1611\">GDPR og personvern<\/h3>\n<p data-start=\"1612\" data-end=\"1667\">I tr\u00e5d med gjeldende regler ber vi alle ut\u00f8vere om \u00e5:<\/p>\n<ul data-start=\"1668\" data-end=\"1893\">\n<li data-start=\"1668\" data-end=\"1742\">\n<p data-start=\"1670\" data-end=\"1742\">Slette eller makulere informasjon om skoler, l\u00e6rere, klasser og elever<\/p>\n<\/li>\n<li data-start=\"1743\" data-end=\"1821\">\n<p data-start=\"1745\" data-end=\"1821\">Dette gjelder dersom informasjonen er mottatt, lastet ned eller skrevet ut<\/p>\n<\/li>\n<li data-start=\"1822\" data-end=\"1893\">\n<p data-start=\"1824\" data-end=\"1893\">Sletting\/makulering skal skje etter at oppdraget er gjennomf\u00f8rt<\/p>\n<\/li>\n<\/ul>\n\t\t\t\t<\/div>\n\t\t\t<\/div>\n\t\t<\/div>\n\t\t\t<div class=\"sow-accordion-panel\n\t\t\t\t\"\n\t\t\tdata-anchor-id=\"hva-du-kan-forvente-av-dks-innlandet\">\n\t\t\t\t<div class=\"sow-accordion-panel-header-container\" role=\"heading\" aria-level=\"2\">\n\t\t\t\t\t<div class=\"sow-accordion-panel-header\" tabindex=\"0\" role=\"button\" id=\"accordion-label-hva-du-kan-forvente-av-dks-innlandet\" aria-controls=\"accordion-content-hva-du-kan-forvente-av-dks-innlandet\" aria-expanded=\"false\">\n\t\t\t\t\t\t<div class=\"sow-accordion-title sow-accordion-title-icon-left\">\n\t\t\t\t\t\t\t\t\t\t\t\t\t\tHva du kan forvente av DKS Innlandet\t\t\t\t\t\t\t\t\t\t\t\t\t<\/div>\n\t\t\t\t\t\t<div class=\"sow-accordion-open-close-button\">\n\t\t\t\t\t\t\t<div class=\"sow-accordion-open-button\">\n\t\t\t\t\t\t\t\t<span class=\"sow-icon-ionicons\" data-sow-icon=\"&#xf218;\"\n\t\t \n\t\taria-hidden=\"true\"><\/span>\t\t\t\t\t\t\t<\/div>\n\t\t\t\t\t\t\t<div class=\"sow-accordion-close-button\">\n\t\t\t\t\t\t\t\t<span class=\"sow-icon-ionicons\" data-sow-icon=\"&#xf209;\"\n\t\t \n\t\taria-hidden=\"true\"><\/span>\t\t\t\t\t\t\t<\/div>\n\t\t\t\t\t\t<\/div>\n\t\t\t\t\t<\/div>\n\t\t\t\t<\/div>\n\n\t\t\t<div\n\t\t\t\tclass=\"sow-accordion-panel-content\"\n\t\t\t\trole=\"region\"\n\t\t\t\taria-labelledby=\"accordion-label-hva-du-kan-forvente-av-dks-innlandet\"\n\t\t\t\tid=\"accordion-content-hva-du-kan-forvente-av-dks-innlandet\"\n\t\t\t\tstyle=\"display: none;\"\t\t\t>\n\t\t\t\t<div class=\"sow-accordion-panel-border\">\n\t\t\t\t\t<h3 data-start=\"222\" data-end=\"276\">F\u00f8r gjennomf\u00f8ring \u2013 informasjon om produksjonene<\/h3>\n<ul data-start=\"277\" data-end=\"533\">\n<li data-start=\"277\" data-end=\"330\">\n<p data-start=\"279\" data-end=\"330\">DKS vedlikeholder produksjonssidene p\u00e5 nettsiden.<\/p>\n<\/li>\n<li data-start=\"331\" data-end=\"428\">\n<p data-start=\"333\" data-end=\"428\">Skolene skal enkelt kunne finne produksjonen via kulturkalenderen eller ved \u00e5 s\u00f8ke p\u00e5 tittel.<\/p>\n<\/li>\n<li data-start=\"429\" data-end=\"478\">\n<p data-start=\"431\" data-end=\"478\">Praktisk informasjon skal komme tydelig frem.<\/p>\n<\/li>\n<li data-start=\"479\" data-end=\"533\">\n<p data-start=\"481\" data-end=\"533\">Kontaktinformasjon til ut\u00f8ver skal v\u00e6re oppdatert.<\/p>\n<\/li>\n<\/ul>\n<p data-start=\"535\" data-end=\"626\">Ut\u00f8ver har ansvar for at informasjon og materiell som sendes inn til DKS er oppdatert.<\/p>\n<hr data-start=\"628\" data-end=\"631\" \/>\n<h3 data-start=\"633\" data-end=\"685\">F\u00f8r gjennomf\u00f8ring \u2013 p\u00e5meldinger og tildelinger<\/h3>\n<ul data-start=\"686\" data-end=\"968\">\n<li data-start=\"686\" data-end=\"776\">\n<p data-start=\"688\" data-end=\"776\">DKS h\u00e5ndterer p\u00e5meldinger, tildelinger og setter opp tidsplaner for alle produksjoner.<\/p>\n<\/li>\n<li data-start=\"777\" data-end=\"849\">\n<p data-start=\"779\" data-end=\"849\">Ut\u00f8ver f\u00e5r tidsplanen til gjennomsyn og godkjenning f\u00f8r publisering.<\/p>\n<\/li>\n<li data-start=\"850\" data-end=\"901\">\n<p data-start=\"852\" data-end=\"901\">DKS informerer skolene n\u00e5r tildelingen er klar.<\/p>\n<\/li>\n<li data-start=\"902\" data-end=\"968\">\n<p data-start=\"904\" data-end=\"968\">Etter dette g\u00e5r videre kontakt direkte mellom ut\u00f8ver og skole.<\/p>\n<\/li>\n<\/ul>\n<hr data-start=\"970\" data-end=\"973\" \/>\n<h3 data-start=\"975\" data-end=\"1017\">I turn\u00e9perioden \u2013 kontakt med ut\u00f8ver<\/h3>\n<ul data-start=\"1018\" data-end=\"1226\">\n<li data-start=\"1111\" data-end=\"1226\">\n<p data-start=\"1113\" data-end=\"1226\">Ut\u00f8vere kan alltid ta kontakt med oss p\u00e5 e-post, telefon eller komme innom v\u00e5re kontorer p\u00e5 Lillehammer.<\/p>\n<\/li>\n<li data-start=\"1283\" data-end=\"1349\">\n<p data-start=\"1285\" data-end=\"1349\">N\u00e5r vi har anledning, deltar vi og overv\u00e6rer en gjennomf\u00f8ring.<\/p>\n<\/li>\n<li data-start=\"1350\" data-end=\"1449\">\n<p data-start=\"1352\" data-end=\"1449\">Vi rekker dessverre ikke \u00e5 v\u00e6re til stede p\u00e5 alle produksjoner, men vi reiser ut s\u00e5 mye vi kan.<\/p>\n<\/li>\n<\/ul>\n\t\t\t\t<\/div>\n\t\t\t<\/div>\n\t\t<\/div>\n\t\t\t<div class=\"sow-accordion-panel\n\t\t\t\t\"\n\t\t\tdata-anchor-id=\"nettsider-some-og-media\">\n\t\t\t\t<div class=\"sow-accordion-panel-header-container\" role=\"heading\" aria-level=\"2\">\n\t\t\t\t\t<div class=\"sow-accordion-panel-header\" tabindex=\"0\" role=\"button\" id=\"accordion-label-nettsider-some-og-media\" aria-controls=\"accordion-content-nettsider-some-og-media\" aria-expanded=\"false\">\n\t\t\t\t\t\t<div class=\"sow-accordion-title sow-accordion-title-icon-left\">\n\t\t\t\t\t\t\t\t\t\t\t\t\t\tNettsider, SoMe og media\t\t\t\t\t\t\t\t\t\t\t\t\t<\/div>\n\t\t\t\t\t\t<div class=\"sow-accordion-open-close-button\">\n\t\t\t\t\t\t\t<div class=\"sow-accordion-open-button\">\n\t\t\t\t\t\t\t\t<span class=\"sow-icon-ionicons\" data-sow-icon=\"&#xf218;\"\n\t\t \n\t\taria-hidden=\"true\"><\/span>\t\t\t\t\t\t\t<\/div>\n\t\t\t\t\t\t\t<div class=\"sow-accordion-close-button\">\n\t\t\t\t\t\t\t\t<span class=\"sow-icon-ionicons\" data-sow-icon=\"&#xf209;\"\n\t\t \n\t\taria-hidden=\"true\"><\/span>\t\t\t\t\t\t\t<\/div>\n\t\t\t\t\t\t<\/div>\n\t\t\t\t\t<\/div>\n\t\t\t\t<\/div>\n\n\t\t\t<div\n\t\t\t\tclass=\"sow-accordion-panel-content\"\n\t\t\t\trole=\"region\"\n\t\t\t\taria-labelledby=\"accordion-label-nettsider-some-og-media\"\n\t\t\t\tid=\"accordion-content-nettsider-some-og-media\"\n\t\t\t\tstyle=\"display: none;\"\t\t\t>\n\t\t\t\t<div class=\"sow-accordion-panel-border\">\n\t\t\t\t\t<h3 data-start=\"168\" data-end=\"194\">DKS sine hjemmesider<\/h3>\n<ul data-start=\"195\" data-end=\"369\">\n<li data-start=\"195\" data-end=\"270\">\n<p data-start=\"197\" data-end=\"270\">Alt om produksjonene og annen informasjon publiseres p\u00e5 v\u00e5re nettsider.<\/p>\n<\/li>\n<li data-start=\"271\" data-end=\"369\">\n<p data-start=\"273\" data-end=\"369\">DKS krediterer fotografer, produsenter, medvirkende m.fl. i informasjonsmateriell og artikler.<\/p>\n<\/li>\n<\/ul>\n<hr data-start=\"371\" data-end=\"374\" \/>\n<h3 data-start=\"376\" data-end=\"417\">Presse, nettsider og sosiale medier<\/h3>\n<ul data-start=\"418\" data-end=\"789\">\n<li data-start=\"418\" data-end=\"527\">\n<p data-start=\"420\" data-end=\"527\">Dersom pressen lager en sak om en DKS-aktivitet, har b\u00e5de ut\u00f8ver og DKS ansvar for \u00e5 informere hverandre.<\/p>\n<\/li>\n<li data-start=\"528\" data-end=\"648\">\n<p data-start=\"530\" data-end=\"648\">Oppfordre alltid journalister til \u00e5 tydeliggj\u00f8re at arrangementet er en del av\u00a0<strong data-start=\"609\" data-end=\"645\">Den kulturelle skolesekken (DKS)<\/strong>.<\/p>\n<\/li>\n<li data-start=\"649\" data-end=\"789\">\n<p data-start=\"651\" data-end=\"695\">B\u00e5de ut\u00f8ver og DKS skal krediteres i:<\/p>\n<ul data-start=\"698\" data-end=\"789\">\n<li data-start=\"698\" data-end=\"725\">\n<p data-start=\"700\" data-end=\"725\">Artikler og nyhetssaker<\/p>\n<\/li>\n<li data-start=\"728\" data-end=\"753\">\n<p data-start=\"730\" data-end=\"753\">Bildebruk og delinger<\/p>\n<\/li>\n<li data-start=\"756\" data-end=\"789\">\n<p data-start=\"758\" data-end=\"789\">Ut\u00f8vers nettsider, blogg o.l.<\/p>\n<\/li>\n<\/ul>\n<\/li>\n<\/ul>\n<hr data-start=\"791\" data-end=\"794\" \/>\n<h3 data-start=\"796\" data-end=\"811\">Instagram og Facebook \u2013 tagg oss gjerne om du deler!<\/h3>\n<ul data-start=\"812\" data-end=\"892\">\n<li data-start=\"812\" data-end=\"858\">\n<p data-start=\"814\" data-end=\"858\"><strong data-start=\"829\" data-end=\"842\">Instagram:\u00a0<\/strong>@dksinnlandet<\/p>\n<\/li>\n<li data-start=\"812\" data-end=\"858\"><strong>Facebook:<\/strong> Den kulturelle skolesekken Innlandet<\/li>\n<\/ul>\n\t\t\t\t<\/div>\n\t\t\t<\/div>\n\t\t<\/div>\n\t\t<\/div>\n<\/div>\n<\/div><\/div><\/div><\/div><\/div>\n\n\n<p>I appen DKS ut\u00f8ver har du lett tilgang til forslagene dine og relevant informasjon om turneen som for eksempel tidsplaner, kart og kontaktinformasjon. Her vil du ogs\u00e5 finne kommunikasjonen du har med DKS-planleggere via meldingssystemet i portalen.<\/p>\n\n\n\n<div class=\"wp-block-columns is-layout-flex wp-container-core-columns-is-layout-9d6595d7 wp-block-columns-is-layout-flex\">\n<div class=\"wp-block-column is-layout-flow wp-block-column-is-layout-flow\">\n<figure class=\"wp-block-image size-full is-resized\"><a href=\"https:\/\/play.google.com\/store\/apps\/details?id=no.netpower.kulturtanken.app&amp;hl=no&amp;pli=1\"><img loading=\"lazy\" decoding=\"async\" width=\"512\" height=\"288\" src=\"https:\/\/cdn.denkulturelleskolesekken.no\/innlandet\/180e433d-google-play-badge-logo-svgrepo-com-edited.png\" alt=\"\" class=\"wp-image-3534\" style=\"object-fit:cover;width:188px;height:60px\" srcset=\"https:\/\/cdn.denkulturelleskolesekken.no\/innlandet\/180e433d-google-play-badge-logo-svgrepo-com-edited.png 512w, https:\/\/cdn.denkulturelleskolesekken.no\/innlandet\/180e433d-google-play-badge-logo-svgrepo-com-edited-300x169.png 300w\" sizes=\"auto, (max-width: 512px) 100vw, 512px\" \/><\/a><\/figure>\n<\/div>\n\n\n\n<div class=\"wp-block-column is-layout-flow wp-block-column-is-layout-flow\">\n<figure class=\"wp-block-image size-full is-resized\"><a href=\"https:\/\/apps.apple.com\/no\/app\/dks-ut%C3%B8ver\/id1459957906\"><img loading=\"lazy\" decoding=\"async\" width=\"512\" height=\"288\" src=\"https:\/\/cdn.denkulturelleskolesekken.no\/innlandet\/5f6aab2b-download-on-the-app-store-apple-logo-svgrepo-com-edited.png\" alt=\"\" class=\"wp-image-3533\" style=\"object-fit:cover;width:199px;height:60px\" srcset=\"https:\/\/cdn.denkulturelleskolesekken.no\/innlandet\/5f6aab2b-download-on-the-app-store-apple-logo-svgrepo-com-edited.png 512w, https:\/\/cdn.denkulturelleskolesekken.no\/innlandet\/5f6aab2b-download-on-the-app-store-apple-logo-svgrepo-com-edited-300x169.png 300w\" sizes=\"auto, (max-width: 512px) 100vw, 512px\" \/><\/a><\/figure>\n<\/div>\n<\/div>\n\n\n\n<p><\/p>\n","protected":false},"excerpt":{"rendered":"<p>Her finner du relevant informasjon til n\u00e5r du skal p\u00e5 turne. Vi anbefaler ogs\u00e5 at du bruker appen DKS ut\u00f8ver som kan lastes ned i App store eller Google play. I appen DKS ut\u00f8ver har du lett tilgang til forslagene dine og relevant informasjon om turneen som for eksempel tidsplaner, kart og kontaktinformasjon. Her vil [&hellip;]<\/p>\n","protected":false},"author":14,"featured_media":2857,"parent":0,"menu_order":0,"comment_status":"closed","ping_status":"closed","template":"","meta":{"footnotes":""},"class_list":["post-3510","page","type-page","status-publish","has-post-thumbnail","hentry"],"_links":{"self":[{"href":"https:\/\/www.denkulturelleskolesekken.no\/innlandet\/wp-json\/wp\/v2\/pages\/3510","targetHints":{"allow":["GET"]}}],"collection":[{"href":"https:\/\/www.denkulturelleskolesekken.no\/innlandet\/wp-json\/wp\/v2\/pages"}],"about":[{"href":"https:\/\/www.denkulturelleskolesekken.no\/innlandet\/wp-json\/wp\/v2\/types\/page"}],"author":[{"embeddable":true,"href":"https:\/\/www.denkulturelleskolesekken.no\/innlandet\/wp-json\/wp\/v2\/users\/14"}],"replies":[{"embeddable":true,"href":"https:\/\/www.denkulturelleskolesekken.no\/innlandet\/wp-json\/wp\/v2\/comments?post=3510"}],"version-history":[{"count":14,"href":"https:\/\/www.denkulturelleskolesekken.no\/innlandet\/wp-json\/wp\/v2\/pages\/3510\/revisions"}],"predecessor-version":[{"id":3720,"href":"https:\/\/www.denkulturelleskolesekken.no\/innlandet\/wp-json\/wp\/v2\/pages\/3510\/revisions\/3720"}],"wp:featuredmedia":[{"embeddable":true,"href":"https:\/\/www.denkulturelleskolesekken.no\/innlandet\/wp-json\/wp\/v2\/media\/2857"}],"wp:attachment":[{"href":"https:\/\/www.denkulturelleskolesekken.no\/innlandet\/wp-json\/wp\/v2\/media?parent=3510"}],"curies":[{"name":"wp","href":"https:\/\/api.w.org\/{rel}","templated":true}]}}