{"id":25,"date":"2019-10-31T13:51:34","date_gmt":"2019-10-31T13:51:34","guid":{"rendered":"https:\/\/viken.kulturtanken.app\/?page_id=25"},"modified":"2022-10-25T08:46:25","modified_gmt":"2022-10-25T08:46:25","slug":"er-du-kulturkontakt","status":"publish","type":"page","link":"https:\/\/www.denkulturelleskolesekken.no\/innlandet\/er-du-kulturkontakt\/","title":{"rendered":"Kulturkontakter"},"content":{"rendered":"\n<p><strong>Som kulturkontakt legger du grunnlaget for gode kunst- og kulturopplevelser i skolen, og er med p\u00e5 \u00e5 skape de gode m\u00f8tene mellom elever og ut\u00f8vere.&nbsp;<\/strong><\/p>\n\n\n\n<p>Hver skole har sin egen kulturkontakt. Dette kan v\u00e6re en fra skolens ledelse eller en utvalgt blant de ansatte. Kulturkontakten er bindeleddet mellom skolen, Den kulturelle skolesekken og de ut\u00f8verne som m\u00f8ter elevene. Skolens kulturkontakt mottar informasjon om Den kulturelle skolesekken, og holder seg orientert om ordningen og tilbudene som kommer til skolen. I tillegg oppdaterer kulturkontakten opplysninger fra skolens side, koordinerer DKS-tilbud med andre planer p\u00e5 skolen og s\u00f8rger for at l\u00e6rere og andre ansatte f\u00e5r vite det de trenger.&nbsp;&nbsp;<\/p>\n\n\n\n<p>Kulturkontakten gj\u00f8r avtaler med ut\u00f8vere i forkant av DKS-bes\u00f8k og passer p\u00e5 at de blir tatt vel imot n\u00e5r de kommer. Kulturkontakten har ogs\u00e5 hovedansvaret for den praktiske gjennomf\u00f8ringen p\u00e5 sin skole, ofte med god hjelp fra en gruppe elevarrang\u00f8rer blant skolens elever.&nbsp;&nbsp;<\/p>\n\n\n\n<p>I mange kommuner m\u00f8tes kulturkontaktene ved skolene, gjerne sammen med kommunekontakten, for \u00e5 utveksle informasjon og erfaringer.&nbsp;<\/p>\n\n\n\n<p>Last ned og skriv ut&nbsp;tips&nbsp;til kulturkontakten ved \u00e5 f\u00f8lge denne linken<\/p>\n\n\n\n<div class=\"wp-block-file\"><a id=\"wp-block-file--media-95c74724-ef2b-46a4-b606-bfdec9fbd267\" href=\"https:\/\/cdn.denkulturelleskolesekken.no\/innlandet\/56027126-infoplakat-kulturkontakter-dksi.pdf\" target=\"_blank\" rel=\"noreferrer noopener\">56027126-infoplakat-kulturkontakter-dksi<\/a><a href=\"https:\/\/cdn.denkulturelleskolesekken.no\/innlandet\/56027126-infoplakat-kulturkontakter-dksi.pdf\" class=\"wp-block-file__button\" download aria-describedby=\"wp-block-file--media-95c74724-ef2b-46a4-b606-bfdec9fbd267\">Download<\/a><\/div>\n\n\n\n<p><\/p>\n\n\n\n<div class=\"wp-block-image\"><figure class=\"aligncenter size-large is-resized\"><img loading=\"lazy\" decoding=\"async\" src=\"https:\/\/cdn.denkulturelleskolesekken.no\/innlandet\/5cd10330-infoplakat-kulturkontakter-dksi-724x1024.jpg\" alt=\"\" class=\"wp-image-2006\" width=\"362\" height=\"512\" srcset=\"https:\/\/cdn.denkulturelleskolesekken.no\/innlandet\/5cd10330-infoplakat-kulturkontakter-dksi-724x1024.jpg 724w, https:\/\/cdn.denkulturelleskolesekken.no\/innlandet\/5cd10330-infoplakat-kulturkontakter-dksi-212x300.jpg 212w, https:\/\/cdn.denkulturelleskolesekken.no\/innlandet\/5cd10330-infoplakat-kulturkontakter-dksi-768x1086.jpg 768w, https:\/\/cdn.denkulturelleskolesekken.no\/innlandet\/5cd10330-infoplakat-kulturkontakter-dksi-1086x1536.jpg 1086w, https:\/\/cdn.denkulturelleskolesekken.no\/innlandet\/5cd10330-infoplakat-kulturkontakter-dksi-1448x2048.jpg 1448w, https:\/\/cdn.denkulturelleskolesekken.no\/innlandet\/5cd10330-infoplakat-kulturkontakter-dksi-scaled.jpg 1811w\" sizes=\"auto, (max-width: 362px) 100vw, 362px\" \/><\/figure><\/div>\n\n\n\n<p><\/p>\n","protected":false},"excerpt":{"rendered":"<p>Som kulturkontakt legger du grunnlaget for gode kunst- og kulturopplevelser i skolen, og er med p\u00e5 \u00e5 skape de gode m\u00f8tene mellom elever og ut\u00f8vere.&nbsp; Hver skole har sin egen kulturkontakt. Dette kan v\u00e6re en fra skolens ledelse eller en utvalgt blant de ansatte. Kulturkontakten er bindeleddet mellom skolen, Den kulturelle skolesekken og de ut\u00f8verne [&hellip;]<\/p>\n","protected":false},"author":2,"featured_media":1525,"parent":0,"menu_order":0,"comment_status":"closed","ping_status":"closed","template":"","meta":{"footnotes":""},"class_list":["post-25","page","type-page","status-publish","has-post-thumbnail","hentry"],"_links":{"self":[{"href":"https:\/\/www.denkulturelleskolesekken.no\/innlandet\/wp-json\/wp\/v2\/pages\/25","targetHints":{"allow":["GET"]}}],"collection":[{"href":"https:\/\/www.denkulturelleskolesekken.no\/innlandet\/wp-json\/wp\/v2\/pages"}],"about":[{"href":"https:\/\/www.denkulturelleskolesekken.no\/innlandet\/wp-json\/wp\/v2\/types\/page"}],"author":[{"embeddable":true,"href":"https:\/\/www.denkulturelleskolesekken.no\/innlandet\/wp-json\/wp\/v2\/users\/2"}],"replies":[{"embeddable":true,"href":"https:\/\/www.denkulturelleskolesekken.no\/innlandet\/wp-json\/wp\/v2\/comments?post=25"}],"version-history":[{"count":24,"href":"https:\/\/www.denkulturelleskolesekken.no\/innlandet\/wp-json\/wp\/v2\/pages\/25\/revisions"}],"predecessor-version":[{"id":2009,"href":"https:\/\/www.denkulturelleskolesekken.no\/innlandet\/wp-json\/wp\/v2\/pages\/25\/revisions\/2009"}],"wp:featuredmedia":[{"embeddable":true,"href":"https:\/\/www.denkulturelleskolesekken.no\/innlandet\/wp-json\/wp\/v2\/media\/1525"}],"wp:attachment":[{"href":"https:\/\/www.denkulturelleskolesekken.no\/innlandet\/wp-json\/wp\/v2\/media?parent=25"}],"curies":[{"name":"wp","href":"https:\/\/api.w.org\/{rel}","templated":true}]}}

<p><strong>Som kulturkontakt legger du grunnlaget for gode kunst- og kulturopplevelser i skolen, og er med på å skape de gode møtene mellom elever og utøvere.&nbsp;</strong></p>



<p>Hver skole har sin egen kulturkontakt. Dette kan være en fra skolens ledelse eller en utvalgt blant de ansatte. Kulturkontakten er bindeleddet mellom skolen, Den kulturelle skolesekken og de utøverne som møter elevene. Skolens kulturkontakt mottar informasjon om Den kulturelle skolesekken, og holder seg orientert om ordningen og tilbudene som kommer til skolen. I tillegg oppdaterer kulturkontakten opplysninger fra skolens side, koordinerer DKS-tilbud med andre planer på skolen og sørger for at lærere og andre ansatte får vite det de trenger.&nbsp;&nbsp;</p>



<p>Kulturkontakten gjør avtaler med utøvere i forkant av DKS-besøk og passer på at de blir tatt vel imot når de kommer. Kulturkontakten har også hovedansvaret for den praktiske gjennomføringen på sin skole, ofte med god hjelp fra en gruppe elevarrangører blant skolens elever.&nbsp;&nbsp;</p>



<p>I mange kommuner møtes kulturkontaktene ved skolene, gjerne sammen med kommunekontakten, for å utveksle informasjon og erfaringer.&nbsp;</p>



<p>Last ned og skriv ut&nbsp;tips&nbsp;til kulturkontakten ved å følge denne linken</p>



<div class="wp-block-file"><a id="wp-block-file--media-95c74724-ef2b-46a4-b606-bfdec9fbd267" href="https://cdn.denkulturelleskolesekken.no/innlandet/56027126-infoplakat-kulturkontakter-dksi.pdf" target="_blank" rel="noreferrer noopener">56027126-infoplakat-kulturkontakter-dksi</a><a href="https://cdn.denkulturelleskolesekken.no/innlandet/56027126-infoplakat-kulturkontakter-dksi.pdf" class="wp-block-file__button" download aria-describedby="wp-block-file--media-95c74724-ef2b-46a4-b606-bfdec9fbd267">Download</a></div>



<p></p>



<div class="wp-block-image"><figure class="aligncenter size-large is-resized"><img loading="lazy" decoding="async" src="https://cdn.denkulturelleskolesekken.no/innlandet/5cd10330-infoplakat-kulturkontakter-dksi-724x1024.jpg" alt="" class="wp-image-2006" width="362" height="512" srcset="https://cdn.denkulturelleskolesekken.no/innlandet/5cd10330-infoplakat-kulturkontakter-dksi-724x1024.jpg 724w, https://cdn.denkulturelleskolesekken.no/innlandet/5cd10330-infoplakat-kulturkontakter-dksi-212x300.jpg 212w, https://cdn.denkulturelleskolesekken.no/innlandet/5cd10330-infoplakat-kulturkontakter-dksi-768x1086.jpg 768w, https://cdn.denkulturelleskolesekken.no/innlandet/5cd10330-infoplakat-kulturkontakter-dksi-1086x1536.jpg 1086w, https://cdn.denkulturelleskolesekken.no/innlandet/5cd10330-infoplakat-kulturkontakter-dksi-1448x2048.jpg 1448w, https://cdn.denkulturelleskolesekken.no/innlandet/5cd10330-infoplakat-kulturkontakter-dksi-scaled.jpg 1811w" sizes="auto, (max-width: 362px) 100vw, 362px" /></figure></div>



<p></p>

<p>Som kulturkontakt legger du grunnlaget for gode kunst- og kulturopplevelser i skolen, og er med på å skape de gode møtene mellom elever og utøvere.&nbsp; Hver skole har sin egen kulturkontakt. Dette kan være en fra skolens ledelse eller en utvalgt blant de ansatte. Kulturkontakten er bindeleddet mellom skolen, Den kulturelle skolesekken og de utøverne [&hellip;]</p>
