{"id":2073,"date":"2023-01-05T09:45:53","date_gmt":"2023-01-05T09:45:53","guid":{"rendered":"https:\/\/www.denkulturelleskolesekken.no\/innlandet\/?page_id=2073"},"modified":"2023-10-27T11:14:51","modified_gmt":"2023-10-27T11:14:51","slug":"elevarrangorer","status":"publish","type":"page","link":"https:\/\/www.denkulturelleskolesekken.no\/innlandet\/elevarrangorer\/","title":{"rendered":"Elevarrang\u00f8rer"},"content":{"rendered":"\n<p><strong>Elevarrang\u00f8rer er en gruppe elever med arrang\u00f8roppgaver f\u00f8r, under og etter DKS-bes\u00f8k. De er med p\u00e5 \u00e5 planlegge og hjelpe til slik at bes\u00f8kene g\u00e5r s\u00e5 bra som mulig.<\/strong><\/p>\n\n\n\n<p>N\u00e5r ut\u00f8vere fra Den kulturelle skolesekken kommer p\u00e5 bes\u00f8k til en skole, har det mye \u00e5 si hvordan de blir m\u00f8tt. \u00c5 bli tatt imot av en gruppe elevarrang\u00f8rer som har forberedt seg godt og tilrettelagt for bes\u00f8k kan ha mye \u00e5 si for hvor vellykket arrangementet blir og for opplevelsen, b\u00e5de for elever og ut\u00f8vere.<\/p>\n\n\n\n<p>Det er mye som skal tenkes p\u00e5 f\u00f8r, under og etter et DKS-bes\u00f8k. Elever og l\u00e6rere trenger informasjon om bes\u00f8ket, rommene som skal brukes m\u00e5 klargj\u00f8res, n\u00e5r ut\u00f8verne kommer trenger de \u00e5 bli vist hvor de skal v\u00e6re, og ofte setter de pris p\u00e5 noe \u00e5 drikke og litt b\u00e6rehjelp. Publikum skal slippes inn til riktig tid, med beskjed om hvor de skal sitte, og kanskje passer det ogs\u00e5 med en introduksjon f\u00f8r forestillingen eller en velfortjent takk etter applausen har lagt seg. Sist, men ikke minst skal rommene ryddes n\u00e5r det hele er over og ut\u00f8verne \u00f8nskes god tur videre.<\/p>\n\n\n\n<p>Vi har laget en kort film om elevarrang\u00f8rer i Innlandet. Her f\u00f8lger vi elevarrang\u00f8rer fra Heidal skule som f\u00e5r bes\u00f8k av Mandarinsaft. Filmen er to minutter lang og finnes b\u00e5de p\u00e5 nynorsk og bokm\u00e5l. Se den her:<\/p>\n\n\n\n<p> <\/p>\n\n\n\n<figure class=\"wp-block-embed is-type-video is-provider-vimeo wp-block-embed-vimeo wp-embed-aspect-16-9 wp-has-aspect-ratio\"><div class=\"wp-block-embed__wrapper\">\n<iframe loading=\"lazy\" title=\"Elevarrang\u00f8rer - Bokm\u00e5l\" src=\"https:\/\/player.vimeo.com\/video\/876295304?dnt=1&amp;app_id=122963\" width=\"500\" height=\"281\" frameborder=\"0\" allow=\"autoplay; fullscreen; picture-in-picture; clipboard-write; encrypted-media; web-share\" referrerpolicy=\"strict-origin-when-cross-origin\"><\/iframe>\n<\/div><\/figure>\n\n\n\n<figure class=\"wp-block-embed is-type-video is-provider-vimeo wp-block-embed-vimeo wp-embed-aspect-16-9 wp-has-aspect-ratio\"><div class=\"wp-block-embed__wrapper\">\n<iframe loading=\"lazy\" title=\"Elevarrang\u00f8rer - Nynorsk\" src=\"https:\/\/player.vimeo.com\/video\/876295876?dnt=1&amp;app_id=122963\" width=\"500\" height=\"281\" frameborder=\"0\" allow=\"autoplay; fullscreen; picture-in-picture; clipboard-write; encrypted-media; web-share\" referrerpolicy=\"strict-origin-when-cross-origin\"><\/iframe>\n<\/div><\/figure>\n\n\n\n<p><\/p>\n\n\n\n<div style=\"height:100px\" aria-hidden=\"true\" class=\"wp-block-spacer\"><\/div>\n\n\n\n<p>Under har vi samlet nyttig materiale for skoler som benytter elevarrang\u00f8rer. <\/p>\n\n\n\n<div class=\"wp-block-file\"><a id=\"wp-block-file--media-a5793b27-dfe2-496b-9e13-08ce42695182\" href=\"https:\/\/cdn.denkulturelleskolesekken.no\/innlandet\/706f32b7-elevarrangorer-sjekkliste-vertskap_01.pdf\">Sjekkliste vertskap<\/a><a href=\"https:\/\/cdn.denkulturelleskolesekken.no\/innlandet\/706f32b7-elevarrangorer-sjekkliste-vertskap_01.pdf\" class=\"wp-block-file__button\" download aria-describedby=\"wp-block-file--media-a5793b27-dfe2-496b-9e13-08ce42695182\">Download<\/a><\/div>\n\n\n\n<div class=\"wp-block-file\"><a id=\"wp-block-file--media-77465610-dfef-4877-8609-82b332f95f2b\" href=\"https:\/\/cdn.denkulturelleskolesekken.no\/innlandet\/91b03410-elevarrangorer-sjekkliste-rom_01.pdf\">Sjekkliste rom<\/a><a href=\"https:\/\/cdn.denkulturelleskolesekken.no\/innlandet\/91b03410-elevarrangorer-sjekkliste-rom_01.pdf\" class=\"wp-block-file__button\" download aria-describedby=\"wp-block-file--media-77465610-dfef-4877-8609-82b332f95f2b\">Download<\/a><\/div>\n\n\n\n<div class=\"wp-block-file\"><a id=\"wp-block-file--media-30ce933c-8175-4e4c-9379-98c3d942f0c5\" href=\"https:\/\/cdn.denkulturelleskolesekken.no\/innlandet\/6b02d69a-elevarrangorer-sjekkliste-publikum_01.pdf\">Sjekkliste publikum<\/a><a href=\"https:\/\/cdn.denkulturelleskolesekken.no\/innlandet\/6b02d69a-elevarrangorer-sjekkliste-publikum_01.pdf\" class=\"wp-block-file__button\" download aria-describedby=\"wp-block-file--media-30ce933c-8175-4e4c-9379-98c3d942f0c5\">Download<\/a><\/div>\n\n\n\n<div class=\"wp-block-file\"><a id=\"wp-block-file--media-143026bf-018d-4b6e-a7e4-3e7e1f5e7d6f\" href=\"https:\/\/cdn.denkulturelleskolesekken.no\/innlandet\/290fc2c4-q-card_den-kulturelle-skolesekken_01.pdf\">Programlederkort<\/a><a href=\"https:\/\/cdn.denkulturelleskolesekken.no\/innlandet\/290fc2c4-q-card_den-kulturelle-skolesekken_01.pdf\" class=\"wp-block-file__button\" download aria-describedby=\"wp-block-file--media-143026bf-018d-4b6e-a7e4-3e7e1f5e7d6f\">Download<\/a><\/div>\n\n\n\n<div class=\"wp-block-file\"><a id=\"wp-block-file--media-a1969a9d-36c7-4427-bd3a-0bb68f501fcb\" href=\"https:\/\/cdn.denkulturelleskolesekken.no\/innlandet\/c5f6d90e-a4_plakat_dks_5.docx\">Redigerbar plakat &#8211; Uttrykksikoner<\/a><a href=\"https:\/\/cdn.denkulturelleskolesekken.no\/innlandet\/c5f6d90e-a4_plakat_dks_5.docx\" class=\"wp-block-file__button\" download aria-describedby=\"wp-block-file--media-a1969a9d-36c7-4427-bd3a-0bb68f501fcb\">Download<\/a><\/div>\n\n\n\n<div class=\"wp-block-file\"><a id=\"wp-block-file--media-9f0d92dc-6489-404c-82a8-94f3785bca1e\" href=\"https:\/\/cdn.denkulturelleskolesekken.no\/innlandet\/579eeaa3-a4_plakat_dks_3.docx\">Redigerbar plakat &#8211; Maling og stempler<\/a><a href=\"https:\/\/cdn.denkulturelleskolesekken.no\/innlandet\/579eeaa3-a4_plakat_dks_3.docx\" class=\"wp-block-file__button\" download aria-describedby=\"wp-block-file--media-9f0d92dc-6489-404c-82a8-94f3785bca1e\">Download<\/a><\/div>\n\n\n\n<div class=\"wp-block-file\"><a id=\"wp-block-file--media-bbfa7fa5-77c2-47a0-bde4-86f27add33bb\" href=\"https:\/\/cdn.denkulturelleskolesekken.no\/innlandet\/641a9eff-plakat-2_dks_a4.docx\">Redigerbar plakat &#8211; Danser<\/a><a href=\"https:\/\/cdn.denkulturelleskolesekken.no\/innlandet\/641a9eff-plakat-2_dks_a4.docx\" class=\"wp-block-file__button\" download aria-describedby=\"wp-block-file--media-bbfa7fa5-77c2-47a0-bde4-86f27add33bb\">Download<\/a><\/div>\n\n\n\n<div class=\"wp-block-file\"><a id=\"wp-block-file--media-0fe67281-2a03-4ab5-837f-71fae3ebdaa1\" href=\"https:\/\/cdn.denkulturelleskolesekken.no\/innlandet\/3a8eedd4-plakat_1_dks_a4.docx\">Redigerbar plakat &#8211; Musiker<\/a><a href=\"https:\/\/cdn.denkulturelleskolesekken.no\/innlandet\/3a8eedd4-plakat_1_dks_a4.docx\" class=\"wp-block-file__button\" download aria-describedby=\"wp-block-file--media-0fe67281-2a03-4ab5-837f-71fae3ebdaa1\">Download<\/a><\/div>\n\n\n\n<div class=\"wp-block-file\"><a id=\"wp-block-file--media-c63ab803-d8d9-4e31-90de-939b0cd2ab71\" href=\"https:\/\/cdn.denkulturelleskolesekken.no\/innlandet\/c6d9d61e-a4_plakat_dks_4.docx\">Redigerbar plakat &#8211; Utend\u00f8rs<\/a><a href=\"https:\/\/cdn.denkulturelleskolesekken.no\/innlandet\/c6d9d61e-a4_plakat_dks_4.docx\" class=\"wp-block-file__button\" download aria-describedby=\"wp-block-file--media-c63ab803-d8d9-4e31-90de-939b0cd2ab71\">Download<\/a><\/div>\n\n\n\n<div style=\"height:100px\" aria-hidden=\"true\" class=\"wp-block-spacer\"><\/div>\n","protected":false},"excerpt":{"rendered":"<p>Elevarrang\u00f8rer er en gruppe elever med arrang\u00f8roppgaver f\u00f8r, under og etter DKS-bes\u00f8k. De er med p\u00e5 \u00e5 planlegge og hjelpe til slik at bes\u00f8kene g\u00e5r s\u00e5 bra som mulig. N\u00e5r ut\u00f8vere fra Den kulturelle skolesekken kommer p\u00e5 bes\u00f8k til en skole, har det mye \u00e5 si hvordan de blir m\u00f8tt. \u00c5 bli tatt imot av [&hellip;]<\/p>\n","protected":false},"author":23,"featured_media":2048,"parent":0,"menu_order":0,"comment_status":"closed","ping_status":"closed","template":"","meta":{"footnotes":""},"class_list":["post-2073","page","type-page","status-publish","has-post-thumbnail","hentry"],"_links":{"self":[{"href":"https:\/\/www.denkulturelleskolesekken.no\/innlandet\/wp-json\/wp\/v2\/pages\/2073","targetHints":{"allow":["GET"]}}],"collection":[{"href":"https:\/\/www.denkulturelleskolesekken.no\/innlandet\/wp-json\/wp\/v2\/pages"}],"about":[{"href":"https:\/\/www.denkulturelleskolesekken.no\/innlandet\/wp-json\/wp\/v2\/types\/page"}],"author":[{"embeddable":true,"href":"https:\/\/www.denkulturelleskolesekken.no\/innlandet\/wp-json\/wp\/v2\/users\/23"}],"replies":[{"embeddable":true,"href":"https:\/\/www.denkulturelleskolesekken.no\/innlandet\/wp-json\/wp\/v2\/comments?post=2073"}],"version-history":[{"count":20,"href":"https:\/\/www.denkulturelleskolesekken.no\/innlandet\/wp-json\/wp\/v2\/pages\/2073\/revisions"}],"predecessor-version":[{"id":3489,"href":"https:\/\/www.denkulturelleskolesekken.no\/innlandet\/wp-json\/wp\/v2\/pages\/2073\/revisions\/3489"}],"wp:featuredmedia":[{"embeddable":true,"href":"https:\/\/www.denkulturelleskolesekken.no\/innlandet\/wp-json\/wp\/v2\/media\/2048"}],"wp:attachment":[{"href":"https:\/\/www.denkulturelleskolesekken.no\/innlandet\/wp-json\/wp\/v2\/media?parent=2073"}],"curies":[{"name":"wp","href":"https:\/\/api.w.org\/{rel}","templated":true}]}}