{"id":1653,"date":"2022-08-02T09:15:02","date_gmt":"2022-08-02T09:15:02","guid":{"rendered":"https:\/\/www.denkulturelleskolesekken.no\/innlandet\/?page_id=1653"},"modified":"2026-01-19T11:00:59","modified_gmt":"2026-01-19T11:00:59","slug":"vilkar-satser-lonn-og-faktura","status":"publish","type":"page","link":"https:\/\/www.denkulturelleskolesekken.no\/innlandet\/vilkar-satser-lonn-og-faktura\/","title":{"rendered":"Vilk\u00e5r, satser, l\u00f8nn og faktura"},"content":{"rendered":"\n<p><strong>DKS Innlandet f\u00f8lger rammeavtalen som er fremforhandlet av KS og Creo, (ASA 4401). Avtalen regulerer og beskriver vilk\u00e5r og honorarsats for ut\u00f8vere i Den kulturelle skolesekken. <\/strong><\/p>\n\n\n\n<p><strong>L\u00f8nn eller honorar<\/strong>&nbsp;<\/p>\n\n\n\n<p>Som DKS-ut\u00f8ver kan du velge \u00e5 om du vil motta honoraret som n\u00e6ringsdrivende eller frilans l\u00f8nnstaker. B\u00e5de n\u00e6ringsdrivende og frilansere er omfattet av rammeavtalen, men for frilansere reduseres dagsatsen tilsvarende arbeidsgiveravgiften p\u00e5 14.1 prosent.&nbsp;&nbsp;<\/p>\n\n\n\n<p>Frilans l\u00f8nnsmottaker har automatisk skattetrekk og sender l\u00f8nnsskjema for honorar og utlegg p\u00e5 reiseregningsskjema. Som selvstendig n\u00e6ringsdrivende fakturer du DKS Innlandet. Ut\u00f8vere innen litteraturfeltet kan ogs\u00e5 velge \u00e5 fakturere gjennom <a href=\"https:\/\/forfattersentrum.no\/honorarsatser\/honorarsatser-dks-2\/\" target=\"_blank\" rel=\"noreferrer noopener\">Norsk Forfattersentrum<\/a>, dersom de er medlem der.&nbsp;&nbsp;<\/p>\n\n\n\n<p><strong>Usikker p\u00e5 om du er frilanser eller selvstendig n\u00e6ringsdrivende?&nbsp;<\/strong>&nbsp;<\/p>\n\n\n\n<p>Som et utgangspunkt er du selvstendig n\u00e6ringsdrivende dersom du for egen regning og risiko driver en vedvarende virksomhet som er egnet til \u00e5 gi nettoinntekt. En selvstendig n\u00e6ringsdrivende er registrert i Br\u00f8nn\u00f8ysundregistret med enten enkeltpersonforetak, ANS eller DA.<\/p>\n\n\n\n<p>Hverken n\u00e6ringsdrivende eller frilans l\u00f8nnstaker er ansatt i et arbeidstakerforhold, og selv st\u00e5r ansvarlig for utvidede sykepengeforsikringer.&nbsp; Se NAV sin informasjon om sykepenger og forsikringer her:&nbsp;<\/p>\n\n\n\n<div class=\"wp-block-buttons is-layout-flex wp-block-buttons-is-layout-flex\">\n<div class=\"wp-block-button\"><a class=\"wp-block-button__link wp-element-button\" href=\"https:\/\/lovdata.no\/nav\/rundskriv\/v4-08-00\">NAV info om sykepenger og forsikringer<\/a><\/div>\n<\/div>\n\n\n\n<p><strong>TONO<\/strong>&nbsp;<\/p>\n\n\n\n<p>Alle produksjoner og ut\u00f8vere som bruker musikk, enten live eller innspilt (unntatt film), skal sende inn musikkrapport. Dette videresender vi til TONO, slik at all musikk som blir benyttet, blir registrert og rettighetshaverne f\u00e5r sine rettigheter oppfylt.&nbsp;<\/p>\n\n\n\n<p>Vi i DKS Innlandet legger ved all annen dokumentasjon som trengs n\u00e5r vi sender over rapporten.&nbsp;<\/p>\n\n\n\n<p><strong>Fakturainformasjon<\/strong>&nbsp;<\/p>\n\n\n\n<p>Faktura sendes via EHF-format til organisasjonsnummer 92071715. <\/p>\n\n\n\n<div class=\"wp-block-buttons is-layout-flex wp-block-buttons-is-layout-flex\">\n<div class=\"wp-block-button\"><a class=\"wp-block-button__link wp-element-button\" href=\"https:\/\/cdn.denkulturelleskolesekken.no\/innlandet\/0f1fb760-reiseregning-2026.pdf\">Last ned reiseregning her<\/a><\/div>\n\n\n\n<div class=\"wp-block-button\"><a class=\"wp-block-button__link wp-element-button\" href=\"https:\/\/www.denkulturelleskolesekken.no\/2022\/06\/08\/ny-rammeavtale-for-den-kulturelle-skolesekken\/\">Rammeavtalen KS og CREO<\/a><\/div>\n\n\n\n<div class=\"wp-block-button\"><a class=\"wp-block-button__link wp-element-button\" href=\"https:\/\/info.altinn.no\/starte-og-drive\/starte\/for-oppstart\/frilanser\/\">Om frilansere og n\u00e6ringsdrivende<\/a><\/div>\n\n\n\n<div class=\"wp-block-button\"><a class=\"wp-block-button__link wp-element-button\" href=\"https:\/\/www.denkulturelleskolesekken.no\/forside\/om-dks\/utover\/\">Kulturtankens sider for ut\u00f8vere<\/a><\/div>\n\n\n\n<div class=\"wp-block-button\"><a class=\"wp-block-button__link wp-element-button\" href=\"https:\/\/innlandetfylke.no\/kontakt-oss\/kontaktinformasjon\/#faqsporsmal-2260\">Fakturainfo fra Innlandet fylkeskommune<\/a><\/div>\n<\/div>\n\n\n\n<p><\/p>\n\n\n\n<p><\/p>\n","protected":false},"excerpt":{"rendered":"<p>DKS Innlandet f\u00f8lger rammeavtalen som er fremforhandlet av KS og Creo, (ASA 4401). Avtalen regulerer og beskriver vilk\u00e5r og honorarsats for ut\u00f8vere i Den kulturelle skolesekken. L\u00f8nn eller honorar&nbsp; Som DKS-ut\u00f8ver kan du velge \u00e5 om du vil motta honoraret som n\u00e6ringsdrivende eller frilans l\u00f8nnstaker. B\u00e5de n\u00e6ringsdrivende og frilansere er omfattet av rammeavtalen, men for [&hellip;]<\/p>\n","protected":false},"author":14,"featured_media":1654,"parent":0,"menu_order":0,"comment_status":"closed","ping_status":"closed","template":"","meta":{"footnotes":""},"class_list":["post-1653","page","type-page","status-publish","has-post-thumbnail","hentry"],"_links":{"self":[{"href":"https:\/\/www.denkulturelleskolesekken.no\/innlandet\/wp-json\/wp\/v2\/pages\/1653","targetHints":{"allow":["GET"]}}],"collection":[{"href":"https:\/\/www.denkulturelleskolesekken.no\/innlandet\/wp-json\/wp\/v2\/pages"}],"about":[{"href":"https:\/\/www.denkulturelleskolesekken.no\/innlandet\/wp-json\/wp\/v2\/types\/page"}],"author":[{"embeddable":true,"href":"https:\/\/www.denkulturelleskolesekken.no\/innlandet\/wp-json\/wp\/v2\/users\/14"}],"replies":[{"embeddable":true,"href":"https:\/\/www.denkulturelleskolesekken.no\/innlandet\/wp-json\/wp\/v2\/comments?post=1653"}],"version-history":[{"count":8,"href":"https:\/\/www.denkulturelleskolesekken.no\/innlandet\/wp-json\/wp\/v2\/pages\/1653\/revisions"}],"predecessor-version":[{"id":3717,"href":"https:\/\/www.denkulturelleskolesekken.no\/innlandet\/wp-json\/wp\/v2\/pages\/1653\/revisions\/3717"}],"wp:featuredmedia":[{"embeddable":true,"href":"https:\/\/www.denkulturelleskolesekken.no\/innlandet\/wp-json\/wp\/v2\/media\/1654"}],"wp:attachment":[{"href":"https:\/\/www.denkulturelleskolesekken.no\/innlandet\/wp-json\/wp\/v2\/media?parent=1653"}],"curies":[{"name":"wp","href":"https:\/\/api.w.org\/{rel}","templated":true}]}}

Vilkår, satser, lønn og faktura

<p><strong>DKS Innlandet følger rammeavtalen som er fremforhandlet av KS og Creo, (ASA 4401). Avtalen regulerer og beskriver vilkår og honorarsats for utøvere i Den kulturelle skolesekken. </strong></p>



<p><strong>Lønn eller honorar</strong>&nbsp;</p>



<p>Som DKS-utøver kan du velge å om du vil motta honoraret som næringsdrivende eller frilans lønnstaker. Både næringsdrivende og frilansere er omfattet av rammeavtalen, men for frilansere reduseres dagsatsen tilsvarende arbeidsgiveravgiften på 14.1 prosent.&nbsp;&nbsp;</p>



<p>Frilans lønnsmottaker har automatisk skattetrekk og sender lønnsskjema for honorar og utlegg på reiseregningsskjema. Som selvstendig næringsdrivende fakturer du DKS Innlandet. Utøvere innen litteraturfeltet kan også velge å fakturere gjennom <a href="https://forfattersentrum.no/honorarsatser/honorarsatser-dks-2/" target="_blank" rel="noreferrer noopener">Norsk Forfattersentrum</a>, dersom de er medlem der.&nbsp;&nbsp;</p>



<p><strong>Usikker på om du er frilanser eller selvstendig næringsdrivende?&nbsp;</strong>&nbsp;</p>



<p>Som et utgangspunkt er du selvstendig næringsdrivende dersom du for egen regning og risiko driver en vedvarende virksomhet som er egnet til å gi nettoinntekt. En selvstendig næringsdrivende er registrert i Brønnøysundregistret med enten enkeltpersonforetak, ANS eller DA.</p>



<p>Hverken næringsdrivende eller frilans lønnstaker er ansatt i et arbeidstakerforhold, og selv står ansvarlig for utvidede sykepengeforsikringer.&nbsp; Se NAV sin informasjon om sykepenger og forsikringer her:&nbsp;</p>



<div class="wp-block-buttons is-layout-flex wp-block-buttons-is-layout-flex">
<div class="wp-block-button"><a class="wp-block-button__link wp-element-button" href="https://lovdata.no/nav/rundskriv/v4-08-00">NAV info om sykepenger og forsikringer</a></div>
</div>



<p><strong>TONO</strong>&nbsp;</p>



<p>Alle produksjoner og utøvere som bruker musikk, enten live eller innspilt (unntatt film), skal sende inn musikkrapport. Dette videresender vi til TONO, slik at all musikk som blir benyttet, blir registrert og rettighetshaverne får sine rettigheter oppfylt.&nbsp;</p>



<p>Vi i DKS Innlandet legger ved all annen dokumentasjon som trengs når vi sender over rapporten.&nbsp;</p>



<p><strong>Fakturainformasjon</strong>&nbsp;</p>



<p>Faktura sendes via EHF-format til organisasjonsnummer 92071715. </p>



<div class="wp-block-buttons is-layout-flex wp-block-buttons-is-layout-flex">
<div class="wp-block-button"><a class="wp-block-button__link wp-element-button" href="https://cdn.denkulturelleskolesekken.no/innlandet/0f1fb760-reiseregning-2026.pdf">Last ned reiseregning her</a></div>



<div class="wp-block-button"><a class="wp-block-button__link wp-element-button" href="https://www.denkulturelleskolesekken.no/2022/06/08/ny-rammeavtale-for-den-kulturelle-skolesekken/">Rammeavtalen KS og CREO</a></div>



<div class="wp-block-button"><a class="wp-block-button__link wp-element-button" href="https://info.altinn.no/starte-og-drive/starte/for-oppstart/frilanser/">Om frilansere og næringsdrivende</a></div>



<div class="wp-block-button"><a class="wp-block-button__link wp-element-button" href="https://www.denkulturelleskolesekken.no/forside/om-dks/utover/">Kulturtankens sider for utøvere</a></div>



<div class="wp-block-button"><a class="wp-block-button__link wp-element-button" href="https://innlandetfylke.no/kontakt-oss/kontaktinformasjon/#faqsporsmal-2260">Fakturainfo fra Innlandet fylkeskommune</a></div>
</div>



<p></p>



<p></p>

<p>DKS Innlandet følger rammeavtalen som er fremforhandlet av KS og Creo, (ASA 4401). Avtalen regulerer og beskriver vilkår og honorarsats for utøvere i Den kulturelle skolesekken. Lønn eller honorar&nbsp; Som DKS-utøver kan du velge å om du vil motta honoraret som næringsdrivende eller frilans lønnstaker. Både næringsdrivende og frilansere er omfattet av rammeavtalen, men for [&hellip;]</p>
