{"id":1649,"date":"2022-08-02T09:02:43","date_gmt":"2022-08-02T09:02:43","guid":{"rendered":"https:\/\/www.denkulturelleskolesekken.no\/innlandet\/?page_id=1649"},"modified":"2022-08-08T12:02:10","modified_gmt":"2022-08-08T12:02:10","slug":"kommunekontakter","status":"publish","type":"page","link":"https:\/\/www.denkulturelleskolesekken.no\/innlandet\/kommunekontakter\/","title":{"rendered":"Kommunekontakter"},"content":{"rendered":"\n<p><strong>Kommunekontakten<\/strong>&nbsp;<\/p>\n\n\n\n<p><strong>Kommunekontakten er et viktig bindeledd mellom DKS Innlandet og skolen, og helt sentral i arbeidet knyttet til det lokale DKS-tilbudet i kommunen. Kommunekontakten har et overordnet ansvar for bruken av spillemidlene som tildeles kommunen fra DKS Innlandet, og skal s\u00f8rge for \u00e5 administrere det lokale DKS-tilbudet. Kommunekontakten rapporterer ogs\u00e5 \u00e5rlig til DKS Innlandet, der det gis n\u00e6rmere informasjon om kommunens DKS-aktivitet og \u00f8konomi.&nbsp;<\/strong><\/p>\n\n\n\n<p>For \u00e5 utarbeide, utvikle og kvalitetssikre det lokale tilbudet i kommunen setter mange kommunekontakter ned grupper eller r\u00e5d med representanter fra kultur- og skolesektoren. Flere kommunekontakter m\u00f8tes ogs\u00e5 for \u00e5 utveksle informasjon og erfaringer, og kommunene samarbeider gjerne om lokale DKS-produksjoner.&nbsp;&nbsp;&nbsp;<\/p>\n\n\n\n<p><strong>Tips til kommunekontakten&nbsp;<\/strong><\/p>\n\n\n\n<ul class=\"wp-block-list\"><li>Hold deg orientert om DKS-ordningen og tilbudene som kommer til kommunen fra DKS Innlandet. Fors\u00f8k \u00e5 koordinere kommunens lokale DKS-tilbud best mulig med tilbudene fra DKS Innlandet.&nbsp;<\/li><li>Hold DKS-portalen oppdatert og bruk den aktivt. Registrering av kommunens DKS-aktiviteter i portalen holder skolene informert og letter ogs\u00e5 arbeidet med \u00e5rsrapportering.<\/li><li>Forankre DKS i kommunens administrative og politiske ledelse.&nbsp;<\/li><li>Ha god kontakt med kommunens skoler og etabler gjerne m\u00f8teplasser for idemyldring, planlegging, erfaringsutveksling og evalueringer. F\u00f8lg opp og bist\u00e5 kulturkontaktene, slik at det tilrettelegges for best mulig kunst- og kulturopplevelser for elevene ved den enkelte skolen.&nbsp;<\/li><li>Ikke n\u00f8l med \u00e5 kontakte DKS Innlandet om du har sp\u00f8rsm\u00e5l eller tilbakemeldinger.&nbsp;<\/li><\/ul>\n\n\n\n<p>P\u00e5 nettsidene til Den kulturelle skolesekken finner du mer nyttig informasjon. <a rel=\"noreferrer noopener\" href=\"https:\/\/www.denkulturelleskolesekken.no\/\" target=\"_blank\">www.denkulturelleskolesekken.no\/<\/a>\u00a0<\/p>\n\n\n\n<p><\/p>\n\n\n\n<p><\/p>\n","protected":false},"excerpt":{"rendered":"<p>Kommunekontakten&nbsp; Kommunekontakten er et viktig bindeledd mellom DKS Innlandet og skolen, og helt sentral i arbeidet knyttet til det lokale DKS-tilbudet i kommunen. Kommunekontakten har et overordnet ansvar for bruken av spillemidlene som tildeles kommunen fra DKS Innlandet, og skal s\u00f8rge for \u00e5 administrere det lokale DKS-tilbudet. Kommunekontakten rapporterer ogs\u00e5 \u00e5rlig til DKS Innlandet, der [&hellip;]<\/p>\n","protected":false},"author":14,"featured_media":1517,"parent":0,"menu_order":0,"comment_status":"closed","ping_status":"closed","template":"","meta":{"footnotes":""},"class_list":["post-1649","page","type-page","status-publish","has-post-thumbnail","hentry"],"_links":{"self":[{"href":"https:\/\/www.denkulturelleskolesekken.no\/innlandet\/wp-json\/wp\/v2\/pages\/1649","targetHints":{"allow":["GET"]}}],"collection":[{"href":"https:\/\/www.denkulturelleskolesekken.no\/innlandet\/wp-json\/wp\/v2\/pages"}],"about":[{"href":"https:\/\/www.denkulturelleskolesekken.no\/innlandet\/wp-json\/wp\/v2\/types\/page"}],"author":[{"embeddable":true,"href":"https:\/\/www.denkulturelleskolesekken.no\/innlandet\/wp-json\/wp\/v2\/users\/14"}],"replies":[{"embeddable":true,"href":"https:\/\/www.denkulturelleskolesekken.no\/innlandet\/wp-json\/wp\/v2\/comments?post=1649"}],"version-history":[{"count":12,"href":"https:\/\/www.denkulturelleskolesekken.no\/innlandet\/wp-json\/wp\/v2\/pages\/1649\/revisions"}],"predecessor-version":[{"id":1708,"href":"https:\/\/www.denkulturelleskolesekken.no\/innlandet\/wp-json\/wp\/v2\/pages\/1649\/revisions\/1708"}],"wp:featuredmedia":[{"embeddable":true,"href":"https:\/\/www.denkulturelleskolesekken.no\/innlandet\/wp-json\/wp\/v2\/media\/1517"}],"wp:attachment":[{"href":"https:\/\/www.denkulturelleskolesekken.no\/innlandet\/wp-json\/wp\/v2\/media?parent=1649"}],"curies":[{"name":"wp","href":"https:\/\/api.w.org\/{rel}","templated":true}]}}