{"id":125,"date":"2019-12-10T12:22:29","date_gmt":"2019-12-10T12:22:29","guid":{"rendered":"https:\/\/viken.kulturtanken.app\/?page_id=125"},"modified":"2022-08-08T10:53:51","modified_gmt":"2022-08-08T10:53:51","slug":"er-du-laerer","status":"publish","type":"page","link":"https:\/\/www.denkulturelleskolesekken.no\/innlandet\/er-du-laerer\/","title":{"rendered":"L\u00e6rere"},"content":{"rendered":"\n<p><strong>Som l\u00e6rer har du en n\u00f8kkelrolle for at DKS-bes\u00f8ket p\u00e5 skolen skal bli s\u00e5 bra som mulig. Din tilstedev\u00e6relse og ditt engasjement er kjempeviktig for at elevene skal f\u00e5 mest mulig ut av m\u00f8tet med ut\u00f8verne. Gjennom \u00e5 informere og forberede elevene p\u00e5 hvem og hva som kommer, legges det til rette for gode kunst- og kulturopplevelser.&nbsp;<\/strong><\/p>\n\n\n\n<p><strong>Forberedelser<\/strong>&nbsp;<\/p>\n\n\n\n<p>Forbered klassen p\u00e5 hvem og hva som kommer. Dere finner nyttig informasjon om DKS-bes\u00f8ket p\u00e5 www.denkulturelleskolesekken.no\/innlandet.&nbsp;<\/p>\n\n\n\n<p>Hvis tid og l\u00e6replaner tillater det, knytt DKS-bes\u00f8ket opp til undervisningen.&nbsp;<\/p>\n\n\n\n<p><strong>Under bes\u00f8ket<\/strong>&nbsp;<\/p>\n\n\n\n<p>L\u00e6reren f\u00f8lger elevene til arrangementet og deltar sammen med dem. Entusiasme smitter.&nbsp;<\/p>\n\n\n\n<p><strong>Etter bes\u00f8ket<\/strong>&nbsp;<\/p>\n\n\n\n<p>Vi oppfordrer alle til \u00e5 snakke med elevene om DKS-bes\u00f8ket i etterkant. Det kan f\u00f8re til spennende refleksjoner og innfallsvinkler. Mange av produksjonene kommer ogs\u00e5 med forslag til oppf\u00f8lging i ettertid. Her kan det v\u00e6re inspirasjon og gode id\u00e9er \u00e5 hente.&nbsp;&nbsp;<\/p>\n\n\n\n<p><strong>Sp\u00f8rsm\u00e5l?<\/strong>&nbsp;<\/p>\n\n\n\n<p>Har du sp\u00f8rsm\u00e5l om en produksjon som skal komme til din klasse? Ta kontakt med den som st\u00e5r som kontaktperson for denne produksjonen p\u00e5 nettsiden v\u00e5r. Vi blir glade for alle henvendelser.&nbsp;&nbsp;<\/p>\n\n\n\n<p><strong>Ressursside for l\u00e6rere<\/strong>&nbsp;<\/p>\n\n\n\n<p>Kulturtanken har en egen <a href=\"https:\/\/www.kulturtanken.no\/sammen\/#skolen\" target=\"_blank\" rel=\"noreferrer noopener\">ressursside for l\u00e6rere<\/a>. Her f\u00e5r du informasjon om ordningen, eksempler p\u00e5 veiledningsmateriell og inspirasjon.&nbsp;<\/p>\n\n\n\n<p>Og her kan du lese enda mer om <a href=\"https:\/\/www.denkulturelleskolesekken.no\/dks-i-skolen\/\" target=\"_blank\" rel=\"noreferrer noopener\">DKS i skolen<\/a>, blant annet om samspill med l\u00e6rerplanen.&nbsp;<\/p>\n","protected":false},"excerpt":{"rendered":"<p>Som l\u00e6rer har du en n\u00f8kkelrolle for at DKS-bes\u00f8ket p\u00e5 skolen skal bli s\u00e5 bra som mulig. Din tilstedev\u00e6relse og ditt engasjement er kjempeviktig for at elevene skal f\u00e5 mest mulig ut av m\u00f8tet med ut\u00f8verne. Gjennom \u00e5 informere og forberede elevene p\u00e5 hvem og hva som kommer, legges det til rette for gode kunst- [&hellip;]<\/p>\n","protected":false},"author":4,"featured_media":1672,"parent":0,"menu_order":0,"comment_status":"closed","ping_status":"closed","template":"","meta":{"footnotes":""},"class_list":["post-125","page","type-page","status-publish","has-post-thumbnail","hentry"],"_links":{"self":[{"href":"https:\/\/www.denkulturelleskolesekken.no\/innlandet\/wp-json\/wp\/v2\/pages\/125","targetHints":{"allow":["GET"]}}],"collection":[{"href":"https:\/\/www.denkulturelleskolesekken.no\/innlandet\/wp-json\/wp\/v2\/pages"}],"about":[{"href":"https:\/\/www.denkulturelleskolesekken.no\/innlandet\/wp-json\/wp\/v2\/types\/page"}],"author":[{"embeddable":true,"href":"https:\/\/www.denkulturelleskolesekken.no\/innlandet\/wp-json\/wp\/v2\/users\/4"}],"replies":[{"embeddable":true,"href":"https:\/\/www.denkulturelleskolesekken.no\/innlandet\/wp-json\/wp\/v2\/comments?post=125"}],"version-history":[{"count":23,"href":"https:\/\/www.denkulturelleskolesekken.no\/innlandet\/wp-json\/wp\/v2\/pages\/125\/revisions"}],"predecessor-version":[{"id":1644,"href":"https:\/\/www.denkulturelleskolesekken.no\/innlandet\/wp-json\/wp\/v2\/pages\/125\/revisions\/1644"}],"wp:featuredmedia":[{"embeddable":true,"href":"https:\/\/www.denkulturelleskolesekken.no\/innlandet\/wp-json\/wp\/v2\/media\/1672"}],"wp:attachment":[{"href":"https:\/\/www.denkulturelleskolesekken.no\/innlandet\/wp-json\/wp\/v2\/media?parent=125"}],"curies":[{"name":"wp","href":"https:\/\/api.w.org\/{rel}","templated":true}]}}

Lærere

<p><strong>Som lærer har du en nøkkelrolle for at DKS-besøket på skolen skal bli så bra som mulig. Din tilstedeværelse og ditt engasjement er kjempeviktig for at elevene skal få mest mulig ut av møtet med utøverne. Gjennom å informere og forberede elevene på hvem og hva som kommer, legges det til rette for gode kunst- og kulturopplevelser.&nbsp;</strong></p>



<p><strong>Forberedelser</strong>&nbsp;</p>



<p>Forbered klassen på hvem og hva som kommer. Dere finner nyttig informasjon om DKS-besøket på www.denkulturelleskolesekken.no/innlandet.&nbsp;</p>



<p>Hvis tid og læreplaner tillater det, knytt DKS-besøket opp til undervisningen.&nbsp;</p>



<p><strong>Under besøket</strong>&nbsp;</p>



<p>Læreren følger elevene til arrangementet og deltar sammen med dem. Entusiasme smitter.&nbsp;</p>



<p><strong>Etter besøket</strong>&nbsp;</p>



<p>Vi oppfordrer alle til å snakke med elevene om DKS-besøket i etterkant. Det kan føre til spennende refleksjoner og innfallsvinkler. Mange av produksjonene kommer også med forslag til oppfølging i ettertid. Her kan det være inspirasjon og gode idéer å hente.&nbsp;&nbsp;</p>



<p><strong>Spørsmål?</strong>&nbsp;</p>



<p>Har du spørsmål om en produksjon som skal komme til din klasse? Ta kontakt med den som står som kontaktperson for denne produksjonen på nettsiden vår. Vi blir glade for alle henvendelser.&nbsp;&nbsp;</p>



<p><strong>Ressursside for lærere</strong>&nbsp;</p>



<p>Kulturtanken har en egen <a href="https://www.kulturtanken.no/sammen/#skolen" target="_blank" rel="noreferrer noopener">ressursside for lærere</a>. Her får du informasjon om ordningen, eksempler på veiledningsmateriell og inspirasjon.&nbsp;</p>



<p>Og her kan du lese enda mer om <a href="https://www.denkulturelleskolesekken.no/dks-i-skolen/" target="_blank" rel="noreferrer noopener">DKS i skolen</a>, blant annet om samspill med lærerplanen.&nbsp;</p>

<p>Som lærer har du en nøkkelrolle for at DKS-besøket på skolen skal bli så bra som mulig. Din tilstedeværelse og ditt engasjement er kjempeviktig for at elevene skal få mest mulig ut av møtet med utøverne. Gjennom å informere og forberede elevene på hvem og hva som kommer, legges det til rette for gode kunst- [&hellip;]</p>
