{"id":33,"date":"2019-10-31T13:55:54","date_gmt":"2019-10-31T13:55:54","guid":{"rendered":"https:\/\/viken.kulturtanken.app\/?page_id=33"},"modified":"2025-05-15T10:13:41","modified_gmt":"2025-05-15T10:13:41","slug":"hva-er-dks","status":"publish","type":"page","link":"https:\/\/www.denkulturelleskolesekken.no\/finnmark\/hva-er-dks\/","title":{"rendered":"Hva er Den kulturelle skolesekken?"},"content":{"rendered":"<p><strong>Den kulturelle skolesekken<\/strong> (DKS) er en nasjonal ordning som s\u00f8rger for at alle skoleelever i Norge f\u00e5r oppleve profesjonell kunst og kultur i skolen. Gjennom ordningen f\u00e5r elevene mulighet til \u00e5 oppleve, gj\u00f8re seg kjent med og utvikle forst\u00e5else for ulike kunst- og kulturuttrykk. Kulturtilbudet skal v\u00e6re av h\u00f8y kvalitet, og vise hele bredden av de seks kulturuttrykkene: film, kulturarv, litteratur, musikk, scenekunst og visuell kunst. Nasjonale m\u00e5l for Den kulturelle skolesekken sier at DKS skal:<\/p>\n<ul>\n<li>v\u00e6re et gratis tilbud for alle barn og unge i grunnskolen og videreg\u00e5ende skole og skal tilbys jevnlig<\/li>\n<li>sikre at barn og unge f\u00e5r et likeverdig kunst- og kulturtilbud av h\u00f8y kvalitet, uavhengig av hvor de bor, slik at de kan gj\u00f8re seg kjent med og utvikle forst\u00e5else for ei variert spekter av kulturuttrykk<\/li>\n<li>bidra til barns og unges danning og utdanning, slik dette er formulert i overordna del og l\u00e6replaner i fag<\/li>\n<li>formidle et kulturtilbud som blir opplevd som relevant, og som representerer et kulturelt mangfold av tilbud og ut\u00f8vere<\/li>\n<li>v\u00e6re et samarbeid mellom kultursektoren og utdanningssektoren p\u00e5 alle niv\u00e5 for \u00e5 sikre god planlegging, forankring og tilrettelegging<\/li>\n<li>bidra til \u00e5 styrke norsk spr\u00e5k, de samiske spr\u00e5kene, de nasjonale minoritetsspr\u00e5kene og norsk tegnspr\u00e5k som grunnleggende kulturb\u00e6rere<\/li>\n<li>bidra til \u00e5 formidle kunst- og kulturtilbud til barnehagebarn*<\/li>\n<\/ul>\n<p>Les mer i<em> Meld. St. 18 (2021-2021)<\/em><strong><em>, <a href=\"https:\/\/www.regjeringen.no\/no\/dokumenter\/meld.-st.-18-20202021\/id2839455\/?q=den%20kulturelle%20skolesekken&amp;ch=4#kap12\" target=\"_blank\" rel=\"noopener\">Oppleve, skape, dele \u2014 Kunst og kultur for, med og av barn og unge<\/a><\/em><\/strong><\/p>\n<p>DKS-ordningen er 3-delt:<\/p>\n<p><strong>DKS NASJONALT <\/strong><br \/><a href=\"http:\/\/www.kulturtanken.no\/\" target=\"_blank\" rel=\"noopener noreferrer\">Kulturtanken<\/a>\u00a0fikk i 2016 det nasjonale ansvaret for ordningen.<\/p>\n<p><strong>DKS i FYLKET<br \/><\/strong>Finnmark fylkeskommune er ansvarlige for regionalt programarbeid og koordinering av DKS i fylket. Arbeidet organiseres gjennom Scene Nord &#8211; DKS Finnmark. Fylkets programtilbud skole\u00e5ret 2025-2026 best\u00e5r av:<br \/><strong>Fasttilbud<\/strong> GRUNNSKOLE: Musikk til 1.-4.kl., litteratur, film og visuell kunst til 5.-7.kl. og scenekunst til 8.-10.kl.<br \/><strong>Fasttilbud<\/strong> VIDEREG\u00c5ENDE: Musikk til Vg1, scenekunst til Vg2 og visuell kunst til Vg3<br \/><strong>\u00d8nsketilbud <\/strong>GRUNNSKOLE og VIDEREG\u00c5ENDE: et allsidig \u00f8nsketilbud, sammensatt av produksjoner innen alle seks kunstuttrykk.<\/p>\n<p style=\"text-align: left;\"><strong>DKS i KOMMUNEN<br \/><\/strong>Kommunene tildeles ogs\u00e5 hvert skole\u00e5r midler til \u00e5 lage et kommunalt DKS-tilbud for grunnskolene. Det kan best\u00e5 av egne produksjoner og\/eller produksjoner fra \u00f8nsketilbudet.<\/p>\n<p><em>* DKS Finnmark f\u00e5r ikke tildelt midler til barnehage, og har dermed ikke tilbud til denne m\u00e5lgruppa.<\/em><\/p>\n\n\n<p><\/p>\n","protected":false},"excerpt":{"rendered":"<p>Den kulturelle skolesekken (DKS) er en nasjonal ordning som s\u00f8rger for at alle skoleelever i Norge f\u00e5r oppleve profesjonell kunst og kultur i skolen. Gjennom ordningen f\u00e5r elevene mulighet til \u00e5 oppleve, gj\u00f8re seg kjent med og utvikle forst\u00e5else for ulike kunst- og kulturuttrykk. Kulturtilbudet skal v\u00e6re av h\u00f8y kvalitet, og vise hele bredden av [&hellip;]<\/p>\n","protected":false},"author":14,"featured_media":0,"parent":0,"menu_order":0,"comment_status":"closed","ping_status":"closed","template":"","meta":{"footnotes":""},"class_list":["post-33","page","type-page","status-publish","hentry"],"_links":{"self":[{"href":"https:\/\/www.denkulturelleskolesekken.no\/finnmark\/wp-json\/wp\/v2\/pages\/33","targetHints":{"allow":["GET"]}}],"collection":[{"href":"https:\/\/www.denkulturelleskolesekken.no\/finnmark\/wp-json\/wp\/v2\/pages"}],"about":[{"href":"https:\/\/www.denkulturelleskolesekken.no\/finnmark\/wp-json\/wp\/v2\/types\/page"}],"author":[{"embeddable":true,"href":"https:\/\/www.denkulturelleskolesekken.no\/finnmark\/wp-json\/wp\/v2\/users\/14"}],"replies":[{"embeddable":true,"href":"https:\/\/www.denkulturelleskolesekken.no\/finnmark\/wp-json\/wp\/v2\/comments?post=33"}],"version-history":[{"count":32,"href":"https:\/\/www.denkulturelleskolesekken.no\/finnmark\/wp-json\/wp\/v2\/pages\/33\/revisions"}],"predecessor-version":[{"id":2476,"href":"https:\/\/www.denkulturelleskolesekken.no\/finnmark\/wp-json\/wp\/v2\/pages\/33\/revisions\/2476"}],"wp:attachment":[{"href":"https:\/\/www.denkulturelleskolesekken.no\/finnmark\/wp-json\/wp\/v2\/media?parent=33"}],"curies":[{"name":"wp","href":"https:\/\/api.w.org\/{rel}","templated":true}]}}