{"id":881,"date":"2020-02-07T09:40:34","date_gmt":"2020-02-07T09:40:34","guid":{"rendered":"https:\/\/www.denkulturelleskolesekken.no\/viken\/?page_id=881"},"modified":"2024-07-04T08:20:29","modified_gmt":"2024-07-04T08:20:29","slug":"er-du-kommunekontakt","status":"publish","type":"page","link":"https:\/\/www.denkulturelleskolesekken.no\/buskerud\/er-du-kommunekontakt\/","title":{"rendered":"Kommunekontakt"},"content":{"rendered":"\n<p>Kommunekontakten er DKS Buskerud n\u00e6rmeste samarbeidspartner i arbeidet med Den kulturelle skolesekken. Kommunekontakten er et viktig ledd for videreformidling av informasjon mellom DKS Buskerud og skolene og et meget sentralt ledd i arbeidet med DKS lokalt.<\/p>\n\n\n\n<h2 class=\"has-black-color has-text-color wp-block-heading\">Viktig bindeledd<\/h2>\n\n\n\n<p>Den kulturelle skolesekken er et samarbeid mellom kultur- og\nskoleavdelingene i kommunen. For \u00e5 sikre medvirkning fra skole &#8211; b\u00e5de elever,\nl\u00e6rere, skoleledelse og foresatte, er det kommunekontaktens ansvar \u00e5 etablerere\ngode nettverk, m\u00f8teplasser og rutiner. Kommunekontakten er ansvarlig for \u00e5\nadministrere, formidle, utvikle og kvalitetssikre DKS-programmet i egen\nkommune, den lokale kulturelle skolesekken. Eksempler p\u00e5 medvirkning kan v\u00e6re:\nStyringsgruppe med representanter fra kultur- og skolesektor, regelmessige\nkulturkontaktm\u00f8ter, programr\u00e5d, etablere og utvikle elevarrang\u00f8rordning,\nrutiner for evaluering av produksjoner. Hvordan dette organiseres, er opp til\nden enkelte kommune.<\/p>\n\n\n\n<p>Kommunekontakten m\u00e5 ha avsatt tilstrekkelig ressurs til \u00e5 ivareta kommunens ansvar og forpliktelser i forhold til avtalen med DKS Buskerud. Tilgang til regnskapssystemer som gj\u00f8r det mulig \u00e5 f\u00f8lge opp \u00f8konomien, forenkler arbeidet til kommunekontakten. Kommunekontakten b\u00f8r inneha kulturkompetanse og kjenne godt til statlige og fylkeskommunale f\u00f8ringer for arbeidet. Det er viktig at kommunekontakten er ute p\u00e5 skolene og f\u00f8lger opp DKS-produksjoner i egen kommune.<\/p>\n\n\n\n<div style=\"height:30px\" aria-hidden=\"true\" class=\"wp-block-spacer\"><\/div>\n\n\n<div id=\"pl-gb881-69f8ae308f7d1\"  class=\"panel-layout\" ><div id=\"pg-gb881-69f8ae308f7d1-0\"  class=\"panel-grid panel-no-style\" ><div id=\"pgc-gb881-69f8ae308f7d1-0-0\"  class=\"panel-grid-cell\" ><div id=\"panel-gb881-69f8ae308f7d1-0-0-0\" class=\"so-panel widget widget_sow-accordion panel-first-child panel-last-child\" data-index=\"0\" ><div\n\t\t\t\n\t\t\tclass=\"so-widget-sow-accordion so-widget-sow-accordion-default-235fbfdfdc77-881\"\n\t\t\t\n\t\t><div>\n\t<div class=\"sow-accordion\">\n\t\t\t<div class=\"sow-accordion-panel\n\t\t\t\t\"\n\t\t\tdata-anchor-id=\"kommunekontaktens-viktigste-oppgaver\">\n\t\t\t\t<div class=\"sow-accordion-panel-header-container\" role=\"heading\" aria-level=\"2\">\n\t\t\t\t\t<div class=\"sow-accordion-panel-header\" tabindex=\"0\" role=\"button\" id=\"accordion-label-kommunekontaktens-viktigste-oppgaver\" aria-controls=\"accordion-content-kommunekontaktens-viktigste-oppgaver\" aria-expanded=\"false\">\n\t\t\t\t\t\t<div class=\"sow-accordion-title sow-accordion-title-icon-left\">\n\t\t\t\t\t\t\t\t\t\t\t\t\t\tKommunekontaktens viktigste oppgaver\t\t\t\t\t\t\t\t\t\t\t\t\t<\/div>\n\t\t\t\t\t\t<div class=\"sow-accordion-open-close-button\">\n\t\t\t\t\t\t\t<div class=\"sow-accordion-open-button\">\n\t\t\t\t\t\t\t\t<span class=\"sow-icon-ionicons\" data-sow-icon=\"&#xf218;\"\n\t\t \n\t\taria-hidden=\"true\"><\/span>\t\t\t\t\t\t\t<\/div>\n\t\t\t\t\t\t\t<div class=\"sow-accordion-close-button\">\n\t\t\t\t\t\t\t\t<span class=\"sow-icon-ionicons\" data-sow-icon=\"&#xf209;\"\n\t\t \n\t\taria-hidden=\"true\"><\/span>\t\t\t\t\t\t\t<\/div>\n\t\t\t\t\t\t<\/div>\n\t\t\t\t\t<\/div>\n\t\t\t\t<\/div>\n\n\t\t\t<div\n\t\t\t\tclass=\"sow-accordion-panel-content\"\n\t\t\t\trole=\"region\"\n\t\t\t\taria-labelledby=\"accordion-label-kommunekontaktens-viktigste-oppgaver\"\n\t\t\t\tid=\"accordion-content-kommunekontaktens-viktigste-oppgaver\"\n\t\t\t\tstyle=\"display: none;\"\t\t\t>\n\t\t\t\t<div class=\"sow-accordion-panel-border\">\n\t\t\t\t\t<ul>\n<li>Sikre at DKS er godt forankret i politisk og administrativ ledelse i kommunen.<\/li>\n<li>Arbeide for gode nettverk og m\u00f8teplasser i egen kommune b\u00e5de for kunstnere, skoleadministrasjonen, kulturkontakter og l\u00e6rere.<\/li>\n<li>Samarbeide aktivt med DKS Buskerud og delta p\u00e5 to nettverksm\u00f8ter \u00e5rlig.<\/li>\n<li>Planlegge og gjennomf\u00f8re den lokale kulturelle skolesekken i kommunen.<\/li>\n<li>Skrive plan for DKS i kommunen. Planen er normalt 1, 2 eller 3-\u00e5rig.<\/li>\n<li>\u00c5rlig rapportering til DKS Buskerud om gjennomf\u00f8rte DKS-arrangement og \u00f8konomi.<\/li>\n<li>Koordinere tilbakemeldinger \/ endrings\u00f8nsker p\u00e5 turn\u00e9planer etter DKS Buskerud programslipp hvert \u00e5r.<\/li>\n<li>Informere DKS Buskerud ved eventuelle strukturendringer i skoleverket. For eksempel ved restaurering eller bygging av nye skoler.<\/li>\n<li>Legge til rette for at alle skolene i kommunen har elevarrang\u00f8rer.<\/li>\n<li>Kjenne godt til kunstnere og produsenter lokalt og regionalt som kan v\u00e6re relevante for DKS.<\/li>\n<li>Sikre at et mangfold av institusjoner og milj\u00f8er innen kunstfeltet f\u00e5r anledning til \u00e5 produsere og turnere for DKS.<\/li>\n<li>Arrangere egne produksjoner og produksjoner i samarbeid med fylkeskommunen.<\/li>\n<li>Gjennomf\u00f8re og utvikle evalueringsrutiner av produksjoner.<\/li>\n<li>P\u00e5se at det velges en kulturkontakt p\u00e5 hver skole og at kulturkontaktordningen fungerer tilfredsstillende.<\/li>\n<li>Gjennomf\u00f8re nettverksm\u00f8ter med kulturkontaktene minst to ganger i l\u00f8pet av \u00e5ret.<\/li>\n<li>Jobbe for \u00e5 etablere gode arbeidsavtaler, kompensasjonsordninger og kompetansetiltak for kulturkontaktene.<\/li>\n<\/ul>\n\t\t\t\t<\/div>\n\t\t\t<\/div>\n\t\t<\/div>\n\t\t<\/div>\n<\/div>\n<\/div><\/div><\/div><\/div><\/div>\n\n\n<p><\/p>\n\n\n\n<h2 class=\"has-black-color has-text-color wp-block-heading\">DKS i skolen<\/h2>\n\n\n\n<p>P\u00e5 den nasjonale nettsiden til Den kulturelle skolesekken kan dere lese mer om DKS i skolen, og de ulike ansvarsrollene og oppgaver knyttet til samarbeidet mellom DKS &#8211; skole &#8211; kommune: <a rel=\"noreferrer noopener\" href=\"https:\/\/www.denkulturelleskolesekken.no\/dks-i-skolen\/\" target=\"_blank\">DKS i skolen<\/a><\/p>\n","protected":false},"excerpt":{"rendered":"<p>Kommunekontakten er DKS Buskerud n\u00e6rmeste samarbeidspartner i arbeidet med Den kulturelle skolesekken. Kommunekontakten er et viktig ledd for videreformidling av informasjon mellom DKS Buskerud og skolene og et meget sentralt ledd i arbeidet med DKS lokalt. Viktig bindeledd Den kulturelle skolesekken er et samarbeid mellom kultur- og skoleavdelingene i kommunen. For \u00e5 sikre medvirkning fra [&hellip;]<\/p>\n","protected":false},"author":15,"featured_media":3865,"parent":0,"menu_order":0,"comment_status":"closed","ping_status":"closed","template":"","meta":{"footnotes":""},"class_list":["post-881","page","type-page","status-publish","has-post-thumbnail","hentry"],"_links":{"self":[{"href":"https:\/\/www.denkulturelleskolesekken.no\/buskerud\/wp-json\/wp\/v2\/pages\/881","targetHints":{"allow":["GET"]}}],"collection":[{"href":"https:\/\/www.denkulturelleskolesekken.no\/buskerud\/wp-json\/wp\/v2\/pages"}],"about":[{"href":"https:\/\/www.denkulturelleskolesekken.no\/buskerud\/wp-json\/wp\/v2\/types\/page"}],"author":[{"embeddable":true,"href":"https:\/\/www.denkulturelleskolesekken.no\/buskerud\/wp-json\/wp\/v2\/users\/15"}],"replies":[{"embeddable":true,"href":"https:\/\/www.denkulturelleskolesekken.no\/buskerud\/wp-json\/wp\/v2\/comments?post=881"}],"version-history":[{"count":71,"href":"https:\/\/www.denkulturelleskolesekken.no\/buskerud\/wp-json\/wp\/v2\/pages\/881\/revisions"}],"predecessor-version":[{"id":7533,"href":"https:\/\/www.denkulturelleskolesekken.no\/buskerud\/wp-json\/wp\/v2\/pages\/881\/revisions\/7533"}],"wp:featuredmedia":[{"embeddable":true,"href":"https:\/\/www.denkulturelleskolesekken.no\/buskerud\/wp-json\/wp\/v2\/media\/3865"}],"wp:attachment":[{"href":"https:\/\/www.denkulturelleskolesekken.no\/buskerud\/wp-json\/wp\/v2\/media?parent=881"}],"curies":[{"name":"wp","href":"https:\/\/api.w.org\/{rel}","templated":true}]}}