{"id":6142,"date":"2023-02-17T13:08:32","date_gmt":"2023-02-17T13:08:32","guid":{"rendered":"https:\/\/www.denkulturelleskolesekken.no\/viken\/?page_id=6142"},"modified":"2023-12-20T14:21:56","modified_gmt":"2023-12-20T14:21:56","slug":"skolen-som-kulturarrangor","status":"publish","type":"page","link":"https:\/\/www.denkulturelleskolesekken.no\/buskerud\/skolen-som-kulturarrangor\/","title":{"rendered":"Skolen som kulturarrang\u00f8r"},"content":{"rendered":"\n<p>Skolene i Buskerud f\u00e5r en rekke kulturopplevelser i l\u00f8pet av et skole\u00e5r. Profesjonelle artister kommer p\u00e5 skolebes\u00f8k for \u00e5 gi elevene en god kulturopplevelse.<br><br>DKS er alt fra store fellesopplevelser av konserter og teater i gymsalen, til mer intime klasseromsopplevelser av litteratur og visuell kunst. I tillegg kommer opplevelser der elevene reiser ut p\u00e5 museum- eller kinobes\u00f8k. Uansett hva det er, kreves det forberedelser av skolen for at disse opplevelsene skal bli fine for alle.<\/p>\n\n\n\n<h2 class=\"wp-block-heading\">Rektor &#8211; kulturkontakt &#8211; kulturvert &#8211; l\u00e6rer<\/h2>\n\n\n\n<p>Vi i DKS Buskerud er ansvarlige for at tilbudet som gis skolene er av h\u00f8y kunstnerisk kvalitet. Ut\u00f8verne p\u00e5 turn\u00e9 har ansvar for \u00e5 ta kontakt med skolene i forkant av bes\u00f8ket. Skolen er ansvarlige for mottakelse og gjennomf\u00f8ring av DKS-bes\u00f8ket. <\/p>\n\n\n\n<p>Det er rektor som har det overordnede ansvaret for DKS p\u00e5 sin skole. Mange velger \u00e5 delegere arbeidet videre til en kulturkontakt. God kommunikasjon mellom kulturkontakt og skolens ledelse er vesentlig for at arrangementene skal bli vellykket.<\/p>\n\n\n\n<p>Sett gjerne av tid p\u00e5 personalm\u00f8ter og fellesm\u00f8te i starten av skole\u00e5ret og presenter DKS-programmet som kommer til skolen. <a href=\"https:\/\/www.denkulturelleskolesekken.no\/viken\/er-du-kulturkontakt\/\">Se \u00e5rshjulet under &#8220;Kulturkontaktens oppgaver&#8221; for mer informasjon om datoer. <\/a><\/p>\n\n\n\n<p>Det er viktig at skolen og rektor bidrar til at kulturkontkaten f\u00e5r tid til \u00e5: <\/p>\n\n\n\n<ul class=\"wp-block-list\"><li>informere l\u00e6rere n\u00e5r \u00e5rsplanen legges.<\/li><li>Bruke informasjon og videohilsen som ligger p\u00e5 programsiden til <a href=\"https:\/\/www.denkulturelleskolesekken.no\/viken\/utforsk-produksjoner-i-dks\/#\/eyJ2aWV3IjoibGlzdCIsInNvcnQiOiIiLCJhY2FkZW1pY1llYXJJZCI6IiIsInNraXAiOjAsImxpbWl0IjoxNSwiaXRlbXNQZXJQYWdlIjoxNSwiaGFzTW9yZSI6bnVsbCwiZXhwaXJ5IjoxNjYyMTIxNjk4Nzk2LCJvcGVuQWxsRXZlbnRzIjpmYWxzZSwiYnJhbmNoT2ZmaWNlSWRzIjpbXSwicmV2aXNpb24iOm51bGwsIm9wZW4iOnRydWV9\">Den kulturelle skolesekken<\/a>. <\/li><li>Gjennomf\u00f8re arrangementene p\u00e5 en god m\u00e5te.<\/li><li>Informere l\u00e6rere p\u00e5 l\u00e6rerm\u00f8ter gjennom \u00e5ret.<\/li><li>Prioritere nettverkssamlinger og relevante faglige digitale m\u00f8ter.<\/li><\/ul>\n\n\n\n<p>Kulturkontakten er ogs\u00e5 ansvarlig for \u00e5 organisere og f\u00f8lge opp kulturverter. Kulturverter er elever som har vikitge arrang\u00f8roppgaver n\u00e5r skolen f\u00e5r DKS-bes\u00f8k. <\/p>\n\n\n\n<p>L\u00e6rerene er viktige rollemodeller for elevene i m\u00f8te med kunst og kultur. L\u00e6reren kan forberede eleven p\u00e5 DKS-bes\u00f8ket. <\/p>\n\n\n\n<p>Les mer om de ulike oppgavene som er knyttet til rollene som <a href=\"https:\/\/www.denkulturelleskolesekken.no\/viken\/er-du-kulturkontakt\/\">kulturkontakt<\/a>, <a href=\"https:\/\/www.denkulturelleskolesekken.no\/viken\/er-du-laerer\/\">l\u00e6rer<\/a> og <a href=\"https:\/\/www.denkulturelleskolesekken.no\/viken\/kulturvert\/\">kultuvert:<\/a><\/p>\n\n\n\n<div style=\"height:10px\" aria-hidden=\"true\" class=\"wp-block-spacer\"><\/div>\n","protected":false},"excerpt":{"rendered":"<p>Skolene i Buskerud f\u00e5r en rekke kulturopplevelser i l\u00f8pet av et skole\u00e5r. Profesjonelle artister kommer p\u00e5 skolebes\u00f8k for \u00e5 gi elevene en god kulturopplevelse. DKS er alt fra store fellesopplevelser av konserter og teater i gymsalen, til mer intime klasseromsopplevelser av litteratur og visuell kunst. I tillegg kommer opplevelser der elevene reiser ut p\u00e5 museum- [&hellip;]<\/p>\n","protected":false},"author":10,"featured_media":6306,"parent":0,"menu_order":0,"comment_status":"closed","ping_status":"closed","template":"","meta":{"footnotes":""},"class_list":["post-6142","page","type-page","status-publish","has-post-thumbnail","hentry"],"_links":{"self":[{"href":"https:\/\/www.denkulturelleskolesekken.no\/buskerud\/wp-json\/wp\/v2\/pages\/6142","targetHints":{"allow":["GET"]}}],"collection":[{"href":"https:\/\/www.denkulturelleskolesekken.no\/buskerud\/wp-json\/wp\/v2\/pages"}],"about":[{"href":"https:\/\/www.denkulturelleskolesekken.no\/buskerud\/wp-json\/wp\/v2\/types\/page"}],"author":[{"embeddable":true,"href":"https:\/\/www.denkulturelleskolesekken.no\/buskerud\/wp-json\/wp\/v2\/users\/10"}],"replies":[{"embeddable":true,"href":"https:\/\/www.denkulturelleskolesekken.no\/buskerud\/wp-json\/wp\/v2\/comments?post=6142"}],"version-history":[{"count":93,"href":"https:\/\/www.denkulturelleskolesekken.no\/buskerud\/wp-json\/wp\/v2\/pages\/6142\/revisions"}],"predecessor-version":[{"id":7398,"href":"https:\/\/www.denkulturelleskolesekken.no\/buskerud\/wp-json\/wp\/v2\/pages\/6142\/revisions\/7398"}],"wp:featuredmedia":[{"embeddable":true,"href":"https:\/\/www.denkulturelleskolesekken.no\/buskerud\/wp-json\/wp\/v2\/media\/6306"}],"wp:attachment":[{"href":"https:\/\/www.denkulturelleskolesekken.no\/buskerud\/wp-json\/wp\/v2\/media?parent=6142"}],"curies":[{"name":"wp","href":"https:\/\/api.w.org\/{rel}","templated":true}]}}