{"id":1301,"date":"2020-04-24T13:26:41","date_gmt":"2020-04-24T13:26:41","guid":{"rendered":"https:\/\/www.denkulturelleskolesekken.no\/viken\/?page_id=1301"},"modified":"2026-04-14T12:22:45","modified_gmt":"2026-04-14T12:22:45","slug":"tilrettelagt","status":"publish","type":"page","link":"https:\/\/www.denkulturelleskolesekken.no\/buskerud\/tilrettelagt\/","title":{"rendered":"Tilrettelagt"},"content":{"rendered":"\n<p><strong>Hva er program for Tilrettelagt?&nbsp;<\/strong><\/p>\n\n\n\n<p>Den kulturelle skolesekken Buskerud har et eget program for elever med funksjonsvariasjoner.&nbsp;&nbsp;<\/p>\n\n\n\n<p>Vi er s\u00e6rlig opptatt av fysisk tilgjengelighet, tilpasset lys \u2013og lydniv\u00e5, samt st\u00f8rrelse p\u00e5 elevgruppen. Sanselighet, non-verbal kommunikasjon og improvisasjon\u202fpreger produksjonene vi tilbyr.&nbsp;<\/p>\n\n\n\n<p>Programmet har en fleksibel innretning. Skolebes\u00f8kene tilpasses elevenes ulike kognitive niv\u00e5 og behov. M\u00e5let v\u00e5rt er \u00e5 sikre alle elever gode kunstopplevelser p\u00e5 sine egne premisser.&nbsp;<\/p>\n\n\n\n<p>Programmet er lagt sammen med et fagr\u00e5d best\u00e5ende av ressurspersoner som har kjennskap til m\u00e5lgruppen.&nbsp;&nbsp;<\/p>\n\n\n\n<p>Vi tilbyr tre produksjoner for skole\u00e5ret 26\/27. Skolen kan komme med \u00f8nske om hvilken produksjon som passer til sin gruppe.&nbsp;&nbsp;<\/p>\n\n\n\n<div style=\"height:12px\" aria-hidden=\"true\" class=\"wp-block-spacer\"><\/div>\n\n\n\n<h2 class=\"wp-block-heading\">Program for skole\u00e5ret 2026\/27<\/h2>\n\n\n\n<p><strong>Bestillingsfrist 30. april<\/strong><\/p>\n\n\n\n<div style=\"height:14px\" aria-hidden=\"true\" class=\"wp-block-spacer\"><\/div>\n\n\n\n<div class=\"wp-block-group\"><div class=\"wp-block-group__inner-container is-layout-flow wp-block-group-is-layout-flow\"><div id=\"pl-gb1301-69f8a8ba17b75\"  class=\"panel-layout wp-block-siteorigin-panels-layout-block\" ><div id=\"pg-gb1301-69f8a8ba17b75-0\"  class=\"panel-grid panel-has-style\" ><div class=\"panel-row-style panel-row-style-for-gb1301-69f8a8ba17b75-0\" ><div id=\"pgc-gb1301-69f8a8ba17b75-0-0\"  class=\"panel-grid-cell\" ><div id=\"panel-gb1301-69f8a8ba17b75-0-0-0\" class=\"so-panel widget widget_media_image panel-first-child\" data-index=\"0\" ><a href=\"https:\/\/www.denkulturelleskolesekken.no\/buskerud\/utforsk-produksjoner-i-dks\/?produksjon=23920\"><img loading=\"lazy\" decoding=\"async\" width=\"300\" height=\"300\" src=\"https:\/\/cdn.denkulturelleskolesekken.no\/buskerud\/4689b6f4-uten-tittel-18-e1776150717715-300x300.png\" class=\"image wp-image-7915  attachment-medium size-medium wp-stateless-item\" alt=\"\" style=\"max-width: 100%; height: auto;\" srcset=\"https:\/\/cdn.denkulturelleskolesekken.no\/buskerud\/4689b6f4-uten-tittel-18-e1776150717715-300x300.png 300w, https:\/\/cdn.denkulturelleskolesekken.no\/buskerud\/4689b6f4-uten-tittel-18-e1776150717715-150x150.png 150w\" sizes=\"auto, (max-width: 300px) 100vw, 300px\" data-image-size=\"medium\" data-stateless-media-bucket=\"kulturtanken-wordpress-cdn\" data-stateless-media-name=\"buskerud\/4689b6f4-uten-tittel-18-e1776150805451.png\" \/><\/a><\/div><div id=\"panel-gb1301-69f8a8ba17b75-0-0-1\" class=\"so-panel widget widget_sow-editor panel-last-child\" data-index=\"1\" ><div class=\"panel-widget-style panel-widget-style-for-gb1301-69f8a8ba17b75-0-0-1\" ><div\n\t\t\t\n\t\t\tclass=\"so-widget-sow-editor so-widget-sow-editor-base\"\n\t\t\t\n\t\t>\n<div class=\"siteorigin-widget-tinymce textwidget\">\n\t<h3>Fargeville<\/h3>\n<\/div>\n<\/div><\/div><\/div><\/div><div id=\"pgc-gb1301-69f8a8ba17b75-0-1\"  class=\"panel-grid-cell\" ><div id=\"panel-gb1301-69f8a8ba17b75-0-1-0\" class=\"so-panel widget widget_media_image panel-first-child\" data-index=\"2\" ><a href=\"https:\/\/www.denkulturelleskolesekken.no\/buskerud\/utforsk-produksjoner-i-dks\/?produksjon=23400\"><img loading=\"lazy\" decoding=\"async\" width=\"300\" height=\"300\" src=\"https:\/\/cdn.denkulturelleskolesekken.no\/buskerud\/3a9cbadb-klovner-300x300.png\" class=\"image wp-image-7697  attachment-medium size-medium wp-stateless-item\" alt=\"\" style=\"max-width: 100%; height: auto;\" srcset=\"https:\/\/cdn.denkulturelleskolesekken.no\/buskerud\/3a9cbadb-klovner-300x300.png 300w, https:\/\/cdn.denkulturelleskolesekken.no\/buskerud\/3a9cbadb-klovner-150x150.png 150w, https:\/\/cdn.denkulturelleskolesekken.no\/buskerud\/3a9cbadb-klovner-768x767.png 768w, https:\/\/cdn.denkulturelleskolesekken.no\/buskerud\/3a9cbadb-klovner.png 902w\" sizes=\"auto, (max-width: 300px) 100vw, 300px\" data-image-size=\"medium\" data-stateless-media-bucket=\"kulturtanken-wordpress-cdn\" data-stateless-media-name=\"buskerud\/3a9cbadb-klovner.png\" \/><\/a><\/div><div id=\"panel-gb1301-69f8a8ba17b75-0-1-1\" class=\"so-panel widget widget_sow-editor panel-last-child\" data-index=\"3\" ><div class=\"panel-widget-style panel-widget-style-for-gb1301-69f8a8ba17b75-0-1-1\" ><div\n\t\t\t\n\t\t\tclass=\"so-widget-sow-editor so-widget-sow-editor-base\"\n\t\t\t\n\t\t>\n<div class=\"siteorigin-widget-tinymce textwidget\">\n\t<h3 class=\"p1\">Klovner og kr\u00f8ll<\/h3>\n<\/div>\n<\/div><\/div><\/div><\/div><div id=\"pgc-gb1301-69f8a8ba17b75-0-2\"  class=\"panel-grid-cell\" ><div id=\"panel-gb1301-69f8a8ba17b75-0-2-0\" class=\"so-panel widget widget_media_image panel-first-child\" data-index=\"4\" ><a href=\"https:\/\/www.denkulturelleskolesekken.no\/buskerud\/utforsk-produksjoner-i-dks\/?produksjon=23399\"><img loading=\"lazy\" decoding=\"async\" width=\"300\" height=\"300\" src=\"https:\/\/cdn.denkulturelleskolesekken.no\/buskerud\/42ce5337-uten-tittel-19-300x300.png\" class=\"image wp-image-7925  attachment-medium size-medium wp-stateless-item\" alt=\"\" style=\"max-width: 100%; height: auto;\" srcset=\"https:\/\/cdn.denkulturelleskolesekken.no\/buskerud\/42ce5337-uten-tittel-19-300x300.png 300w, https:\/\/cdn.denkulturelleskolesekken.no\/buskerud\/42ce5337-uten-tittel-19-1024x1024.png 1024w, https:\/\/cdn.denkulturelleskolesekken.no\/buskerud\/42ce5337-uten-tittel-19-150x150.png 150w, https:\/\/cdn.denkulturelleskolesekken.no\/buskerud\/42ce5337-uten-tittel-19-768x768.png 768w, https:\/\/cdn.denkulturelleskolesekken.no\/buskerud\/42ce5337-uten-tittel-19.png 1200w\" sizes=\"auto, (max-width: 300px) 100vw, 300px\" data-image-size=\"medium\" data-stateless-media-bucket=\"kulturtanken-wordpress-cdn\" data-stateless-media-name=\"buskerud\/42ce5337-uten-tittel-19.png\" \/><\/a><\/div><div id=\"panel-gb1301-69f8a8ba17b75-0-2-1\" class=\"so-panel widget widget_sow-editor panel-last-child\" data-index=\"5\" ><div class=\"panel-widget-style panel-widget-style-for-gb1301-69f8a8ba17b75-0-2-1\" ><div\n\t\t\t\n\t\t\tclass=\"so-widget-sow-editor so-widget-sow-editor-base\"\n\t\t\t\n\t\t>\n<div class=\"siteorigin-widget-tinymce textwidget\">\n\t<h3>Georg er borte<\/h3>\n<p>&nbsp;<\/p>\n<\/div>\n<\/div><\/div><\/div><\/div><\/div><\/div><\/div><\/div><\/div>\n\n\n\n<h2 class=\"wp-block-heading\">Slik bestiller du:<\/h2>\n\n\n\n<ul class=\"wp-block-list\">\n<li>Du m\u00e5 ha eller opprette en bruker i Portalen (Se mail)<\/li>\n\n\n\n<li>Du kan ogs\u00e5 be Kulturkontakt p\u00e5 skolen om \u00e5 bestille for deg<\/li>\n\n\n\n<li>G\u00e5 til portalen for DKS (Bl\u00e5 knapp under)<\/li>\n\n\n\n<li>Logg deg inn med bank-id<\/li>\n\n\n\n<li>G\u00e5 til din profil (ikon til h\u00f8yre p\u00e5 menyen)<\/li>\n\n\n\n<li>\u00c5pne skoleportal<\/li>\n\n\n\n<li>G\u00e5 til p\u00e5meldinger (hamburger-ikon til venstre p\u00e5 menyen)<\/li>\n\n\n\n<li>Velg produksjoner (velg gjerne flere alternativ)<\/li>\n\n\n\n<li>Velg klasser (Velg 1. trinn og tilrettelagt-klasse)<\/li>\n\n\n\n<li>Hvis tilrettelagt-klasse ikke er opprettet, kan du bruke en annen klasse for \u00e5 f\u00e5 bestilt<\/li>\n\n\n\n<li>Skriv inn kommentarer og spesifikke \u00f8nsker (f.eks om prioritert rekkef\u00f8lge)<\/li>\n\n\n\n<li>Avslutt med \u00abmeld interesse\u00bb<\/li>\n<\/ul>\n\n\n\n<div class=\"wp-block-buttons is-layout-flex wp-block-buttons-is-layout-flex\">\n<div class=\"wp-block-button\"><a class=\"wp-block-button__link has-vivid-cyan-blue-background-color has-background wp-element-button\" href=\"https:\/\/portal.denkulturelleskolesekken.no\/\" target=\"_blank\" rel=\"noreferrer noopener\">Logg inn i DKS-Portalen her<\/a><\/div>\n<\/div>\n\n\n\n<hr class=\"wp-block-separator has-alpha-channel-opacity\"\/>\n\n\n\n<p>For alle sp\u00f8rsm\u00e5l for Tilrettelagt, ta kontakt med:<\/p>\n\n\n\n<p><strong>Fagansvarlig Tilrettelagt<br><\/strong>Aimi Wallumr\u00f8d, 92 20 70 28,&nbsp;<a href=\"mailto:aimiw@bfk.no\">aimiw@bfk.no<\/a><\/p>\n\n\n\n<p><\/p>\n\n\n\n<div style=\"height:60px\" aria-hidden=\"true\" class=\"wp-block-spacer\"><\/div>\n","protected":false},"excerpt":{"rendered":"<p>Hva er program for Tilrettelagt?&nbsp; Den kulturelle skolesekken Buskerud har et eget program for elever med funksjonsvariasjoner.&nbsp;&nbsp; Vi er s\u00e6rlig opptatt av fysisk tilgjengelighet, tilpasset lys \u2013og lydniv\u00e5, samt st\u00f8rrelse p\u00e5 elevgruppen. Sanselighet, non-verbal kommunikasjon og improvisasjon\u202fpreger produksjonene vi tilbyr.&nbsp; Programmet har en fleksibel innretning. Skolebes\u00f8kene tilpasses elevenes ulike kognitive niv\u00e5 og behov. M\u00e5let v\u00e5rt [&hellip;]<\/p>\n","protected":false},"author":16,"featured_media":7706,"parent":0,"menu_order":0,"comment_status":"closed","ping_status":"closed","template":"","meta":{"footnotes":""},"class_list":["post-1301","page","type-page","status-publish","has-post-thumbnail","hentry"],"_links":{"self":[{"href":"https:\/\/www.denkulturelleskolesekken.no\/buskerud\/wp-json\/wp\/v2\/pages\/1301","targetHints":{"allow":["GET"]}}],"collection":[{"href":"https:\/\/www.denkulturelleskolesekken.no\/buskerud\/wp-json\/wp\/v2\/pages"}],"about":[{"href":"https:\/\/www.denkulturelleskolesekken.no\/buskerud\/wp-json\/wp\/v2\/types\/page"}],"author":[{"embeddable":true,"href":"https:\/\/www.denkulturelleskolesekken.no\/buskerud\/wp-json\/wp\/v2\/users\/16"}],"replies":[{"embeddable":true,"href":"https:\/\/www.denkulturelleskolesekken.no\/buskerud\/wp-json\/wp\/v2\/comments?post=1301"}],"version-history":[{"count":249,"href":"https:\/\/www.denkulturelleskolesekken.no\/buskerud\/wp-json\/wp\/v2\/pages\/1301\/revisions"}],"predecessor-version":[{"id":7960,"href":"https:\/\/www.denkulturelleskolesekken.no\/buskerud\/wp-json\/wp\/v2\/pages\/1301\/revisions\/7960"}],"wp:featuredmedia":[{"embeddable":true,"href":"https:\/\/www.denkulturelleskolesekken.no\/buskerud\/wp-json\/wp\/v2\/media\/7706"}],"wp:attachment":[{"href":"https:\/\/www.denkulturelleskolesekken.no\/buskerud\/wp-json\/wp\/v2\/media?parent=1301"}],"curies":[{"name":"wp","href":"https:\/\/api.w.org\/{rel}","templated":true}]}}