{"id":116,"date":"2019-12-10T12:08:47","date_gmt":"2019-12-10T12:08:47","guid":{"rendered":"https:\/\/viken.kulturtanken.app\/?page_id=116"},"modified":"2024-07-04T08:17:06","modified_gmt":"2024-07-04T08:17:06","slug":"program","status":"publish","type":"page","link":"https:\/\/www.denkulturelleskolesekken.no\/buskerud\/program\/","title":{"rendered":"Om programmet"},"content":{"rendered":"\n<p>Gjennom\u00a0<a href=\"https:\/\/www.denkulturelleskolesekken.no\/buskerud\/utforsk-produksjoner-i-dks\/\">DKS Buskerud sitt program<\/a>\u00a0leverer vi kunst \u2013 og kulturopplevelser til alle skoleelever i Buskerud, grunnskole og videreg\u00e5ende skole. Det skal v\u00e6re et variert program som skal dekke kunstsjangrene musikk, film, visuell kunst, litteratur, kulturarv og scenekunst. Det er viktig for oss at tilbudet har en profesjonell kvalitet, og at elevene skal f\u00e5 et likeverdig tilbud uavhengig hvor i Buskerud fylke elevene bor og g\u00e5r p\u00e5 skole.<\/p>\n\n\n\n<p>Vi har ogs\u00e5 et eget program tilpasset elever i&nbsp;<a href=\"https:\/\/www.denkulturelleskolesekken.no\/viken\/tilrettelagt\/\">tilrettelagt oppl\u00e6ring<\/a>&nbsp;for at elever med ulike funksjonsforutsetninger skal f\u00e5 gode kunst- og kulturopplevelser. Vi levere ogs\u00e5 et tilbud til mennesker under opphold p\u00e5 rusinstitusjoner, i fengsler, dagsenter og ettervern gjennom ordningen&nbsp;<a rel=\"noreferrer noopener\" href=\"https:\/\/www.denkulturelleskolesekken.no\/viken\/kulturdrapen\/\" target=\"_blank\">Kulturdr\u00e5pen<\/a>.&nbsp;<\/p>\n\n\n\n<p>Det er avgj\u00f8rende for oss \u00e5 finne&nbsp;formidlere&nbsp;og ut\u00f8vere som&nbsp;har en genuin interesse av&nbsp;\u00e5 jobbe med&nbsp;og for&nbsp;barn og unge.&nbsp;Det er ogs\u00e5 viktig for oss&nbsp;\u00e5 ta barn og ungdom p\u00e5 alvor ved \u00e5 gi de&nbsp;kunst- og kulturtilbud av&nbsp;h\u00f8y kvalitet.<\/p>\n\n\n\n<p>Ingen annen publikumsgruppe er s\u00e5 \u00e6rlige som\u202felever\u202fi DKS. De kan v\u00e6re n\u00e5del\u00f8se om ikke kunsten gir mening. Innimellom oppst\u00e5r likevel magien, og varer kanskje noen minutter. Men hvilke minutter! P\u00e5 sitt beste kan en kunstopplevelse <em>gj\u00f8re livet verdt \u00e5 leve<\/em>, slik en elev slo fast etter en teaterforestilling i gymsalen.\u00a0<\/p>\n","protected":false},"excerpt":{"rendered":"<p>Gjennom\u00a0DKS Buskerud sitt program\u00a0leverer vi kunst \u2013 og kulturopplevelser til alle skoleelever i Buskerud, grunnskole og videreg\u00e5ende skole. Det skal v\u00e6re et variert program som skal dekke kunstsjangrene musikk, film, visuell kunst, litteratur, kulturarv og scenekunst. Det er viktig for oss at tilbudet har en profesjonell kvalitet, og at elevene skal f\u00e5 et likeverdig tilbud [&hellip;]<\/p>\n","protected":false},"author":15,"featured_media":4288,"parent":0,"menu_order":0,"comment_status":"closed","ping_status":"closed","template":"","meta":{"footnotes":""},"class_list":["post-116","page","type-page","status-publish","has-post-thumbnail","hentry"],"_links":{"self":[{"href":"https:\/\/www.denkulturelleskolesekken.no\/buskerud\/wp-json\/wp\/v2\/pages\/116","targetHints":{"allow":["GET"]}}],"collection":[{"href":"https:\/\/www.denkulturelleskolesekken.no\/buskerud\/wp-json\/wp\/v2\/pages"}],"about":[{"href":"https:\/\/www.denkulturelleskolesekken.no\/buskerud\/wp-json\/wp\/v2\/types\/page"}],"author":[{"embeddable":true,"href":"https:\/\/www.denkulturelleskolesekken.no\/buskerud\/wp-json\/wp\/v2\/users\/15"}],"replies":[{"embeddable":true,"href":"https:\/\/www.denkulturelleskolesekken.no\/buskerud\/wp-json\/wp\/v2\/comments?post=116"}],"version-history":[{"count":41,"href":"https:\/\/www.denkulturelleskolesekken.no\/buskerud\/wp-json\/wp\/v2\/pages\/116\/revisions"}],"predecessor-version":[{"id":7531,"href":"https:\/\/www.denkulturelleskolesekken.no\/buskerud\/wp-json\/wp\/v2\/pages\/116\/revisions\/7531"}],"wp:featuredmedia":[{"embeddable":true,"href":"https:\/\/www.denkulturelleskolesekken.no\/buskerud\/wp-json\/wp\/v2\/media\/4288"}],"wp:attachment":[{"href":"https:\/\/www.denkulturelleskolesekken.no\/buskerud\/wp-json\/wp\/v2\/media?parent=116"}],"curies":[{"name":"wp","href":"https:\/\/api.w.org\/{rel}","templated":true}]}}