{"id":125,"date":"2019-12-10T12:22:29","date_gmt":"2019-12-10T12:22:29","guid":{"rendered":"https:\/\/viken.kulturtanken.app\/?page_id=125"},"modified":"2022-01-28T09:59:31","modified_gmt":"2022-01-28T09:59:31","slug":"er-du-laerer","status":"publish","type":"page","link":"https:\/\/www.denkulturelleskolesekken.no\/alta\/er-du-laerer\/","title":{"rendered":"Er du l\u00e6rer?"},"content":{"rendered":"\n<p>Du som l\u00e6rer er veldig viktig for at elevene skal f\u00e5 mest mulig ut av \u00e5 delta p\u00e5 arrangementer i regi av Den kulturelle skolesekken.<\/p>\n\n\n\n<p>Gj\u00f8r deg kjent med tilbudene som din klasse f\u00e5r i l\u00f8pet av skole\u00e5ret. Noen av oppleggene vil ha et for &#8211; og  etterarbeid. Andre har det ikke. Her er det viktig at du vet hva som kommer, og om det eventuelt skal gj\u00f8res noe i forkant av opplegget.<br>Du m\u00e5 ogs\u00e5 informere elevene om hvem og hva som kommer, og passe p\u00e5 at alt ligger til rette for et fint bes\u00f8k. B\u00e5de for dere og ut\u00f8verne.<\/p>\n\n\n\n<p>Mange av DKS &#8211; oppleggene gir ogs\u00e5 en unik mulighet til \u00e5 knytte fag direkte opp mot tilbudet. Hvis man tidlig p\u00e5 \u00e5ret er forberedt p\u00e5 hva som kommer, s\u00e5 g\u00e5r det an \u00e5 legge planer for \u00e5 f\u00e5 det skolefaglige og DKS til \u00e5 m\u00f8tes.<\/p>\n\n\n\n<p>Lykke til!<\/p>\n","protected":false},"excerpt":{"rendered":"<p>Du som l\u00e6rer er veldig viktig for at elevene skal f\u00e5 mest mulig ut av \u00e5 delta p\u00e5 arrangementer i regi av Den kulturelle skolesekken. Gj\u00f8r deg kjent med tilbudene som din klasse f\u00e5r i l\u00f8pet av skole\u00e5ret. Noen av oppleggene vil ha et for &#8211; og etterarbeid. Andre har det ikke. Her er det [&hellip;]<\/p>\n","protected":false},"author":4,"featured_media":0,"parent":0,"menu_order":0,"comment_status":"closed","ping_status":"closed","template":"","meta":{"footnotes":""},"class_list":["post-125","page","type-page","status-publish","hentry"],"_links":{"self":[{"href":"https:\/\/www.denkulturelleskolesekken.no\/alta\/wp-json\/wp\/v2\/pages\/125","targetHints":{"allow":["GET"]}}],"collection":[{"href":"https:\/\/www.denkulturelleskolesekken.no\/alta\/wp-json\/wp\/v2\/pages"}],"about":[{"href":"https:\/\/www.denkulturelleskolesekken.no\/alta\/wp-json\/wp\/v2\/types\/page"}],"author":[{"embeddable":true,"href":"https:\/\/www.denkulturelleskolesekken.no\/alta\/wp-json\/wp\/v2\/users\/4"}],"replies":[{"embeddable":true,"href":"https:\/\/www.denkulturelleskolesekken.no\/alta\/wp-json\/wp\/v2\/comments?post=125"}],"version-history":[{"count":23,"href":"https:\/\/www.denkulturelleskolesekken.no\/alta\/wp-json\/wp\/v2\/pages\/125\/revisions"}],"predecessor-version":[{"id":927,"href":"https:\/\/www.denkulturelleskolesekken.no\/alta\/wp-json\/wp\/v2\/pages\/125\/revisions\/927"}],"wp:attachment":[{"href":"https:\/\/www.denkulturelleskolesekken.no\/alta\/wp-json\/wp\/v2\/media?parent=125"}],"curies":[{"name":"wp","href":"https:\/\/api.w.org\/{rel}","templated":true}]}}